{"id":1060,"date":"2020-02-03T14:42:51","date_gmt":"2020-02-03T13:42:51","guid":{"rendered":"https:\/\/creena.educacion.navarra.es\/web\/erasmus\/cose-e-cosa-significa-un-progetto-erasmus-ka201\/"},"modified":"2020-02-10T10:27:05","modified_gmt":"2020-02-10T09:27:05","slug":"cose-e-cosa-significa-un-progetto-erasmus-ka201","status":"publish","type":"page","link":"https:\/\/creena.educacion.navarra.es\/web\/erasmus\/it\/cose-e-cosa-significa-un-progetto-erasmus-ka201\/","title":{"rendered":"Cos\u2019\u00e8 e cosa significa un progetto Erasmus+ KA201?"},"content":{"rendered":"\n<div class=\"wp-block-media-text is-vertically-aligned-center\" style=\"grid-template-columns:39% auto\"><figure class=\"wp-block-media-text__media\"><img src=\"https:\/\/creena.educacion.navarra.es\/web\/erasmus\/wp-content\/uploads\/sites\/7\/2019\/10\/Replatear_educacion-1.jpg\" alt=\"\" class=\"wp-image-520\" \/><\/figure><div class=\"wp-block-media-text__content\">\n<p><strong>I progetti Erasmus + promuovono associazioni di lavoro tra team di differenti paesi.<\/strong><\/p>\n\n\n\n<p>CREENA, (centro di supporto per i bisogni educativi specifici della Navarra), il Negoziato dell\u2019Inclusione e del Dipartimento di Educazione della Navarra, l\u2019Istitituto Comprensivo 1 di Modena e l\u2019Istituto Comprensivo di Vilela, in Portogallo, collaboreranno alla realizzazione di un progetto di azione chiave 2 di Innovazione educativa che comporta la creazione di una guida per docenti, e di un corso aperto on line,<\/p>\n<\/div><\/div>\n\n\n\n<p>Entrambi i prodotti serviranno ad aiutare gli insegnanti ad iniziare a sviluppare trasformazioni globali nei propri centri educativi o scuole. Trasformazioni che mirano verso una corretta inclusione scolastica e perseguono un\u2019attenzione verso la diversit\u00e0 di tutti gli alunni.<\/p>\n\n\n\n<p>E\u2019 la prima volta che viene concesso un progetto di questo tipo che riguarda l\u2019educazione scolastica in Navarra.<\/p>\n\n\n\n<h3>Perch\u00e8 facciamo questo progetto?<\/h3>\n\n\n\n<p>Le 4 squadre di soci hanno iniziato un percorso che si concluder\u00e0 nel mese di settembre 2021, che ci porter\u00e0 nel corso di anni scolastici a conoscere differenti esperienze educative nazionali e internazionali, diversi ambienti e paesi, nuove persone con cui siamo unite il desiderio di un\u2019educazione inclusiva, progetti innovativi e molte altre cose che di sicuro scopriremon in seguito.\r\n\r\nQuesto progetto ci trasporter\u00e0 da un contesto quotidiano verso un\u2019esperienza lavorativa e vitale che culminer\u00e0,speriamo,in una trasformazione globale delle nostre scuole, verso ambienti di apprendimento inclusivi nel senso pi\u00f9 ampio del termine.<\/p>\n\n\n\n<p>Cominciamo questo progetto perch\u00e8 intendiamo l\u2019inclusione come la somma di tre requisiti che devono darsi i centri, che si definiscono \u201ccentri educativi inclusivi\u201d.<\/p>\n\n\n\n<figure class=\"wp-block-gallery aligncenter columns-3\"><ul class=\"blocks-gallery-grid\"><li class=\"blocks-gallery-item\"><figure><img loading=\"lazy\" width=\"189\" height=\"265\" src=\"https:\/\/creena.educacion.navarra.es\/web\/erasmus\/wp-content\/uploads\/sites\/7\/2020\/02\/presencia_txt_ital.jpg\" alt=\"\" data-id=\"1419\" data-full-url=\"https:\/\/creena.educacion.navarra.es\/web\/erasmus\/wp-content\/uploads\/sites\/7\/2020\/02\/presencia_txt_ital.jpg\" data-link=\"https:\/\/creena.educacion.navarra.es\/web\/erasmus\/it\/presencia_txt_ital\/\" class=\"wp-image-1419\" \/><\/figure><\/li><li class=\"blocks-gallery-item\"><figure><img loading=\"lazy\" width=\"189\" height=\"265\" src=\"https:\/\/creena.educacion.navarra.es\/web\/erasmus\/wp-content\/uploads\/sites\/7\/2020\/02\/participacion_txt_ital.jpg\" alt=\"\" data-id=\"1409\" data-full-url=\"https:\/\/creena.educacion.navarra.es\/web\/erasmus\/wp-content\/uploads\/sites\/7\/2020\/02\/participacion_txt_ital.jpg\" data-link=\"https:\/\/creena.educacion.navarra.es\/web\/erasmus\/it\/participacion_txt_ital\/\" class=\"wp-image-1409\" \/><\/figure><\/li><li class=\"blocks-gallery-item\"><figure><img loading=\"lazy\" width=\"189\" height=\"265\" src=\"https:\/\/creena.educacion.navarra.es\/web\/erasmus\/wp-content\/uploads\/sites\/7\/2020\/02\/aprendizaje_txt_ital.jpg\" alt=\"\" data-id=\"1399\" data-full-url=\"https:\/\/creena.educacion.navarra.es\/web\/erasmus\/wp-content\/uploads\/sites\/7\/2020\/02\/aprendizaje_txt_ital.jpg\" data-link=\"https:\/\/creena.educacion.navarra.es\/web\/erasmus\/it\/aprendizaje_txt_ital\/\" class=\"wp-image-1399\" \/><\/figure><\/li><\/ul><\/figure>\n\n\n\n<p><b>1. PRESENZA: <\/b>Se qualcuno non \u00e8 in classe, si perde l\u2019interazione e le situazioni che ci sono nel gruppo.<\/p>\n\n\n\n<p><strong>2. PARTICIPAZIONE:<\/strong>Participazione e dialogo ugualitario + Proposte a cui possano participare tutti gli alunni secondo le loro capacit\u00e0 e abilit\u00e0.<\/p>\n\n\n\n<p>E in un senso pi\u00f9 ampio, i centri che promuovano la partecipazione familiare e dell\u2019ambiente circostante.<\/p>\n\n\n\n<p><strong>3. APPRENDIMENTO:<\/strong>Possibilit\u00e0 di raggiungere gli stessi risultati, (non significa realizzare le stesse azioni ). Un passo avanti per offrire le stesse opportunit\u00e0, poich\u00e8 le persone presentano differenti differenti necessit\u00e0 a seconda della situazione di vita e personale.<\/p>\n\n\n\n<p>La nostra meta \u00e8 una trasformazione educativa, nei collegi e negli istituti che mettono in atto i camabiamenti, strutturali ed organizzativi (spazi, orari, materiali, ecc.), per\u00f2 sopratutto, come condizione indispensabile, un cambio di punto di vista, che si manifesta nel passare da un\u2019ossesione per i contenuti delle discipline, al mettere al centro dell\u2019apprendimento le persone.<\/p>\n\n\n\n<h3>Finalit\u00e0 dell\u2019Educazione.Ambienti di apprendimento e societ\u00e0.<\/h3>\n\n\n\n<p>Le finalit\u00e0 dell\u2019educazione sono e devono essere di riuscire a con seguire che tutti i bambini che sono nella scuola dell\u2019obbligo, ottengano in cambio dei benefici che gli consentano di integrarsi pienamente nella societ\u00e0, con la cacpacit\u00e0 di partecipare attivamente, di prenedere decisioni liberamente,e di non essere manipolati.<\/p>\n\n\n\n<p>Gli apprendimenti si possono verificare in ambienti riconosciuti oppure no, c\u2019\u00e8 apprendimento sia all\u2019esterno che dentro le scuole o gli istituti.Tuttavia l\u2019educazione viene progettata. E\u2019 un riflesso della societ\u00e0 e di conseguenza \u00e8 guidata da questo modello sociale e culturale, in questo modo verr\u00e0 organizzata l\u2019azione educativa.<\/p>\n\n\n\n<p>I team dei soci partners di progetto vivono in paesi in cui vige una democrazia. Se una societ\u00e0 si definisce democratica deve garantire che le decisioni si possano prendere in libert\u00e0, poich\u00e8 se non si ha la conoscenza di alcuni temi, e oltretutto non si sa distinguere tra il vero e il falso, le decisioni che si prendono non saranno libere e, di conseguenza,la societ\u00e0 non sara\u00e0 democratica. In questo progetto sar\u00e0 di fondamentale importanza stimolare nelle scuole il dialogo paritario. Sar\u00e0 dato ascolto ad ogni voce, saranno analizzate e considerateper elaborare i prodotti intellettuali.<\/p>\n\n\n\n<p>Ci anima l\u2019eguaglianza sociale e le persone che compongono i team sono convinte che con questo progetto, apporteremo \u201cil nostro granello di sabbia\u201d per provare a conseguire i nostri ideali. Perci\u00f2 le quattro squdre di soci iniziano questo progettocon la speranza, la convinzione e basandosi sulle ricerche e sulla raccomandazioni internazionali di organismi quali l\u2019 UNESCO, l\u2019 ONU e la OCDE.<\/p>\n\n\n\n<figure class=\"wp-block-gallery aligncenter columns-3 is-cropped\"><ul class=\"blocks-gallery-grid\"><li class=\"blocks-gallery-item\"><figure><img src=\"https:\/\/creena.educacion.navarra.es\/web\/erasmus\/wp-content\/uploads\/sites\/7\/2019\/10\/index.jpg\" alt=\"\" data-id=\"530\" data-full-url=\"https:\/\/creena.educacion.navarra.es\/web\/erasmus\/wp-content\/uploads\/sites\/7\/2019\/10\/index.jpg\" data-link=\"https:\/\/creena.educacion.navarra.es\/web\/erasmus\/494__trashed\/index\/\" class=\"wp-image-530\" \/><figcaption class=\"blocks-gallery-item__caption\">Index_for_inclusi\u00f3n<\/figcaption><\/figure><\/li><li class=\"blocks-gallery-item\"><figure><img src=\"https:\/\/creena.educacion.navarra.es\/web\/erasmus\/wp-content\/uploads\/sites\/7\/2019\/10\/nayu_aprndiz.jpg\" alt=\"\" data-id=\"525\" data-full-url=\"https:\/\/creena.educacion.navarra.es\/web\/erasmus\/wp-content\/uploads\/sites\/7\/2019\/10\/nayu_aprndiz.jpg\" data-link=\"https:\/\/creena.educacion.navarra.es\/web\/erasmus\/494__trashed\/nayu_aprndiz\/\" class=\"wp-image-525\" \/><\/figure><\/li><li class=\"blocks-gallery-item\"><figure><img src=\"https:\/\/creena.educacion.navarra.es\/web\/erasmus\/wp-content\/uploads\/sites\/7\/2019\/10\/Replatear_educacion-1.jpg\" alt=\"\" data-id=\"520\" data-full-url=\"https:\/\/creena.educacion.navarra.es\/web\/erasmus\/wp-content\/uploads\/sites\/7\/2019\/10\/Replatear_educacion-1.jpg\" data-link=\"https:\/\/creena.educacion.navarra.es\/web\/erasmus\/494__trashed\/replatear_educacion-1\/\" class=\"wp-image-520\" \/><\/figure><\/li><\/ul><\/figure>\n","protected":false},"excerpt":{"rendered":"<p>I progetti Erasmus + promuovono associazioni di lavoro tra team di differenti paesi. CREENA, (centro di supporto per i bisogni educativi specifici della Navarra), il Negoziato dell\u2019Inclusione e del Dipartimento di Educazione della Navarra, l\u2019Istitituto Comprensivo 1 di Modena e l\u2019Istituto Comprensivo di Vilela, in Portogallo, collaboreranno alla realizzazione di un progetto di azione chiave [&hellip;]<\/p>\n","protected":false},"author":4,"featured_media":0,"parent":0,"menu_order":0,"comment_status":"closed","ping_status":"closed","template":"","meta":{"_genesis_hide_title":false,"_genesis_hide_breadcrumbs":false,"_genesis_hide_singular_image":false,"_genesis_hide_footer_widgets":false,"_genesis_custom_body_class":"","_genesis_custom_post_class":"","_genesis_layout":""},"_links":{"self":[{"href":"https:\/\/creena.educacion.navarra.es\/web\/erasmus\/it\/wp-json\/wp\/v2\/pages\/1060"}],"collection":[{"href":"https:\/\/creena.educacion.navarra.es\/web\/erasmus\/it\/wp-json\/wp\/v2\/pages"}],"about":[{"href":"https:\/\/creena.educacion.navarra.es\/web\/erasmus\/it\/wp-json\/wp\/v2\/types\/page"}],"author":[{"embeddable":true,"href":"https:\/\/creena.educacion.navarra.es\/web\/erasmus\/it\/wp-json\/wp\/v2\/users\/4"}],"replies":[{"embeddable":true,"href":"https:\/\/creena.educacion.navarra.es\/web\/erasmus\/it\/wp-json\/wp\/v2\/comments?post=1060"}],"version-history":[{"count":6,"href":"https:\/\/creena.educacion.navarra.es\/web\/erasmus\/it\/wp-json\/wp\/v2\/pages\/1060\/revisions"}],"predecessor-version":[{"id":1518,"href":"https:\/\/creena.educacion.navarra.es\/web\/erasmus\/it\/wp-json\/wp\/v2\/pages\/1060\/revisions\/1518"}],"wp:attachment":[{"href":"https:\/\/creena.educacion.navarra.es\/web\/erasmus\/it\/wp-json\/wp\/v2\/media?parent=1060"}],"curies":[{"name":"wp","href":"https:\/\/api.w.org\/{rel}","templated":true}]}}

Cos’è e cosa significa un progetto Erasmus+ KA201?

<div class="wp-block-media-text is-vertically-aligned-center" style="grid-template-columns:39% auto"><figure class="wp-block-media-text__media"><img src="https://creena.educacion.navarra.es/web/erasmus/wp-content/uploads/sites/7/2019/10/Replatear_educacion-1.jpg" alt="" class="wp-image-520" /></figure><div class="wp-block-media-text__content">
<p><strong>I progetti Erasmus + promuovono associazioni di lavoro tra team di differenti paesi.</strong></p>



<p>CREENA, (centro di supporto per i bisogni educativi specifici della Navarra), il Negoziato dell’Inclusione e del Dipartimento di Educazione della Navarra, l’Istitituto Comprensivo 1 di Modena e l’Istituto Comprensivo di Vilela, in Portogallo, collaboreranno alla realizzazione di un progetto di azione chiave 2 di Innovazione educativa che comporta la creazione di una guida per docenti, e di un corso aperto on line,</p>
</div></div>



<p>Entrambi i prodotti serviranno ad aiutare gli insegnanti ad iniziare a sviluppare trasformazioni globali nei propri centri educativi o scuole. Trasformazioni che mirano verso una corretta inclusione scolastica e perseguono un’attenzione verso la diversità di tutti gli alunni.</p>



<p>E’ la prima volta che viene concesso un progetto di questo tipo che riguarda l’educazione scolastica in Navarra.</p>



<h3>Perchè facciamo questo progetto?</h3>



<p>Le 4 squadre di soci hanno iniziato un percorso che si concluderà nel mese di settembre 2021, che ci porterà nel corso di anni scolastici a conoscere differenti esperienze educative nazionali e internazionali, diversi ambienti e paesi, nuove persone con cui siamo unite il desiderio di un’educazione inclusiva, progetti innovativi e molte altre cose che di sicuro scopriremon in seguito.

Questo progetto ci trasporterà da un contesto quotidiano verso un’esperienza lavorativa e vitale che culminerà,speriamo,in una trasformazione globale delle nostre scuole, verso ambienti di apprendimento inclusivi nel senso più ampio del termine.</p>



<p>Cominciamo questo progetto perchè intendiamo l’inclusione come la somma di tre requisiti che devono darsi i centri, che si definiscono “centri educativi inclusivi”.</p>



<figure class="wp-block-gallery aligncenter columns-3"><ul class="blocks-gallery-grid"><li class="blocks-gallery-item"><figure><img loading="lazy" width="189" height="265" src="https://creena.educacion.navarra.es/web/erasmus/wp-content/uploads/sites/7/2020/02/presencia_txt_ital.jpg" alt="" data-id="1419" data-full-url="https://creena.educacion.navarra.es/web/erasmus/wp-content/uploads/sites/7/2020/02/presencia_txt_ital.jpg" data-link="https://creena.educacion.navarra.es/web/erasmus/it/presencia_txt_ital/" class="wp-image-1419" /></figure></li><li class="blocks-gallery-item"><figure><img loading="lazy" width="189" height="265" src="https://creena.educacion.navarra.es/web/erasmus/wp-content/uploads/sites/7/2020/02/participacion_txt_ital.jpg" alt="" data-id="1409" data-full-url="https://creena.educacion.navarra.es/web/erasmus/wp-content/uploads/sites/7/2020/02/participacion_txt_ital.jpg" data-link="https://creena.educacion.navarra.es/web/erasmus/it/participacion_txt_ital/" class="wp-image-1409" /></figure></li><li class="blocks-gallery-item"><figure><img loading="lazy" width="189" height="265" src="https://creena.educacion.navarra.es/web/erasmus/wp-content/uploads/sites/7/2020/02/aprendizaje_txt_ital.jpg" alt="" data-id="1399" data-full-url="https://creena.educacion.navarra.es/web/erasmus/wp-content/uploads/sites/7/2020/02/aprendizaje_txt_ital.jpg" data-link="https://creena.educacion.navarra.es/web/erasmus/it/aprendizaje_txt_ital/" class="wp-image-1399" /></figure></li></ul></figure>



<p><b>1. PRESENZA: </b>Se qualcuno non è in classe, si perde l’interazione e le situazioni che ci sono nel gruppo.</p>



<p><strong>2. PARTICIPAZIONE:</strong>Participazione e dialogo ugualitario + Proposte a cui possano participare tutti gli alunni secondo le loro capacità e abilità.</p>



<p>E in un senso più ampio, i centri che promuovano la partecipazione familiare e dell’ambiente circostante.</p>



<p><strong>3. APPRENDIMENTO:</strong>Possibilità di raggiungere gli stessi risultati, (non significa realizzare le stesse azioni ). Un passo avanti per offrire le stesse opportunità, poichè le persone presentano differenti differenti necessità a seconda della situazione di vita e personale.</p>



<p>La nostra meta è una trasformazione educativa, nei collegi e negli istituti che mettono in atto i camabiamenti, strutturali ed organizzativi (spazi, orari, materiali, ecc.), però sopratutto, come condizione indispensabile, un cambio di punto di vista, che si manifesta nel passare da un’ossesione per i contenuti delle discipline, al mettere al centro dell’apprendimento le persone.</p>



<h3>Finalità dell’Educazione.Ambienti di apprendimento e società.</h3>



<p>Le finalità dell’educazione sono e devono essere di riuscire a con seguire che tutti i bambini che sono nella scuola dell’obbligo, ottengano in cambio dei benefici che gli consentano di integrarsi pienamente nella società, con la cacpacità di partecipare attivamente, di prenedere decisioni liberamente,e di non essere manipolati.</p>



<p>Gli apprendimenti si possono verificare in ambienti riconosciuti oppure no, c’è apprendimento sia all’esterno che dentro le scuole o gli istituti.Tuttavia l’educazione viene progettata. E’ un riflesso della società e di conseguenza è guidata da questo modello sociale e culturale, in questo modo verrà organizzata l’azione educativa.</p>



<p>I team dei soci partners di progetto vivono in paesi in cui vige una democrazia. Se una società si definisce democratica deve garantire che le decisioni si possano prendere in libertà, poichè se non si ha la conoscenza di alcuni temi, e oltretutto non si sa distinguere tra il vero e il falso, le decisioni che si prendono non saranno libere e, di conseguenza,la società non saraà democratica. In questo progetto sarà di fondamentale importanza stimolare nelle scuole il dialogo paritario. Sarà dato ascolto ad ogni voce, saranno analizzate e considerateper elaborare i prodotti intellettuali.</p>



<p>Ci anima l’eguaglianza sociale e le persone che compongono i team sono convinte che con questo progetto, apporteremo “il nostro granello di sabbia” per provare a conseguire i nostri ideali. Perciò le quattro squdre di soci iniziano questo progettocon la speranza, la convinzione e basandosi sulle ricerche e sulla raccomandazioni internazionali di organismi quali l’ UNESCO, l’ ONU e la OCDE.</p>



<figure class="wp-block-gallery aligncenter columns-3 is-cropped"><ul class="blocks-gallery-grid"><li class="blocks-gallery-item"><figure><img src="https://creena.educacion.navarra.es/web/erasmus/wp-content/uploads/sites/7/2019/10/index.jpg" alt="" data-id="530" data-full-url="https://creena.educacion.navarra.es/web/erasmus/wp-content/uploads/sites/7/2019/10/index.jpg" data-link="https://creena.educacion.navarra.es/web/erasmus/494__trashed/index/" class="wp-image-530" /><figcaption class="blocks-gallery-item__caption">Index_for_inclusión</figcaption></figure></li><li class="blocks-gallery-item"><figure><img src="https://creena.educacion.navarra.es/web/erasmus/wp-content/uploads/sites/7/2019/10/nayu_aprndiz.jpg" alt="" data-id="525" data-full-url="https://creena.educacion.navarra.es/web/erasmus/wp-content/uploads/sites/7/2019/10/nayu_aprndiz.jpg" data-link="https://creena.educacion.navarra.es/web/erasmus/494__trashed/nayu_aprndiz/" class="wp-image-525" /></figure></li><li class="blocks-gallery-item"><figure><img src="https://creena.educacion.navarra.es/web/erasmus/wp-content/uploads/sites/7/2019/10/Replatear_educacion-1.jpg" alt="" data-id="520" data-full-url="https://creena.educacion.navarra.es/web/erasmus/wp-content/uploads/sites/7/2019/10/Replatear_educacion-1.jpg" data-link="https://creena.educacion.navarra.es/web/erasmus/494__trashed/replatear_educacion-1/" class="wp-image-520" /></figure></li></ul></figure>
