{"id":4068,"date":"2023-12-18T10:14:19","date_gmt":"2023-12-18T10:14:19","guid":{"rendered":"https:\/\/creena.educacion.navarra.es\/web\/erasmusmovilidades\/?page_id=4068"},"modified":"2024-12-05T10:31:01","modified_gmt":"2024-12-05T10:31:01","slug":"convocatoria-curso-23-24","status":"publish","type":"page","link":"https:\/\/creena.educacion.navarra.es\/web\/erasmusmovilidades\/convocatoria-curso-23-24\/","title":{"rendered":"Convocatoria 24-25"},"content":{"rendered":"\n<div class=\"wp-block-columns\">\n<div class=\"wp-block-column\">\n<h2 class=\"has-text-align-center has-text-color\" style=\"color:#004499;font-style:normal;font-weight:100;letter-spacing:4px\"><strong>CURSO 2024-2025<\/strong><\/h2>\n\n\n\n<p class=\"has-text-align-center\"><img loading=\"lazy\" width=\"512\" height=\"512\" class=\"wp-image-1735\" style=\"width: 60px\" src=\"https:\/\/creena.educacion.navarra.es\/web\/erasmusmovilidades\/wp-content\/uploads\/sites\/10\/2022\/10\/colegioazul.png\" alt=\"\" srcset=\"https:\/\/creena.educacion.navarra.es\/web\/erasmusmovilidades\/wp-content\/uploads\/sites\/10\/2022\/10\/colegioazul.png 512w, https:\/\/creena.educacion.navarra.es\/web\/erasmusmovilidades\/wp-content\/uploads\/sites\/10\/2022\/10\/colegioazul-300x300.png 300w, https:\/\/creena.educacion.navarra.es\/web\/erasmusmovilidades\/wp-content\/uploads\/sites\/10\/2022\/10\/colegioazul-150x150.png 150w\" sizes=\"(max-width: 512px) 100vw, 512px\" \/><\/p>\n\n\n\n<div class=\"wp-block-columns\">\n<div class=\"wp-block-column\">\n<div class=\"wp-block-columns\">\n<div class=\"wp-block-column\">\n<div class=\"wp-block-columns\">\n<div class=\"wp-block-column\"><\/div>\n<\/div>\n<\/div>\n<\/div>\n<\/div>\n<\/div>\n\n\n\n<div class=\"wp-block-columns alignwide\">\n<div class=\"wp-elements-2 wp-block-column has-text-color has-background has-link-color\" style=\"background-color:#eff8fd;color:#000000;padding-top:2em;padding-right:2em;padding-bottom:2em;padding-left:2em\">\n<p class=\"has-text-align-center has-medium-font-size\" style=\"font-style:normal;font-weight:100;line-height:1.5;letter-spacing:1px\">Centros con <strong>0-20<\/strong> docentes<\/p>\n\n\n\n<div class=\"wp-block-image\"><figure class=\"aligncenter size-thumbnail is-resized\"><img loading=\"lazy\" src=\"https:\/\/creena.educacion.navarra.es\/web\/erasmusmovilidades\/wp-content\/uploads\/sites\/10\/2022\/10\/flecha2-150x150.png\" alt=\"\" class=\"wp-image-1670\" width=\"75\" height=\"75\" srcset=\"https:\/\/creena.educacion.navarra.es\/web\/erasmusmovilidades\/wp-content\/uploads\/sites\/10\/2022\/10\/flecha2-150x150.png 150w, https:\/\/creena.educacion.navarra.es\/web\/erasmusmovilidades\/wp-content\/uploads\/sites\/10\/2022\/10\/flecha2-300x300.png 300w, https:\/\/creena.educacion.navarra.es\/web\/erasmusmovilidades\/wp-content\/uploads\/sites\/10\/2022\/10\/flecha2.png 512w\" sizes=\"(max-width: 75px) 100vw, 75px\" \/><\/figure><\/div>\n\n\n\n<p class=\"has-text-align-center has-medium-font-size\" style=\"letter-spacing:1px\"><strong>1 <\/strong>movilidad de  una semana<\/p>\n\n\n\n<div class=\"wp-container-1 wp-block-buttons alignfull\"><\/div>\n<\/div>\n\n\n\n<div class=\"wp-elements-4 wp-block-column has-text-color has-background has-link-color\" style=\"background-color:#e6ddef;color:#000000;padding-top:2em;padding-right:2em;padding-bottom:2em;padding-left:2em\">\n<p class=\"has-text-align-center has-medium-font-size\" style=\"font-style:normal;font-weight:100;line-height:1.5;letter-spacing:1px\">Centros con <strong>21-49<\/strong> docentes<\/p>\n\n\n\n<div class=\"wp-block-image is-style-default\"><figure class=\"aligncenter size-thumbnail is-resized\"><img loading=\"lazy\" src=\"https:\/\/creena.educacion.navarra.es\/web\/erasmusmovilidades\/wp-content\/uploads\/sites\/10\/2022\/10\/flecha2-150x150.png\" alt=\"\" class=\"wp-image-1670\" width=\"75\" height=\"75\" srcset=\"https:\/\/creena.educacion.navarra.es\/web\/erasmusmovilidades\/wp-content\/uploads\/sites\/10\/2022\/10\/flecha2-150x150.png 150w, https:\/\/creena.educacion.navarra.es\/web\/erasmusmovilidades\/wp-content\/uploads\/sites\/10\/2022\/10\/flecha2-300x300.png 300w, https:\/\/creena.educacion.navarra.es\/web\/erasmusmovilidades\/wp-content\/uploads\/sites\/10\/2022\/10\/flecha2.png 512w\" sizes=\"(max-width: 75px) 100vw, 75px\" \/><\/figure><\/div>\n\n\n\n<p class=\"has-text-align-center has-medium-font-size\" style=\"font-style:normal;font-weight:100;letter-spacing:1px\"><strong>2<\/strong> movilidades de una semana <\/p>\n\n\n\n<div class=\"wp-container-3 wp-block-buttons alignfull\"><\/div>\n<\/div>\n\n\n\n<div class=\"wp-elements-6 wp-block-column has-text-color has-background has-link-color\" style=\"background-color:#f6cdd7;color:#000000;padding-top:2em;padding-right:2em;padding-bottom:2em;padding-left:2em\">\n<p class=\"has-text-align-center has-medium-font-size\" style=\"font-style:normal;font-weight:100;line-height:1.5;letter-spacing:1px\">Centros con <strong>50 o m\u00e1s<\/strong> docentes<\/p>\n\n\n\n<div class=\"wp-block-image is-style-default\"><figure class=\"aligncenter size-thumbnail is-resized\"><img loading=\"lazy\" src=\"https:\/\/creena.educacion.navarra.es\/web\/erasmusmovilidades\/wp-content\/uploads\/sites\/10\/2022\/10\/flecha2-150x150.png\" alt=\"\" class=\"wp-image-1670\" width=\"75\" height=\"75\" srcset=\"https:\/\/creena.educacion.navarra.es\/web\/erasmusmovilidades\/wp-content\/uploads\/sites\/10\/2022\/10\/flecha2-150x150.png 150w, https:\/\/creena.educacion.navarra.es\/web\/erasmusmovilidades\/wp-content\/uploads\/sites\/10\/2022\/10\/flecha2-300x300.png 300w, https:\/\/creena.educacion.navarra.es\/web\/erasmusmovilidades\/wp-content\/uploads\/sites\/10\/2022\/10\/flecha2.png 512w\" sizes=\"(max-width: 75px) 100vw, 75px\" \/><\/figure><\/div>\n\n\n\n<p class=\"has-text-align-center has-medium-font-size\" style=\"font-style:normal;font-weight:100;letter-spacing:1px\"><strong>3<\/strong> movilidades de una semana <\/p>\n\n\n\n<div class=\"wp-container-5 wp-block-buttons alignfull\"><\/div>\n<\/div>\n<\/div>\n\n\n\n<ul><li><strong>1\u00aa movilidad<\/strong> &#8211; todo el claustro<\/li><li><strong>2\u00aa movilidad <\/strong>&#8211; UAE o departamento de orientaci\u00f3n<\/li><li><strong>3\u00aa movilidad <\/strong>&#8211; Equipo directivo<\/li><\/ul>\n\n\n\n<p class=\"has-medium-font-size\"><a rel=\"noreferrer noopener\" href=\"https:\/\/drive.google.com\/file\/d\/12Bm_pnnb7l6uHArFi-rILtYK0TvhBvXN\/view?usp=sharing\" target=\"_blank\"><strong>Selecci\u00f3n de participantes de centros educativos<\/strong><\/a><\/p>\n\n\n\n<p class=\"has-medium-font-size\"><a href=\"https:\/\/drive.google.com\/file\/d\/1f6HMlMg5En9LYv8_Ms0ewBjrsCpkxJw3\/view?usp=drive_link\" target=\"_blank\" rel=\"noreferrer noopener\"><strong>Selecci\u00f3n de participantes de CREENA<\/strong><\/a><\/p>\n\n\n\n<p>El CREENA liderar\u00e1 un nuevo consorcio Erasmus+ en el curso 2024-2025, y nos gustar\u00eda invitar a los centros educativos p\u00fablicos que forman parte de&nbsp;<strong>TC-DUA<\/strong>, <strong>PROA +<\/strong> centros<strong> p\u00fablicos con estructuras espec\u00edficas<\/strong> y centros<strong> p\u00fablicos de educaci\u00f3n especial.<\/strong><br><\/p>\n\n\n\n<p>El consorcio Erasmus+ CREENA ofrece a los centros escolares la oportunidad de participar en un proyecto de movilidad educativa a nivel europeo, permitiendo a su personal docente participar en actividades de desarrollo profesional en el extranjero, tales como cursos estructurados&nbsp;y periodos de observaci\u00f3n profesional.<\/p>\n\n\n\n<p>Todos aquellos centros p\u00fablicos que est\u00e9n interesados en participar tendr\u00e1n que generar un&nbsp;<a rel=\"noreferrer noopener\" href=\"https:\/\/etwinning.educacion.navarra.es\/2020\/02\/24\/instrucciones-para-obtener-un-oid-organisation-id-documento-de-identidad-del-centro-escolar-para-participar-en-proyectos-ka1-y-ka2-de-erasmus\/\" target=\"_blank\">c\u00f3digo OID.<\/a>&nbsp;<strong>(Quedan excluidos los centros que est\u00e1n acreditados o centros con&nbsp; &nbsp;proyectos KA22)<\/strong><\/p>\n\n\n\n<p>Si su centro est\u00e1 interesado en unirse a esta iniciativa, por favor, h\u00e1ganoslo saber a m\u00e1s tardar el&nbsp;&nbsp;<strong>14 de enero<\/strong>&nbsp;escribiendo a:&nbsp;<a href=\"mailto:creena-erasmus@educacion.navarra.es\" target=\"_blank\" rel=\"noreferrer noopener\">creena-erasmus@educacion.navarra.es<\/a><\/p>\n\n\n\n<div class=\"wp-block-columns\">\n<div class=\"wp-block-column\">\n<p class=\"has-text-align-center has-vivid-cyan-blue-color has-text-color has-medium-font-size\" style=\"font-style:normal;font-weight:100;letter-spacing:1px\"><\/p>\n\n\n\n<p class=\"has-vivid-red-color has-text-color\"><\/p>\n\n\n\n<hr class=\"wp-block-separator has-text-color has-background\" style=\"background-color:#eff8fd;color:#eff8fd\"\/>\n\n\n\n<div class=\"wp-block-columns\">\n<div class=\"wp-block-column\"><\/div>\n<\/div>\n<\/div>\n<\/div>\n<\/div>\n<\/div>\n\n\n\n<p class=\"has-text-align-center has-medium-font-size\" style=\"font-style:normal;font-weight:100;letter-spacing:1px\"><\/p>\n","protected":false},"excerpt":{"rendered":"<p>CURSO 2024-2025 Centros con 0-20 docentes 1 movilidad de una semana Centros con 21-49 docentes 2 movilidades de una semana Centros con 50 o m\u00e1s docentes 3 movilidades de una semana 1\u00aa movilidad &#8211; todo el claustro 2\u00aa movilidad &#8211; UAE o departamento de orientaci\u00f3n 3\u00aa movilidad &#8211; Equipo directivo Selecci\u00f3n de participantes de centros [&hellip;]<\/p>\n","protected":false},"author":1,"featured_media":0,"parent":0,"menu_order":0,"comment_status":"closed","ping_status":"closed","template":"","meta":{"_genesis_hide_title":true,"_genesis_hide_breadcrumbs":false,"_genesis_hide_singular_image":false,"_genesis_hide_footer_widgets":false,"_genesis_custom_body_class":"","_genesis_custom_post_class":"","_genesis_layout":""},"_links":{"self":[{"href":"https:\/\/creena.educacion.navarra.es\/web\/erasmusmovilidades\/wp-json\/wp\/v2\/pages\/4068"}],"collection":[{"href":"https:\/\/creena.educacion.navarra.es\/web\/erasmusmovilidades\/wp-json\/wp\/v2\/pages"}],"about":[{"href":"https:\/\/creena.educacion.navarra.es\/web\/erasmusmovilidades\/wp-json\/wp\/v2\/types\/page"}],"author":[{"embeddable":true,"href":"https:\/\/creena.educacion.navarra.es\/web\/erasmusmovilidades\/wp-json\/wp\/v2\/users\/1"}],"replies":[{"embeddable":true,"href":"https:\/\/creena.educacion.navarra.es\/web\/erasmusmovilidades\/wp-json\/wp\/v2\/comments?post=4068"}],"version-history":[{"count":13,"href":"https:\/\/creena.educacion.navarra.es\/web\/erasmusmovilidades\/wp-json\/wp\/v2\/pages\/4068\/revisions"}],"predecessor-version":[{"id":5393,"href":"https:\/\/creena.educacion.navarra.es\/web\/erasmusmovilidades\/wp-json\/wp\/v2\/pages\/4068\/revisions\/5393"}],"wp:attachment":[{"href":"https:\/\/creena.educacion.navarra.es\/web\/erasmusmovilidades\/wp-json\/wp\/v2\/media?parent=4068"}],"curies":[{"name":"wp","href":"https:\/\/api.w.org\/{rel}","templated":true}]}}