{"id":13,"date":"2020-10-15T07:51:01","date_gmt":"2020-10-15T07:51:01","guid":{"rendered":"https:\/\/creena.educacion.navarra.es\/web\/estimulacion-lenguaje\/?page_id=13"},"modified":"2021-10-27T14:24:22","modified_gmt":"2021-10-27T14:24:22","slug":"estrategias-de-lectura","status":"publish","type":"page","link":"https:\/\/creena.educacion.navarra.es\/web\/estimulacion-lenguaje\/estrategias-de-lectura\/","title":{"rendered":"Estrategias de lectura"},"content":{"rendered":"<div id=\"attachment_764\" style=\"width: 200px\" class=\"wp-caption alignleft\"><a href=\"https:\/\/creena.educacion.navarra.es\/web\/estimulacion-lenguaje\/wp-content\/uploads\/sites\/8\/2021\/10\/Infografias_Estrategias-de-lectura.jpg\"><img aria-describedby=\"caption-attachment-764\" loading=\"lazy\" class=\"wp-image-764\" src=\"https:\/\/creena.educacion.navarra.es\/web\/estimulacion-lenguaje\/wp-content\/uploads\/sites\/8\/2021\/10\/Infografias_Estrategias-de-lectura.jpg\" alt=\"\" width=\"190\" height=\"269\" srcset=\"https:\/\/creena.educacion.navarra.es\/web\/estimulacion-lenguaje\/wp-content\/uploads\/sites\/8\/2021\/10\/Infografias_Estrategias-de-lectura.jpg 1414w, https:\/\/creena.educacion.navarra.es\/web\/estimulacion-lenguaje\/wp-content\/uploads\/sites\/8\/2021\/10\/Infografias_Estrategias-de-lectura-212x300.jpg 212w, https:\/\/creena.educacion.navarra.es\/web\/estimulacion-lenguaje\/wp-content\/uploads\/sites\/8\/2021\/10\/Infografias_Estrategias-de-lectura-724x1024.jpg 724w, https:\/\/creena.educacion.navarra.es\/web\/estimulacion-lenguaje\/wp-content\/uploads\/sites\/8\/2021\/10\/Infografias_Estrategias-de-lectura-768x1086.jpg 768w, https:\/\/creena.educacion.navarra.es\/web\/estimulacion-lenguaje\/wp-content\/uploads\/sites\/8\/2021\/10\/Infografias_Estrategias-de-lectura-1086x1536.jpg 1086w\" sizes=\"(max-width: 190px) 100vw, 190px\" \/><\/a><p id=\"caption-attachment-764\" class=\"wp-caption-text\"><span style=\"color: #ff0000;\">INFOGRAF\u00cdA<\/span><\/p><\/div>\n<ul>\n<li><a href=\"https:\/\/creena.educacion.navarra.es\/web\/estimulacion-lenguaje\/estrategias-de-lectura\/estrategias-de-lectura-justificacion\/\"><strong><span style=\"color: #993300;\">Justificaci\u00f3n<\/span><\/strong><\/a><\/li>\n<li><a href=\"https:\/\/creena.educacion.navarra.es\/web\/estimulacion-lenguaje\/estrategias-de-lectura\/estrategias-de-lectura-contenidos-a-trabajar\/\"><strong><span style=\"color: #993300;\">Contenidos a trabajar<\/span><\/strong><\/a><\/li>\n<li><a href=\"https:\/\/creena.educacion.navarra.es\/web\/estimulacion-lenguaje\/estrategias-de-lectura\/estrategias-de-lectura-aspectos-metodologicos\/\"><strong><span style=\"color: #993300;\">Aspectos metodol\u00f3gicos<\/span><\/strong><\/a><\/li>\n<li><a href=\"https:\/\/creena.educacion.navarra.es\/web\/estimulacion-lenguaje\/estrategias-de-lectura\/estrategias-de-lectura-registros-de-evaluacion\/\"><strong><span style=\"color: #993300;\">Registros de evaluaci\u00f3n<\/span><\/strong><\/a><\/li>\n<li><a href=\"https:\/\/creena.educacion.navarra.es\/web\/estimulacion-lenguaje\/estrategias-de-lectura\/estrategias-de-lectura-recursos\/\"><strong><span style=\"color: #993300;\">Recursos<\/span><\/strong><\/a><\/li>\n<\/ul>\n\n\n<p><\/p>\n","protected":false},"excerpt":{"rendered":"<p>Justificaci\u00f3n Contenidos a trabajar Aspectos metodol\u00f3gicos Registros de evaluaci\u00f3n Recursos<\/p>\n","protected":false},"author":1,"featured_media":0,"parent":0,"menu_order":0,"comment_status":"closed","ping_status":"closed","template":"","meta":[],"_links":{"self":[{"href":"https:\/\/creena.educacion.navarra.es\/web\/estimulacion-lenguaje\/wp-json\/wp\/v2\/pages\/13"}],"collection":[{"href":"https:\/\/creena.educacion.navarra.es\/web\/estimulacion-lenguaje\/wp-json\/wp\/v2\/pages"}],"about":[{"href":"https:\/\/creena.educacion.navarra.es\/web\/estimulacion-lenguaje\/wp-json\/wp\/v2\/types\/page"}],"author":[{"embeddable":true,"href":"https:\/\/creena.educacion.navarra.es\/web\/estimulacion-lenguaje\/wp-json\/wp\/v2\/users\/1"}],"replies":[{"embeddable":true,"href":"https:\/\/creena.educacion.navarra.es\/web\/estimulacion-lenguaje\/wp-json\/wp\/v2\/comments?post=13"}],"version-history":[{"count":17,"href":"https:\/\/creena.educacion.navarra.es\/web\/estimulacion-lenguaje\/wp-json\/wp\/v2\/pages\/13\/revisions"}],"predecessor-version":[{"id":816,"href":"https:\/\/creena.educacion.navarra.es\/web\/estimulacion-lenguaje\/wp-json\/wp\/v2\/pages\/13\/revisions\/816"}],"wp:attachment":[{"href":"https:\/\/creena.educacion.navarra.es\/web\/estimulacion-lenguaje\/wp-json\/wp\/v2\/media?parent=13"}],"curies":[{"name":"wp","href":"https:\/\/api.w.org\/{rel}","templated":true}]}}

<div id="attachment_764" style="width: 200px" class="wp-caption alignleft"><a href="https://creena.educacion.navarra.es/web/estimulacion-lenguaje/wp-content/uploads/sites/8/2021/10/Infografias_Estrategias-de-lectura.jpg"><img aria-describedby="caption-attachment-764" loading="lazy" class="wp-image-764" src="https://creena.educacion.navarra.es/web/estimulacion-lenguaje/wp-content/uploads/sites/8/2021/10/Infografias_Estrategias-de-lectura.jpg" alt="" width="190" height="269" srcset="https://creena.educacion.navarra.es/web/estimulacion-lenguaje/wp-content/uploads/sites/8/2021/10/Infografias_Estrategias-de-lectura.jpg 1414w, https://creena.educacion.navarra.es/web/estimulacion-lenguaje/wp-content/uploads/sites/8/2021/10/Infografias_Estrategias-de-lectura-212x300.jpg 212w, https://creena.educacion.navarra.es/web/estimulacion-lenguaje/wp-content/uploads/sites/8/2021/10/Infografias_Estrategias-de-lectura-724x1024.jpg 724w, https://creena.educacion.navarra.es/web/estimulacion-lenguaje/wp-content/uploads/sites/8/2021/10/Infografias_Estrategias-de-lectura-768x1086.jpg 768w, https://creena.educacion.navarra.es/web/estimulacion-lenguaje/wp-content/uploads/sites/8/2021/10/Infografias_Estrategias-de-lectura-1086x1536.jpg 1086w" sizes="(max-width: 190px) 100vw, 190px" /></a><p id="caption-attachment-764" class="wp-caption-text"><span style="color: #ff0000;">INFOGRAFÍA</span></p></div>
<ul>
<li><a href="https://creena.educacion.navarra.es/web/estimulacion-lenguaje/estrategias-de-lectura/estrategias-de-lectura-justificacion/"><strong><span style="color: #993300;">Justificación</span></strong></a></li>
<li><a href="https://creena.educacion.navarra.es/web/estimulacion-lenguaje/estrategias-de-lectura/estrategias-de-lectura-contenidos-a-trabajar/"><strong><span style="color: #993300;">Contenidos a trabajar</span></strong></a></li>
<li><a href="https://creena.educacion.navarra.es/web/estimulacion-lenguaje/estrategias-de-lectura/estrategias-de-lectura-aspectos-metodologicos/"><strong><span style="color: #993300;">Aspectos metodológicos</span></strong></a></li>
<li><a href="https://creena.educacion.navarra.es/web/estimulacion-lenguaje/estrategias-de-lectura/estrategias-de-lectura-registros-de-evaluacion/"><strong><span style="color: #993300;">Registros de evaluación</span></strong></a></li>
<li><a href="https://creena.educacion.navarra.es/web/estimulacion-lenguaje/estrategias-de-lectura/estrategias-de-lectura-recursos/"><strong><span style="color: #993300;">Recursos</span></strong></a></li>
</ul>


<p></p>

<p>Justificación Contenidos a trabajar Aspectos metodológicos Registros de evaluación Recursos</p>
