{"id":297,"date":"2021-09-07T08:11:23","date_gmt":"2021-09-07T08:11:23","guid":{"rendered":"https:\/\/creena.educacion.navarra.es\/web\/estimulacion-lenguaje\/?page_id=297"},"modified":"2021-10-27T14:22:00","modified_gmt":"2021-10-27T14:22:00","slug":"conciencia-prosodica","status":"publish","type":"page","link":"https:\/\/creena.educacion.navarra.es\/web\/estimulacion-lenguaje\/conciencia-prosodica\/","title":{"rendered":"Conciencia pros\u00f3dica"},"content":{"rendered":"<div id=\"attachment_759\" style=\"width: 200px\" class=\"wp-caption alignleft\"><a href=\"https:\/\/creena.educacion.navarra.es\/web\/estimulacion-lenguaje\/wp-content\/uploads\/sites\/8\/2021\/10\/Infografias_ConcienciaProsodica.jpg\"><img aria-describedby=\"caption-attachment-759\" loading=\"lazy\" class=\"wp-image-759\" src=\"https:\/\/creena.educacion.navarra.es\/web\/estimulacion-lenguaje\/wp-content\/uploads\/sites\/8\/2021\/10\/Infografias_ConcienciaProsodica.jpg\" alt=\"\" width=\"190\" height=\"269\" srcset=\"https:\/\/creena.educacion.navarra.es\/web\/estimulacion-lenguaje\/wp-content\/uploads\/sites\/8\/2021\/10\/Infografias_ConcienciaProsodica.jpg 1414w, https:\/\/creena.educacion.navarra.es\/web\/estimulacion-lenguaje\/wp-content\/uploads\/sites\/8\/2021\/10\/Infografias_ConcienciaProsodica-212x300.jpg 212w, https:\/\/creena.educacion.navarra.es\/web\/estimulacion-lenguaje\/wp-content\/uploads\/sites\/8\/2021\/10\/Infografias_ConcienciaProsodica-724x1024.jpg 724w, https:\/\/creena.educacion.navarra.es\/web\/estimulacion-lenguaje\/wp-content\/uploads\/sites\/8\/2021\/10\/Infografias_ConcienciaProsodica-768x1086.jpg 768w, https:\/\/creena.educacion.navarra.es\/web\/estimulacion-lenguaje\/wp-content\/uploads\/sites\/8\/2021\/10\/Infografias_ConcienciaProsodica-1086x1536.jpg 1086w\" sizes=\"(max-width: 190px) 100vw, 190px\" \/><\/a><p id=\"caption-attachment-759\" class=\"wp-caption-text\"><span style=\"color: #ff0000;\">INFOGRAF\u00cdA<\/span><\/p><\/div>\n<ul>\n<li><a href=\"https:\/\/creena.educacion.navarra.es\/web\/estimulacion-lenguaje\/conciencia-prosodica\/conciencia-prosodica-justificacion\/\"><strong><span style=\"color: #993300;\">Justificaci\u00f3n<\/span><\/strong><\/a><\/li>\n<li><a href=\"https:\/\/creena.educacion.navarra.es\/web\/estimulacion-lenguaje\/conciencia-prosodica\/conciencia-prosodica-contenidos-a-trabajar\/\"><strong><span style=\"color: #993300;\">Contenidos a trabajar<\/span><\/strong><\/a><\/li>\n<li><a href=\"https:\/\/creena.educacion.navarra.es\/web\/estimulacion-lenguaje\/conciencia-prosodica\/conciencia-prosodica-aspectos-metodologicos\/\"><strong><span style=\"color: #993300;\">Aspectos metodol\u00f3gicos<\/span><\/strong><\/a><\/li>\n<li><a href=\"https:\/\/creena.educacion.navarra.es\/web\/estimulacion-lenguaje\/conciencia-prosodica\/conciencia-prosodica-registros-de-evaluacion\/\"><strong><span style=\"color: #993300;\">Registros de evaluaci\u00f3n<\/span><\/strong><\/a><\/li>\n<li><a href=\"https:\/\/creena.educacion.navarra.es\/web\/estimulacion-lenguaje\/conciencia-prosodica\/conciencia-prosodica-recursos\/\"><strong><span style=\"color: #993300;\">Recursos<\/span><\/strong><\/a><\/li>\n<\/ul>\n\n\n<p><\/p>\n","protected":false},"excerpt":{"rendered":"<p>Justificaci\u00f3n Contenidos a trabajar Aspectos metodol\u00f3gicos Registros de evaluaci\u00f3n Recursos<\/p>\n","protected":false},"author":1,"featured_media":0,"parent":0,"menu_order":0,"comment_status":"closed","ping_status":"closed","template":"","meta":[],"_links":{"self":[{"href":"https:\/\/creena.educacion.navarra.es\/web\/estimulacion-lenguaje\/wp-json\/wp\/v2\/pages\/297"}],"collection":[{"href":"https:\/\/creena.educacion.navarra.es\/web\/estimulacion-lenguaje\/wp-json\/wp\/v2\/pages"}],"about":[{"href":"https:\/\/creena.educacion.navarra.es\/web\/estimulacion-lenguaje\/wp-json\/wp\/v2\/types\/page"}],"author":[{"embeddable":true,"href":"https:\/\/creena.educacion.navarra.es\/web\/estimulacion-lenguaje\/wp-json\/wp\/v2\/users\/1"}],"replies":[{"embeddable":true,"href":"https:\/\/creena.educacion.navarra.es\/web\/estimulacion-lenguaje\/wp-json\/wp\/v2\/comments?post=297"}],"version-history":[{"count":6,"href":"https:\/\/creena.educacion.navarra.es\/web\/estimulacion-lenguaje\/wp-json\/wp\/v2\/pages\/297\/revisions"}],"predecessor-version":[{"id":810,"href":"https:\/\/creena.educacion.navarra.es\/web\/estimulacion-lenguaje\/wp-json\/wp\/v2\/pages\/297\/revisions\/810"}],"wp:attachment":[{"href":"https:\/\/creena.educacion.navarra.es\/web\/estimulacion-lenguaje\/wp-json\/wp\/v2\/media?parent=297"}],"curies":[{"name":"wp","href":"https:\/\/api.w.org\/{rel}","templated":true}]}}

Conciencia prosódica

<div id="attachment_759" style="width: 200px" class="wp-caption alignleft"><a href="https://creena.educacion.navarra.es/web/estimulacion-lenguaje/wp-content/uploads/sites/8/2021/10/Infografias_ConcienciaProsodica.jpg"><img aria-describedby="caption-attachment-759" loading="lazy" class="wp-image-759" src="https://creena.educacion.navarra.es/web/estimulacion-lenguaje/wp-content/uploads/sites/8/2021/10/Infografias_ConcienciaProsodica.jpg" alt="" width="190" height="269" srcset="https://creena.educacion.navarra.es/web/estimulacion-lenguaje/wp-content/uploads/sites/8/2021/10/Infografias_ConcienciaProsodica.jpg 1414w, https://creena.educacion.navarra.es/web/estimulacion-lenguaje/wp-content/uploads/sites/8/2021/10/Infografias_ConcienciaProsodica-212x300.jpg 212w, https://creena.educacion.navarra.es/web/estimulacion-lenguaje/wp-content/uploads/sites/8/2021/10/Infografias_ConcienciaProsodica-724x1024.jpg 724w, https://creena.educacion.navarra.es/web/estimulacion-lenguaje/wp-content/uploads/sites/8/2021/10/Infografias_ConcienciaProsodica-768x1086.jpg 768w, https://creena.educacion.navarra.es/web/estimulacion-lenguaje/wp-content/uploads/sites/8/2021/10/Infografias_ConcienciaProsodica-1086x1536.jpg 1086w" sizes="(max-width: 190px) 100vw, 190px" /></a><p id="caption-attachment-759" class="wp-caption-text"><span style="color: #ff0000;">INFOGRAFÍA</span></p></div>
<ul>
<li><a href="https://creena.educacion.navarra.es/web/estimulacion-lenguaje/conciencia-prosodica/conciencia-prosodica-justificacion/"><strong><span style="color: #993300;">Justificación</span></strong></a></li>
<li><a href="https://creena.educacion.navarra.es/web/estimulacion-lenguaje/conciencia-prosodica/conciencia-prosodica-contenidos-a-trabajar/"><strong><span style="color: #993300;">Contenidos a trabajar</span></strong></a></li>
<li><a href="https://creena.educacion.navarra.es/web/estimulacion-lenguaje/conciencia-prosodica/conciencia-prosodica-aspectos-metodologicos/"><strong><span style="color: #993300;">Aspectos metodológicos</span></strong></a></li>
<li><a href="https://creena.educacion.navarra.es/web/estimulacion-lenguaje/conciencia-prosodica/conciencia-prosodica-registros-de-evaluacion/"><strong><span style="color: #993300;">Registros de evaluación</span></strong></a></li>
<li><a href="https://creena.educacion.navarra.es/web/estimulacion-lenguaje/conciencia-prosodica/conciencia-prosodica-recursos/"><strong><span style="color: #993300;">Recursos</span></strong></a></li>
</ul>


<p></p>

<p>Justificación Contenidos a trabajar Aspectos metodológicos Registros de evaluación Recursos</p>
