{"id":322,"date":"2021-09-10T06:41:52","date_gmt":"2021-09-10T06:41:52","guid":{"rendered":"https:\/\/creena.educacion.navarra.es\/web\/estimulacion-lenguaje\/?page_id=322"},"modified":"2021-11-15T09:27:08","modified_gmt":"2021-11-15T09:27:08","slug":"velocidad-de-denominacion","status":"publish","type":"page","link":"https:\/\/creena.educacion.navarra.es\/web\/estimulacion-lenguaje\/velocidad-de-denominacion\/","title":{"rendered":"Velocidad de denominaci\u00f3n"},"content":{"rendered":"<p><a href=\"https:\/\/creena.educacion.navarra.es\/web\/estimulacion-lenguaje\/wp-content\/uploads\/sites\/8\/2021\/11\/Velocidad-de-denominacion.jpg\"><img loading=\"lazy\" class=\"wp-image-856 alignleft\" src=\"https:\/\/creena.educacion.navarra.es\/web\/estimulacion-lenguaje\/wp-content\/uploads\/sites\/8\/2021\/11\/Velocidad-de-denominacion.jpg\" alt=\"\" width=\"190\" height=\"269\" srcset=\"https:\/\/creena.educacion.navarra.es\/web\/estimulacion-lenguaje\/wp-content\/uploads\/sites\/8\/2021\/11\/Velocidad-de-denominacion.jpg 1414w, https:\/\/creena.educacion.navarra.es\/web\/estimulacion-lenguaje\/wp-content\/uploads\/sites\/8\/2021\/11\/Velocidad-de-denominacion-212x300.jpg 212w, https:\/\/creena.educacion.navarra.es\/web\/estimulacion-lenguaje\/wp-content\/uploads\/sites\/8\/2021\/11\/Velocidad-de-denominacion-724x1024.jpg 724w, https:\/\/creena.educacion.navarra.es\/web\/estimulacion-lenguaje\/wp-content\/uploads\/sites\/8\/2021\/11\/Velocidad-de-denominacion-768x1086.jpg 768w, https:\/\/creena.educacion.navarra.es\/web\/estimulacion-lenguaje\/wp-content\/uploads\/sites\/8\/2021\/11\/Velocidad-de-denominacion-1086x1536.jpg 1086w\" sizes=\"(max-width: 190px) 100vw, 190px\" \/><\/a><\/p>\n<ul>\n<li><a href=\"https:\/\/creena.educacion.navarra.es\/web\/estimulacion-lenguaje\/velocidad-de-denominacion\/velocidad-de-denominacion-justificacion\/\"><span style=\"color: #993300;\"><strong>Justificaci\u00f3n<\/strong><\/span><\/a><\/li>\n<li><a href=\"https:\/\/creena.educacion.navarra.es\/web\/estimulacion-lenguaje\/velocidad-de-denominacion\/velocidad-de-denominacion-contenidos-a-trabajar\/\" target=\"_blank\" rel=\"noopener\"><strong><span style=\"color: #993300;\">Contenidos a trabajar<\/span><\/strong><\/a><\/li>\n<li><a href=\"https:\/\/creena.educacion.navarra.es\/web\/estimulacion-lenguaje\/velocidad-de-denominacion\/velocidad-de-denominacion-aspectos-metodologicos\/\"><span style=\"color: #993300;\"><strong>Aspectos metodol\u00f3gicos<\/strong><\/span><\/a><\/li>\n<li><a href=\"https:\/\/creena.educacion.navarra.es\/web\/estimulacion-lenguaje\/velocidad-de-denominacion\/velocidad-de-denominacion-registros-de-evaluacion\/\"><strong><span style=\"color: #993300;\">Registros de evaluaci\u00f3n<\/span><\/strong><\/a><\/li>\n<li><a href=\"https:\/\/creena.educacion.navarra.es\/web\/estimulacion-lenguaje\/velocidad-de-denominacion\/velocidad-de-denominacion-recursos\/\"><strong><span style=\"color: #993300;\">Recursos<\/span><\/strong><\/a><\/li>\n<\/ul>\n\n\n<p><\/p>\n","protected":false},"excerpt":{"rendered":"<p>Justificaci\u00f3n Contenidos a trabajar Aspectos metodol\u00f3gicos Registros de evaluaci\u00f3n Recursos<\/p>\n","protected":false},"author":1,"featured_media":0,"parent":0,"menu_order":0,"comment_status":"closed","ping_status":"closed","template":"","meta":[],"_links":{"self":[{"href":"https:\/\/creena.educacion.navarra.es\/web\/estimulacion-lenguaje\/wp-json\/wp\/v2\/pages\/322"}],"collection":[{"href":"https:\/\/creena.educacion.navarra.es\/web\/estimulacion-lenguaje\/wp-json\/wp\/v2\/pages"}],"about":[{"href":"https:\/\/creena.educacion.navarra.es\/web\/estimulacion-lenguaje\/wp-json\/wp\/v2\/types\/page"}],"author":[{"embeddable":true,"href":"https:\/\/creena.educacion.navarra.es\/web\/estimulacion-lenguaje\/wp-json\/wp\/v2\/users\/1"}],"replies":[{"embeddable":true,"href":"https:\/\/creena.educacion.navarra.es\/web\/estimulacion-lenguaje\/wp-json\/wp\/v2\/comments?post=322"}],"version-history":[{"count":9,"href":"https:\/\/creena.educacion.navarra.es\/web\/estimulacion-lenguaje\/wp-json\/wp\/v2\/pages\/322\/revisions"}],"predecessor-version":[{"id":857,"href":"https:\/\/creena.educacion.navarra.es\/web\/estimulacion-lenguaje\/wp-json\/wp\/v2\/pages\/322\/revisions\/857"}],"wp:attachment":[{"href":"https:\/\/creena.educacion.navarra.es\/web\/estimulacion-lenguaje\/wp-json\/wp\/v2\/media?parent=322"}],"curies":[{"name":"wp","href":"https:\/\/api.w.org\/{rel}","templated":true}]}}