{"id":325,"date":"2021-09-10T06:42:28","date_gmt":"2021-09-10T06:42:28","guid":{"rendered":"https:\/\/creena.educacion.navarra.es\/web\/estimulacion-lenguaje\/?page_id=325"},"modified":"2021-11-15T09:37:18","modified_gmt":"2021-11-15T09:37:18","slug":"principio-alfabetico","status":"publish","type":"page","link":"https:\/\/creena.educacion.navarra.es\/web\/estimulacion-lenguaje\/principio-alfabetico\/","title":{"rendered":"Principio alfab\u00e9tico"},"content":{"rendered":"<p><a href=\"https:\/\/creena.educacion.navarra.es\/web\/estimulacion-lenguaje\/wp-content\/uploads\/sites\/8\/2021\/11\/Principio-alfabetico.jpg\"><img loading=\"lazy\" class=\"wp-image-861 alignleft\" src=\"https:\/\/creena.educacion.navarra.es\/web\/estimulacion-lenguaje\/wp-content\/uploads\/sites\/8\/2021\/11\/Principio-alfabetico.jpg\" alt=\"\" width=\"200\" height=\"283\" srcset=\"https:\/\/creena.educacion.navarra.es\/web\/estimulacion-lenguaje\/wp-content\/uploads\/sites\/8\/2021\/11\/Principio-alfabetico.jpg 1414w, https:\/\/creena.educacion.navarra.es\/web\/estimulacion-lenguaje\/wp-content\/uploads\/sites\/8\/2021\/11\/Principio-alfabetico-212x300.jpg 212w, https:\/\/creena.educacion.navarra.es\/web\/estimulacion-lenguaje\/wp-content\/uploads\/sites\/8\/2021\/11\/Principio-alfabetico-724x1024.jpg 724w, https:\/\/creena.educacion.navarra.es\/web\/estimulacion-lenguaje\/wp-content\/uploads\/sites\/8\/2021\/11\/Principio-alfabetico-768x1086.jpg 768w, https:\/\/creena.educacion.navarra.es\/web\/estimulacion-lenguaje\/wp-content\/uploads\/sites\/8\/2021\/11\/Principio-alfabetico-1086x1536.jpg 1086w\" sizes=\"(max-width: 200px) 100vw, 200px\" \/><\/a><\/p>\n<ul>\n<li><a href=\"https:\/\/creena.educacion.navarra.es\/web\/estimulacion-lenguaje\/principio-alfabetico\/principio-alfabetico-justifiacion\/\"><strong><span style=\"color: #993300;\">Justificaci\u00f3n<\/span><\/strong><\/a><\/li>\n<li><a href=\"https:\/\/creena.educacion.navarra.es\/web\/estimulacion-lenguaje\/principio-alfabetico\/principio-alfabetico-contenidos-a-trabajar-y-actividades-tipo\/\" target=\"_blank\" rel=\"noopener\"><strong><span style=\"color: #993300;\">Contenidos a trabajar y actividades tipo<\/span><\/strong><\/a><\/li>\n<li><a href=\"https:\/\/creena.educacion.navarra.es\/web\/estimulacion-lenguaje\/principio-alfabetico\/principio-alfabetico-aspectos-metodologicos\/\"><strong><span style=\"color: #993300;\">Aspectos metodol\u00f3gicos<\/span><\/strong><\/a><\/li>\n<li><a href=\"https:\/\/creena.educacion.navarra.es\/web\/estimulacion-lenguaje\/principio-alfabetico\/principio-alfabetico-registros-de-evaluacion\/\"><strong><span style=\"color: #993300;\">Registros de evaluaci\u00f3n<\/span><\/strong><\/a><\/li>\n<li><a href=\"https:\/\/creena.educacion.navarra.es\/web\/estimulacion-lenguaje\/principio-alfabetico\/principio-alfabetico-recursos\/\"><strong><span style=\"color: #993300;\">Recursos<\/span><\/strong><\/a><\/li>\n<\/ul>\n\n\n<p><\/p>\n","protected":false},"excerpt":{"rendered":"<p>Justificaci\u00f3n Contenidos a trabajar y actividades tipo Aspectos metodol\u00f3gicos Registros de evaluaci\u00f3n Recursos<\/p>\n","protected":false},"author":1,"featured_media":0,"parent":0,"menu_order":0,"comment_status":"closed","ping_status":"closed","template":"","meta":[],"_links":{"self":[{"href":"https:\/\/creena.educacion.navarra.es\/web\/estimulacion-lenguaje\/wp-json\/wp\/v2\/pages\/325"}],"collection":[{"href":"https:\/\/creena.educacion.navarra.es\/web\/estimulacion-lenguaje\/wp-json\/wp\/v2\/pages"}],"about":[{"href":"https:\/\/creena.educacion.navarra.es\/web\/estimulacion-lenguaje\/wp-json\/wp\/v2\/types\/page"}],"author":[{"embeddable":true,"href":"https:\/\/creena.educacion.navarra.es\/web\/estimulacion-lenguaje\/wp-json\/wp\/v2\/users\/1"}],"replies":[{"embeddable":true,"href":"https:\/\/creena.educacion.navarra.es\/web\/estimulacion-lenguaje\/wp-json\/wp\/v2\/comments?post=325"}],"version-history":[{"count":14,"href":"https:\/\/creena.educacion.navarra.es\/web\/estimulacion-lenguaje\/wp-json\/wp\/v2\/pages\/325\/revisions"}],"predecessor-version":[{"id":863,"href":"https:\/\/creena.educacion.navarra.es\/web\/estimulacion-lenguaje\/wp-json\/wp\/v2\/pages\/325\/revisions\/863"}],"wp:attachment":[{"href":"https:\/\/creena.educacion.navarra.es\/web\/estimulacion-lenguaje\/wp-json\/wp\/v2\/media?parent=325"}],"curies":[{"name":"wp","href":"https:\/\/api.w.org\/{rel}","templated":true}]}}

Principio alfabético

<p><a href="https://creena.educacion.navarra.es/web/estimulacion-lenguaje/wp-content/uploads/sites/8/2021/11/Principio-alfabetico.jpg"><img loading="lazy" class="wp-image-861 alignleft" src="https://creena.educacion.navarra.es/web/estimulacion-lenguaje/wp-content/uploads/sites/8/2021/11/Principio-alfabetico.jpg" alt="" width="200" height="283" srcset="https://creena.educacion.navarra.es/web/estimulacion-lenguaje/wp-content/uploads/sites/8/2021/11/Principio-alfabetico.jpg 1414w, https://creena.educacion.navarra.es/web/estimulacion-lenguaje/wp-content/uploads/sites/8/2021/11/Principio-alfabetico-212x300.jpg 212w, https://creena.educacion.navarra.es/web/estimulacion-lenguaje/wp-content/uploads/sites/8/2021/11/Principio-alfabetico-724x1024.jpg 724w, https://creena.educacion.navarra.es/web/estimulacion-lenguaje/wp-content/uploads/sites/8/2021/11/Principio-alfabetico-768x1086.jpg 768w, https://creena.educacion.navarra.es/web/estimulacion-lenguaje/wp-content/uploads/sites/8/2021/11/Principio-alfabetico-1086x1536.jpg 1086w" sizes="(max-width: 200px) 100vw, 200px" /></a></p>
<ul>
<li><a href="https://creena.educacion.navarra.es/web/estimulacion-lenguaje/principio-alfabetico/principio-alfabetico-justifiacion/"><strong><span style="color: #993300;">Justificación</span></strong></a></li>
<li><a href="https://creena.educacion.navarra.es/web/estimulacion-lenguaje/principio-alfabetico/principio-alfabetico-contenidos-a-trabajar-y-actividades-tipo/" target="_blank" rel="noopener"><strong><span style="color: #993300;">Contenidos a trabajar y actividades tipo</span></strong></a></li>
<li><a href="https://creena.educacion.navarra.es/web/estimulacion-lenguaje/principio-alfabetico/principio-alfabetico-aspectos-metodologicos/"><strong><span style="color: #993300;">Aspectos metodológicos</span></strong></a></li>
<li><a href="https://creena.educacion.navarra.es/web/estimulacion-lenguaje/principio-alfabetico/principio-alfabetico-registros-de-evaluacion/"><strong><span style="color: #993300;">Registros de evaluación</span></strong></a></li>
<li><a href="https://creena.educacion.navarra.es/web/estimulacion-lenguaje/principio-alfabetico/principio-alfabetico-recursos/"><strong><span style="color: #993300;">Recursos</span></strong></a></li>
</ul>


<p></p>

<p>Justificación Contenidos a trabajar y actividades tipo Aspectos metodológicos Registros de evaluación Recursos</p>
