{"id":436,"date":"2021-10-07T08:16:35","date_gmt":"2021-10-07T08:16:35","guid":{"rendered":"https:\/\/creena.educacion.navarra.es\/web\/estimulacion-lenguaje\/?page_id=436"},"modified":"2021-10-07T10:37:18","modified_gmt":"2021-10-07T10:37:18","slug":"hitos-del-desarrollo","status":"publish","type":"page","link":"https:\/\/creena.educacion.navarra.es\/web\/estimulacion-lenguaje\/hitos-del-desarrollo\/","title":{"rendered":"Hitos del desarrollo"},"content":{"rendered":"<ul>\n<li><strong>Hitos de desarrollo<\/strong><\/li>\n<\/ul>\n<p>Extra\u00eddo del libro <em>\u00abGu\u00eda de actuaciones educativas en el \u00e1mbito de la comunicaci\u00f3n y el lenguaje\u00bb.<\/em> Universidad de la Laguna<\/p>\n<div style=\"display:block\">\n<!-- FlowPaper PDF flipbook plugin v.2.0.6 wordpress.org\/plugins\/flowpaper\/ -->\n<iframe title=\"FlowPaper flipbook pdf viewer\" width=\"100%\" height=\"500\" scrolling=\"no\" class=\"flowpaper-class\" frameborder=\"0\" allowFullScreen=\"true\" lightbox=\"false\" cover id src = \"https:\/\/flowpaper.com\/flipbook\/?pdf=https:\/\/creena.educacion.navarra.es\/web\/estimulacion-lenguaje\/wp-content\/uploads\/sites\/8\/2021\/10\/procesos-adquisicion-lenguaje.pdf?wp-hosted=1&title=&header=&theme=&singlepage=&thumbs=1&modified=2110071037\" seamless=\"seamless\" style=\"margin-bottom:0;display:block;\">Your browser does not seem to support iframes. <a href=\"https:\/\/flowpaper.com\/flipbook\/?pdf=https:\/\/creena.educacion.navarra.es\/web\/estimulacion-lenguaje\/wp-content\/uploads\/sites\/8\/2021\/10\/procesos-adquisicion-lenguaje.pdf?wp-hosted=1\" target=\"_blank\">Click here to read this PDF<\/a>.<\/iframe>\n<div id=\"flowpaper-logo-bottom\" class=\"flowpaper-logo-bg\" style=\"background:linear-gradient(to right, rgba(0,0,0,0.65) 0%,rgba(0,0,0,0) 200px);width:100%;height:19px; padding-bottom: 1px; padding-left: 5px; padding-right: 10px; display: flex; align-items: center;z-index:9999\"><span style=\"height: 37px; padding-left: 6px;width:90%\"> <a id=\"flowpaper-link\" style=\"fill: #fff\" alt=\"FlowPaper logotype\" title=\"FlowPaper logotype\" href=\"https:\/\/flowpaper.com\" target=\"_blank\"> <img alt=\"Publish PDF flipbooks online\" style=\"height:17px;width:auto;margin-top:11px;\" src=\"https:\/\/creena.educacion.navarra.es\/web\/estimulacion-lenguaje\/wp-content\/plugins\/flowpaper-lite-pdf-flipbook\/assets\/flowpaper-logo.png\" border=\"0\"> <\/a> <\/span><span style=\" float: right; right: 0; font-size: 10px; white-space: nowrap; opacity:0.8\"><a href=\"https:\/\/flowpaper.com\/flipbook-maker\/\" target=\"_new\" style=\"text-decoration:none;border-bottom:none;\">Created using FlowPaper Flipbook Maker &#8599;<\/a><\/span><\/div><\/div>\r\n                <script>\r\n                document.addEventListener(\"DOMContentLoaded\", function(){\r\n                    var target_element, iframe_element;\r\n                    iframe_element = document.querySelector(\"iframe.flowpaper-class\");\r\n                    target_element = document.querySelector(\"\");\r\n                    iframe_element.style.height = target_element.offsetHeight + \"px\";\r\n                });\r\n                <\/script>\r\n            \n<ul>\n<li><strong>Escala Evolutiva del desarrollo del lenguaje oral<\/strong><\/li>\n<\/ul>\n<p>Extra\u00eddo del libro \u00abECOL. Evaluaci\u00f3n de la comunicaci\u00f3n y del lenguaje\u00bb. CREENA<\/p>\n<div style=\"display:block\">\n<!-- FlowPaper PDF flipbook plugin v.2.0.6 wordpress.org\/plugins\/flowpaper\/ -->\n<iframe title=\"FlowPaper flipbook pdf viewer\" width=\"100%\" height=\"500\" scrolling=\"no\" class=\"flowpaper-class\" frameborder=\"0\" allowFullScreen=\"true\" lightbox=\"false\" cover id src = \"https:\/\/flowpaper.com\/flipbook\/?pdf=https:\/\/creena.educacion.navarra.es\/web\/estimulacion-lenguaje\/wp-content\/uploads\/sites\/8\/2021\/10\/escala-evolutiva-ecol.pdf?wp-hosted=1&title=&header=&theme=&singlepage=&thumbs=1&modified=2110071037\" seamless=\"seamless\" style=\"margin-bottom:0;display:block;\">Your browser does not seem to support iframes. <a href=\"https:\/\/flowpaper.com\/flipbook\/?pdf=https:\/\/creena.educacion.navarra.es\/web\/estimulacion-lenguaje\/wp-content\/uploads\/sites\/8\/2021\/10\/escala-evolutiva-ecol.pdf?wp-hosted=1\" target=\"_blank\">Click here to read this PDF<\/a>.<\/iframe>\n<div id=\"flowpaper-logo-bottom\" class=\"flowpaper-logo-bg\" style=\"background:linear-gradient(to right, rgba(0,0,0,0.65) 0%,rgba(0,0,0,0) 200px);width:100%;height:19px; padding-bottom: 1px; padding-left: 5px; padding-right: 10px; display: flex; align-items: center;z-index:9999\"><span style=\"height: 37px; padding-left: 6px;width:90%\"> <a id=\"flowpaper-link\" style=\"fill: #fff\" alt=\"FlowPaper logotype\" title=\"FlowPaper logotype\" href=\"https:\/\/flowpaper.com\" target=\"_blank\"> <img alt=\"Publish PDF flipbooks online\" style=\"height:17px;width:auto;margin-top:11px;\" src=\"https:\/\/creena.educacion.navarra.es\/web\/estimulacion-lenguaje\/wp-content\/plugins\/flowpaper-lite-pdf-flipbook\/assets\/flowpaper-logo.png\" border=\"0\"> <\/a> <\/span><span style=\" float: right; right: 0; font-size: 10px; white-space: nowrap; opacity:0.8\"><a href=\"https:\/\/flowpaper.com\/flipbook-maker\/\" target=\"_new\" style=\"text-decoration:none;border-bottom:none;\">Created using FlowPaper Flipbook Maker &#8599;<\/a><\/span><\/div><\/div>\r\n                <script>\r\n                document.addEventListener(\"DOMContentLoaded\", function(){\r\n                    var target_element, iframe_element;\r\n                    iframe_element = document.querySelector(\"iframe.flowpaper-class\");\r\n                    target_element = document.querySelector(\"\");\r\n                    iframe_element.style.height = target_element.offsetHeight + \"px\";\r\n                });\r\n                <\/script>\r\n            \n","protected":false},"excerpt":{"rendered":"<p>Hitos de desarrollo Extra\u00eddo del libro \u00abGu\u00eda de actuaciones educativas en el \u00e1mbito de la comunicaci\u00f3n y el lenguaje\u00bb. Universidad de la Laguna Escala Evolutiva del desarrollo del lenguaje oral Extra\u00eddo del libro \u00abECOL. Evaluaci\u00f3n de la comunicaci\u00f3n y del &hellip; <a href=\"https:\/\/creena.educacion.navarra.es\/web\/estimulacion-lenguaje\/hitos-del-desarrollo\/\">Sigue leyendo <span class=\"meta-nav\">&rarr;<\/span><\/a><\/p>\n","protected":false},"author":1,"featured_media":0,"parent":0,"menu_order":0,"comment_status":"closed","ping_status":"closed","template":"","meta":[],"_links":{"self":[{"href":"https:\/\/creena.educacion.navarra.es\/web\/estimulacion-lenguaje\/wp-json\/wp\/v2\/pages\/436"}],"collection":[{"href":"https:\/\/creena.educacion.navarra.es\/web\/estimulacion-lenguaje\/wp-json\/wp\/v2\/pages"}],"about":[{"href":"https:\/\/creena.educacion.navarra.es\/web\/estimulacion-lenguaje\/wp-json\/wp\/v2\/types\/page"}],"author":[{"embeddable":true,"href":"https:\/\/creena.educacion.navarra.es\/web\/estimulacion-lenguaje\/wp-json\/wp\/v2\/users\/1"}],"replies":[{"embeddable":true,"href":"https:\/\/creena.educacion.navarra.es\/web\/estimulacion-lenguaje\/wp-json\/wp\/v2\/comments?post=436"}],"version-history":[{"count":2,"href":"https:\/\/creena.educacion.navarra.es\/web\/estimulacion-lenguaje\/wp-json\/wp\/v2\/pages\/436\/revisions"}],"predecessor-version":[{"id":474,"href":"https:\/\/creena.educacion.navarra.es\/web\/estimulacion-lenguaje\/wp-json\/wp\/v2\/pages\/436\/revisions\/474"}],"wp:attachment":[{"href":"https:\/\/creena.educacion.navarra.es\/web\/estimulacion-lenguaje\/wp-json\/wp\/v2\/media?parent=436"}],"curies":[{"name":"wp","href":"https:\/\/api.w.org\/{rel}","templated":true}]}}

<ul>
<li><strong>Hitos de desarrollo</strong></li>
</ul>
<p>Extraído del libro <em>«Guía de actuaciones educativas en el ámbito de la comunicación y el lenguaje».</em> Universidad de la Laguna</p>
<div style="display:block">
<!-- FlowPaper PDF flipbook plugin v.2.0.6 wordpress.org/plugins/flowpaper/ -->
<iframe title="FlowPaper flipbook pdf viewer" width="100%" height="500" scrolling="no" class="flowpaper-class" frameborder="0" allowFullScreen="true" lightbox="false" cover id src = "https://flowpaper.com/flipbook/?pdf=https://creena.educacion.navarra.es/web/estimulacion-lenguaje/wp-content/uploads/sites/8/2021/10/procesos-adquisicion-lenguaje.pdf?wp-hosted=1&title=&header=&theme=&singlepage=&thumbs=1&modified=2110071037" seamless="seamless" style="margin-bottom:0;display:block;">Your browser does not seem to support iframes. <a href="https://flowpaper.com/flipbook/?pdf=https://creena.educacion.navarra.es/web/estimulacion-lenguaje/wp-content/uploads/sites/8/2021/10/procesos-adquisicion-lenguaje.pdf?wp-hosted=1" target="_blank">Click here to read this PDF</a>.</iframe>
<div id="flowpaper-logo-bottom" class="flowpaper-logo-bg" style="background:linear-gradient(to right, rgba(0,0,0,0.65) 0%,rgba(0,0,0,0) 200px);width:100%;height:19px; padding-bottom: 1px; padding-left: 5px; padding-right: 10px; display: flex; align-items: center;z-index:9999"><span style="height: 37px; padding-left: 6px;width:90%"> <a id="flowpaper-link" style="fill: #fff" alt="FlowPaper logotype" title="FlowPaper logotype" href="https://flowpaper.com" target="_blank"> <img alt="Publish PDF flipbooks online" style="height:17px;width:auto;margin-top:11px;" src="https://creena.educacion.navarra.es/web/estimulacion-lenguaje/wp-content/plugins/flowpaper-lite-pdf-flipbook/assets/flowpaper-logo.png" border="0"> </a> </span><span style=" float: right; right: 0; font-size: 10px; white-space: nowrap; opacity:0.8"><a href="https://flowpaper.com/flipbook-maker/" target="_new" style="text-decoration:none;border-bottom:none;">Created using FlowPaper Flipbook Maker &#8599;</a></span></div></div>
                <script>
                document.addEventListener("DOMContentLoaded", function(){
                    var target_element, iframe_element;
                    iframe_element = document.querySelector("iframe.flowpaper-class");
                    target_element = document.querySelector("");
                    iframe_element.style.height = target_element.offsetHeight + "px";
                });
                </script>
            
<ul>
<li><strong>Escala Evolutiva del desarrollo del lenguaje oral</strong></li>
</ul>
<p>Extraído del libro «ECOL. Evaluación de la comunicación y del lenguaje». CREENA</p>
<div style="display:block">
<!-- FlowPaper PDF flipbook plugin v.2.0.6 wordpress.org/plugins/flowpaper/ -->
<iframe title="FlowPaper flipbook pdf viewer" width="100%" height="500" scrolling="no" class="flowpaper-class" frameborder="0" allowFullScreen="true" lightbox="false" cover id src = "https://flowpaper.com/flipbook/?pdf=https://creena.educacion.navarra.es/web/estimulacion-lenguaje/wp-content/uploads/sites/8/2021/10/escala-evolutiva-ecol.pdf?wp-hosted=1&title=&header=&theme=&singlepage=&thumbs=1&modified=2110071037" seamless="seamless" style="margin-bottom:0;display:block;">Your browser does not seem to support iframes. <a href="https://flowpaper.com/flipbook/?pdf=https://creena.educacion.navarra.es/web/estimulacion-lenguaje/wp-content/uploads/sites/8/2021/10/escala-evolutiva-ecol.pdf?wp-hosted=1" target="_blank">Click here to read this PDF</a>.</iframe>
<div id="flowpaper-logo-bottom" class="flowpaper-logo-bg" style="background:linear-gradient(to right, rgba(0,0,0,0.65) 0%,rgba(0,0,0,0) 200px);width:100%;height:19px; padding-bottom: 1px; padding-left: 5px; padding-right: 10px; display: flex; align-items: center;z-index:9999"><span style="height: 37px; padding-left: 6px;width:90%"> <a id="flowpaper-link" style="fill: #fff" alt="FlowPaper logotype" title="FlowPaper logotype" href="https://flowpaper.com" target="_blank"> <img alt="Publish PDF flipbooks online" style="height:17px;width:auto;margin-top:11px;" src="https://creena.educacion.navarra.es/web/estimulacion-lenguaje/wp-content/plugins/flowpaper-lite-pdf-flipbook/assets/flowpaper-logo.png" border="0"> </a> </span><span style=" float: right; right: 0; font-size: 10px; white-space: nowrap; opacity:0.8"><a href="https://flowpaper.com/flipbook-maker/" target="_new" style="text-decoration:none;border-bottom:none;">Created using FlowPaper Flipbook Maker &#8599;</a></span></div></div>
                <script>
                document.addEventListener("DOMContentLoaded", function(){
                    var target_element, iframe_element;
                    iframe_element = document.querySelector("iframe.flowpaper-class");
                    target_element = document.querySelector("");
                    iframe_element.style.height = target_element.offsetHeight + "px";
                });
                </script>

<p>Hitos de desarrollo Extraído del libro «Guía de actuaciones educativas en el ámbito de la comunicación y el lenguaje». Universidad de la Laguna Escala Evolutiva del desarrollo del lenguaje oral Extraído del libro «ECOL. Evaluación de la comunicación y del &hellip; <a href="https://creena.educacion.navarra.es/web/estimulacion-lenguaje/hitos-del-desarrollo/">Sigue leyendo <span class="meta-nav">&rarr;</span></a></p>
