{"id":544,"date":"2021-10-22T06:51:52","date_gmt":"2021-10-22T06:51:52","guid":{"rendered":"https:\/\/creena.educacion.navarra.es\/web\/estimulacion-lenguaje\/?page_id=544"},"modified":"2024-10-09T09:28:04","modified_gmt":"2024-10-09T09:28:04","slug":"fonetica-fonologia-x","status":"publish","type":"page","link":"https:\/\/creena.educacion.navarra.es\/web\/estimulacion-lenguaje\/fonetica-fonologia-x\/","title":{"rendered":"Fon\u00e9tica\/Fonolog\u00eda"},"content":{"rendered":"<div id=\"attachment_578\" style=\"width: 200px\" class=\"wp-caption alignleft\"><a href=\"https:\/\/creena.educacion.navarra.es\/web\/estimulacion-lenguaje\/wp-content\/uploads\/sites\/8\/2021\/10\/Fonetica-fonologia_infograf..jpg\"><img aria-describedby=\"caption-attachment-578\" loading=\"lazy\" class=\"wp-image-578\" src=\"https:\/\/creena.educacion.navarra.es\/web\/estimulacion-lenguaje\/wp-content\/uploads\/sites\/8\/2021\/10\/Fonetica-fonologia_infograf..jpg\" alt=\"\" width=\"190\" height=\"269\" srcset=\"https:\/\/creena.educacion.navarra.es\/web\/estimulacion-lenguaje\/wp-content\/uploads\/sites\/8\/2021\/10\/Fonetica-fonologia_infograf..jpg 1414w, https:\/\/creena.educacion.navarra.es\/web\/estimulacion-lenguaje\/wp-content\/uploads\/sites\/8\/2021\/10\/Fonetica-fonologia_infograf.-212x300.jpg 212w, https:\/\/creena.educacion.navarra.es\/web\/estimulacion-lenguaje\/wp-content\/uploads\/sites\/8\/2021\/10\/Fonetica-fonologia_infograf.-724x1024.jpg 724w, https:\/\/creena.educacion.navarra.es\/web\/estimulacion-lenguaje\/wp-content\/uploads\/sites\/8\/2021\/10\/Fonetica-fonologia_infograf.-768x1086.jpg 768w, https:\/\/creena.educacion.navarra.es\/web\/estimulacion-lenguaje\/wp-content\/uploads\/sites\/8\/2021\/10\/Fonetica-fonologia_infograf.-1086x1536.jpg 1086w\" sizes=\"(max-width: 190px) 100vw, 190px\" \/><\/a><p id=\"caption-attachment-578\" class=\"wp-caption-text\"><span style=\"color: #ff0000;\">INFOGRAF\u00cdA<\/span><\/p><\/div>\n<ul>\n<li><a href=\"https:\/\/creena.educacion.navarra.es\/web\/estimulacion-lenguaje\/fonetica-fonologia-x\/fonetica-fonologia-justificacion\/\"><span id=\"Justificacion\"><strong>Justificaci\u00f3n<\/strong><\/span><\/a><\/li>\n<li><a href=\"https:\/\/creena.educacion.navarra.es\/web\/estimulacion-lenguaje\/fonetica-fonologia\/fonetica-fonologia-contenidos-a-trabajar\/\"><strong>Contenidos a trabajar<\/strong><\/a><\/li>\n<li><a href=\"https:\/\/creena.educacion.navarra.es\/web\/estimulacion-lenguaje\/fonetica-fonologia\/fonetica-fonologia-aspectos-metodologicos\/\"><span id=\"Aspectos_metodologicos\"><strong>Aspectos metodol\u00f3gicos<\/strong><\/span><\/a><\/li>\n<li><a href=\"https:\/\/creena.educacion.navarra.es\/web\/estimulacion-lenguaje\/fonetica-fonologia-x\/fonetica-fonologia-registros-de-evaluacion\/\"><span id=\"Registros_de_evaluacion\"><strong>Registros de evaluaci\u00f3n<\/strong><\/span><\/a><\/li>\n<li><a href=\"https:\/\/creena.educacion.navarra.es\/web\/estimulacion-lenguaje\/fonetica-fonologia-x\/fonetica-fonologia-recursos\/\" rel=\"noopener\"><span id=\"Recursos\"><strong>Recursos<\/strong><\/span><\/a><\/li>\n<\/ul>\n\n\n<p><\/p>\n","protected":false},"excerpt":{"rendered":"<p>Justificaci\u00f3n Contenidos a trabajar Aspectos metodol\u00f3gicos Registros de evaluaci\u00f3n Recursos<\/p>\n","protected":false},"author":1,"featured_media":0,"parent":0,"menu_order":0,"comment_status":"closed","ping_status":"closed","template":"","meta":[],"_links":{"self":[{"href":"https:\/\/creena.educacion.navarra.es\/web\/estimulacion-lenguaje\/wp-json\/wp\/v2\/pages\/544"}],"collection":[{"href":"https:\/\/creena.educacion.navarra.es\/web\/estimulacion-lenguaje\/wp-json\/wp\/v2\/pages"}],"about":[{"href":"https:\/\/creena.educacion.navarra.es\/web\/estimulacion-lenguaje\/wp-json\/wp\/v2\/types\/page"}],"author":[{"embeddable":true,"href":"https:\/\/creena.educacion.navarra.es\/web\/estimulacion-lenguaje\/wp-json\/wp\/v2\/users\/1"}],"replies":[{"embeddable":true,"href":"https:\/\/creena.educacion.navarra.es\/web\/estimulacion-lenguaje\/wp-json\/wp\/v2\/comments?post=544"}],"version-history":[{"count":17,"href":"https:\/\/creena.educacion.navarra.es\/web\/estimulacion-lenguaje\/wp-json\/wp\/v2\/pages\/544\/revisions"}],"predecessor-version":[{"id":1047,"href":"https:\/\/creena.educacion.navarra.es\/web\/estimulacion-lenguaje\/wp-json\/wp\/v2\/pages\/544\/revisions\/1047"}],"wp:attachment":[{"href":"https:\/\/creena.educacion.navarra.es\/web\/estimulacion-lenguaje\/wp-json\/wp\/v2\/media?parent=544"}],"curies":[{"name":"wp","href":"https:\/\/api.w.org\/{rel}","templated":true}]}}