{"id":1783,"date":"2016-09-12T11:56:17","date_gmt":"2016-09-12T11:56:17","guid":{"rendered":"https:\/\/creenasensibilizacion.wordpress.com\/libros-3\/"},"modified":"2021-03-16T11:53:23","modified_gmt":"2021-03-16T10:53:23","slug":"libros-3","status":"publish","type":"page","link":"https:\/\/creena.educacion.navarra.es\/web\/guiasensibilizacion\/bibliografia\/libros-3\/","title":{"rendered":"Libros"},"content":{"rendered":"\n\n\n<figure class=\"wp-block-table\"><table><tbody><tr><td><strong>T\u00edtulo<\/strong><\/td><td><strong>Autor<\/strong><\/td><td><strong>Editorial<\/strong><\/td><td><strong>A\u00f1o<\/strong><\/td><\/tr><tr><td><a href=\"https:\/\/creena.educacion.navarra.es\/web\/guiasensibilizacion\/2016\/09\/12\/aprender-juntos-alumnos-diferentes-los-equipos-de-aprendizaje-cooperativo-en-el-aula\/\">Aprender juntos, alumnos diferentes<\/a><\/td><td>P. Pujol\u00e1s<\/td><td>Octaedro<\/td><td>2004<\/td><\/tr><tr><td><a href=\"https:\/\/creena.educacion.navarra.es\/web\/guiasensibilizacion\/2016\/09\/15\/aprender-juntos-en-el-aula-una-propuesta-inclusiva\/\">Aprender juntos en el aula: una propuesta inclusiva<\/a><\/td><td>T. Huget<\/td><td>Gra\u00f3<\/td><td>2006<\/td><\/tr><tr><td><a href=\"https:\/\/creena.educacion.navarra.es\/web\/guiasensibilizacion\/2016\/09\/15\/aulas-inclusivas-un-nuevo-modo-de-enfocar-y-vivir-el-curriculo\/\">Aulas inclusivas: un nuevo modo de enfocar y vivir el curr\u00edculo<\/a><\/td><td>S. Stainback <br>W. Stainback<\/td><td>Narcea<\/td><td>2001<\/td><\/tr><tr><td><a href=\"https:\/\/creena.educacion.navarra.es\/web\/guiasensibilizacion\/2016\/09\/15\/buenas-practicas-de-la-escuela-inclusiva-la-inclusion-de-alumnado-con-discapacidad-un-reto-una-necesidad\/\">Buenas pr\u00e1cticas de la escuela inclusiva: la inclusi\u00f3n de alumnado con discapacidad: un reto, una necesidad<\/a><\/td><td>I. Macarulla<br>M. Saiz<\/td><td>Gra\u00f3<\/td><td>2009<\/td><\/tr><tr><td><a href=\"https:\/\/creena.educacion.navarra.es\/web\/guiasensibilizacion\/2016\/09\/15\/caminos-hacia-una-educacion-inclusiva\/\">Caminos hacia una educaci\u00f3n inclusiva<\/a><\/td><td>A. Vlachou<\/td><td>La Muralla<\/td><td>1999<\/td><\/tr><tr><td><a href=\"https:\/\/creena.educacion.navarra.es\/web\/guiasensibilizacion\/2016\/09\/15\/como-dar-clase-a-los-que-no-quieren\/\">C\u00f3mo dar clase a los que no quieren<\/a><\/td><td>J. Vaello<\/td><td>Santillana<\/td><td>2011<\/td><\/tr><tr><td><a href=\"https:\/\/creena.educacion.navarra.es\/web\/guiasensibilizacion\/2016\/09\/15\/competencias-integradas-en-infantil-y-primaria-propuestas-de-aula-de-educacion-emocional-saludable-y-civica\/\">Competencias integradas en infantil y primaria: propuestas de aula de educaci\u00f3n emocional, saludable y c\u00edvica<\/a><\/td><td>B. Zufiaurre<br>A:M. Albert\u00edn<\/td><td>CCS<\/td><td>2010<\/td><\/tr><tr><td><a href=\"https:\/\/creena.educacion.navarra.es\/web\/guiasensibilizacion\/2016\/09\/15\/comunidades-de-aprendizaje-transformar-la-educacion\/\">Comunidades de aprendizaje: transformar la educaci\u00f3n<\/a><\/td><td>VVAA<\/td><td>Gra\u00f3<\/td><td>2003<\/td><\/tr><tr><td><a href=\"https:\/\/creena.educacion.navarra.es\/web\/guiasensibilizacion\/2016\/09\/15\/criterios-psicopedagogicos-y-recursos-para-atender-la-diversidad-en-secundaria\/\">Criterios psicopedag\u00f3gicos y recursos para atender la diversidad en secundaria<\/a><\/td><td>J. Onrubia <\/td><td>Gra\u00f3<\/td><td>2004<\/td><\/tr><tr><td><a href=\"https:\/\/creena.educacion.navarra.es\/web\/guiasensibilizacion\/2016\/09\/16\/deja-que-el-mundo-exterior-entre-en-el-aula\/\">Deja que el mundo exterior entre en el aula<\/a><\/td><td>R. Austin<\/td><td>Morata<\/td><td>2009<\/td><\/tr><tr><td><a href=\"https:\/\/creena.educacion.navarra.es\/web\/guiasensibilizacion\/2016\/09\/16\/deconstruccion-de-educacion-especial-y-construccion-de-la-inclusiva\/\">Deconstrucci\u00f3n de educaci\u00f3n especial y construcci\u00f3n de la inclusiva<\/a><\/td><td>P. Manzano<\/td><td>La Muralla<\/td><td>2007<\/td><\/tr><tr><td><a href=\"https:\/\/creena.educacion.navarra.es\/web\/guiasensibilizacion\/2016\/09\/16\/desafios-para-una-escuela-inclusiva-integracion-escolar-de-personas-con-necesidades-especiales\/\">Desaf\u00edos para una escuela inclusiva. Integraci\u00f3n escolar de personas con necesidades especiales<\/a><\/td><td>VVAA<\/td><td>CEP<\/td><td>2009<\/td><\/tr><tr><td><a href=\"https:\/\/creena.educacion.navarra.es\/web\/guiasensibilizacion\/2016\/09\/16\/desarrollo-de-escuelas-inclusivas-ideas-propuestas-y-experiencias-para-mejorar-las-instituciones-escolares\/\">Desarrollo de escuelas inclusivas: ideas, propuestas y experiencias para mejorar las instituciones escolares<\/a><\/td><td>M. Ainscow<\/td><td>Narcea<\/td><td>2001<\/td><\/tr><tr><td><a href=\"https:\/\/creena.educacion.navarra.es\/web\/guiasensibilizacion\/2016\/09\/16\/diez-nuevas-competencias-para-ensenar\/\">Diez nuevas competencias para ense\u00f1ar<\/a><\/td><td>P. Perrenoud<\/td><td>Gra\u00f3<\/td><td>2004<\/td><\/tr><tr><td><a href=\"https:\/\/creena.educacion.navarra.es\/web\/guiasensibilizacion\/2016\/09\/16\/educacion-inclusiva-una-escuela-para-todos\/\">Educaci\u00f3n inclusiva: una escuela para todos<\/a><\/td><td>P. Arnaiz<\/td><td>Aljibe<\/td><td>2003<\/td><\/tr><tr><td><a href=\"https:\/\/creena.educacion.navarra.es\/web\/guiasensibilizacion\/2016\/09\/16\/educacion-matematica-y-exclusion\/\">Educaci\u00f3n matem\u00e1tica y exclusi\u00f3n<\/a><\/td><td>VVAA<\/td><td>Gra\u00f3<\/td><td>2007<\/td><\/tr><tr><td><a href=\"https:\/\/creena.educacion.navarra.es\/web\/guiasensibilizacion\/2016\/09\/16\/educacion-para-la-inclusion-o-educacion-sin-exclusiones\/\">Educaci\u00f3n para la inclusi\u00f3n o educaci\u00f3n sin exclusiones<\/a><\/td><td>G. Echeita<\/td><td>Narcea<\/td><td>2007<\/td><\/tr><tr><td><a href=\"https:\/\/creena.educacion.navarra.es\/web\/guiasensibilizacion\/2016\/09\/16\/el-aprendizaje-cooperativo\/\">El aprendizaje cooperativo<\/a><\/td><td>L. Prieto<\/td><td>PCC<\/td><td>2007<\/td><\/tr><tr><td><a href=\"https:\/\/creena.educacion.navarra.es\/web\/guiasensibilizacion\/2016\/09\/16\/el-aula-diversificada-dar-respuestas-a-las-necesidades-de-todos-los-estudiantes\/\">El aula diversificada: dar respuestas a las necesidades de todos los estudiantes<\/a><\/td><td>A.A. Tomlinson<\/td><td>Octaedro<\/td><td>2008<\/td><\/tr><tr><td><a href=\"https:\/\/creena.educacion.navarra.es\/web\/guiasensibilizacion\/2016\/09\/16\/el-profesor-emocionalmente-competente\/\">El profesor emocionalmente competente<\/a><\/td><td>J. Vaello<\/td><td>Gra\u00f3<\/td><td>2009<\/td><\/tr><tr><td><a href=\"https:\/\/creena.educacion.navarra.es\/web\/guiasensibilizacion\/2016\/09\/16\/escuela-compartida-una-investigacion-cualitativa\/\">Escuela compartida: una investigaci\u00f3n cualitativa<\/a><\/td><td>F. del Pilar<\/td><td>Universidad de Almer\u00eda<\/td><td>2003<\/td><\/tr><tr><td><a href=\"https:\/\/creena.educacion.navarra.es\/web\/guiasensibilizacion\/2016\/09\/16\/escuelas-para-la-esperanza-una-nueva-agenda-hacia-la-renovacion\/\">Escuelas para la esperanza: una nueva agenda hacia la renovaci\u00f3n<\/a><\/td><td>T. Wrigley<\/td><td>Morata<\/td><td>2007<\/td><\/tr><tr><td><a href=\"https:\/\/creena.educacion.navarra.es\/web\/guiasensibilizacion\/2016\/09\/16\/evaluar-para-conocer-examinar-para-excluir\/\">Evaluar para conocer, examinar para excluir<\/a><\/td><td>J.M. \u00c1lvarez<\/td><td>Morata<\/td><td>2001<\/td><\/tr><tr><td><a href=\"https:\/\/creena.educacion.navarra.es\/web\/guiasensibilizacion\/2016\/09\/16\/guia-para-la-evaluacion-y-mejora-de-la-educacion-inclusiva\/\">Gu\u00eda para la evaluaci\u00f3n y mejora de la educaci\u00f3n inclusiva<\/a><\/td><td>VVAA<\/td><td>Servicio Central de Publicaciones del Gobierno Vasco\u00a0<\/td><td>2000<\/td><\/tr><tr><td><a href=\"https:\/\/creena.educacion.navarra.es\/web\/guiasensibilizacion\/2016\/09\/16\/inclusion-educativa-en-un-horizonte-de-posibilidades\/\">Inclusi\u00f3n educativa en un horizonte de posibilidades<\/a><\/td><td>M.A. Casanova<\/td><td>La Muralla<\/td><td>2009<\/td><\/tr><tr><td><a href=\"https:\/\/creena.educacion.navarra.es\/web\/guiasensibilizacion\/2016\/09\/16\/la-educacion-inclusiva-de-la-exclusion-a-la-plena-participacion-de-todo-el-alumnado\/\">La educaci\u00f3n inclusiva: de la exclusi\u00f3n a la plena participaci\u00f3n de todo el alumnado<\/a><\/td><td>VVAA<\/td><td>Horsori<\/td><td>2009<\/td><\/tr><tr><td><a href=\"https:\/\/creena.educacion.navarra.es\/web\/guiasensibilizacion\/2016\/09\/16\/la-escuela-de-la-diversidad\/\">La escuela de la diversidad<\/a><\/td><td>A. Mori\u00f1a<\/td><td>S\u00edntesis<\/td><td>2008<\/td><\/tr><tr><td><a href=\"https:\/\/creena.educacion.navarra.es\/web\/guiasensibilizacion\/2016\/09\/16\/la-escuela-frente-al-limite\/\">La escuela frente al l\u00edmite<\/a><\/td><td>VVAA<\/td><td>CEP<\/td><td>2009<\/td><\/tr><tr><td><a href=\"https:\/\/creena.educacion.navarra.es\/web\/guiasensibilizacion\/2016\/09\/16\/la-escuela-inclusiva-practicas-y-reflexiones\/\">La escuela inclusiva: pr\u00e1cticas y reflexiones<\/a><\/td><td>VVAA<\/td><td>Gra\u00f3<\/td><td>2004<\/td><\/tr><tr><td><a href=\"https:\/\/creena.educacion.navarra.es\/web\/guiasensibilizacion\/2016\/09\/16\/metodologias-para-desarrollar-las-competencias-y-atender-a-la-diversidad\/\">Metodolog\u00edas para desarrollar las competencias y atender a la diversidad<\/a><\/td><td>A. Coloma<br>M. Jim\u00e9nez<br>A. S\u00e1ez<\/td><td>PPC<\/td><td>2008<\/td><\/tr><tr><td><a href=\"https:\/\/creena.educacion.navarra.es\/web\/guiasensibilizacion\/2016\/09\/16\/orientacion-educativa-atencion-a-la-diversidad-y-educacion-inclusiva\/\">Orientaci\u00f3n educativa: atenci\u00f3n a la diversidad y educaci\u00f3n inclusiva<\/a><\/td><td>E. Mart\u00edn<br>T. Mauri<\/td><td>Gra\u00f3<\/td><td>2011<\/td><\/tr><tr><td><a href=\"https:\/\/creena.educacion.navarra.es\/web\/guiasensibilizacion\/2016\/09\/19\/practicas-inclusivas-experiencias-proyectos-y-redes\/\">Pr\u00e1cticas inclusivas: experiencias, proyectos y redes<\/a><\/td><td>O. Moliner<\/td><td>Universidad Jaume I. Servicio de Comunicaci\u00f3n y Publicacione<\/td><td>2011<\/td><\/tr><tr><td><a href=\"https:\/\/creena.educacion.navarra.es\/web\/guiasensibilizacion\/2016\/09\/19\/procesos-y-contextos-educativos\/\">Procesos y contextos educativos<\/a><\/td><td>VVAA<\/td><td>La Catarata<\/td><td>2010<\/td><\/tr><tr><td><a href=\"https:\/\/creena.educacion.navarra.es\/web\/guiasensibilizacion\/2016\/09\/19\/pupitres-desiguales-integrar-o-excluir-dilema-del-actual-sistema-educativo\/\">Pupitres desiguales: integrar o excluir, dilema del actual sistema educativo<\/a><\/td><td>C. Batres,  F. De Paz<\/td><td>La Catarata<\/td><td>2001<\/td><\/tr><tr><td><a href=\"https:\/\/creena.educacion.navarra.es\/web\/guiasensibilizacion\/2016\/09\/19\/sobre-el-aprender-y-el-tiempo-que-requiere-implicaciones-para-la-escuela\/\">Sobre el aprender y el tiempo que requiere: implicaciones para la escuela<\/a><\/td><td>L Stoll<\/td><td>Octaedro<\/td><td>2004<\/td><\/tr><tr><td><a href=\"https:\/\/creena.educacion.navarra.es\/web\/guiasensibilizacion\/2016\/09\/19\/teoria-y-practica-de-la-educacion-inclusiva\/\">Teor\u00eda y pr\u00e1ctica de la educaci\u00f3n inclusiva<\/a><\/td><td>A. Mori\u00f1a<\/td><td>Aljibe<\/td><td>2004<\/td><\/tr><tr><td><a href=\"https:\/\/creena.educacion.navarra.es\/web\/guiasensibilizacion\/2016\/09\/19\/transformar-la-ensenanza-excelencia-equidad-inclusion-y-armonia-en-las-aulas-y-las-escuelas\/\">Transformar la ense\u00f1anza: excelencia, equidad, inclusi\u00f3n y armon\u00eda en las aulas y las escuelas<\/a><\/td><td>VVAA<\/td><td>Paid\u00f3s Ib\u00e9rica<\/td><td>2002<\/td><\/tr><tr><td><a href=\"https:\/\/creena.educacion.navarra.es\/web\/guiasensibilizacion\/2016\/09\/19\/una-educacion-para-manana\/\">Una educaci\u00f3n para ma\u00f1ana<\/a><\/td><td>J. Carbonell<\/td><td>Octaedro<\/td><td>2008<\/td><\/tr><tr><td><\/td><td><\/td><td><\/td><td><\/td><\/tr><tr><td><\/td><td><\/td><td><\/td><td><\/td><\/tr><\/tbody><\/table><\/figure>\n\n\n\n<p>\u00a0 \u00a0 \u00a0 \u00a0 \u00a0\u00a0 \u00a0 \u00a0 \u00a0 \u00a0\u00a0 \u00a0 \u00a0 \u00a0 \u00a0<br> \u00a0 \u00a0\u00a0\u00a0\u00a0<\/p>\n","protected":false},"excerpt":{"rendered":"<p>T\u00edtulo Autor Editorial A\u00f1o Aprender juntos, alumnos diferentes P. Pujol\u00e1s Octaedro 2004 Aprender juntos en el aula: una propuesta inclusiva T. Huget Gra\u00f3 2006 Aulas inclusivas: un nuevo modo de enfocar y vivir el curr\u00edculo S. Stainback W. Stainback Narcea &hellip; <a href=\"https:\/\/creena.educacion.navarra.es\/web\/guiasensibilizacion\/bibliografia\/libros-3\/\">Sigue leyendo <span class=\"meta-nav\">&rarr;<\/span><\/a><\/p>\n","protected":false},"author":1,"featured_media":0,"parent":48,"menu_order":0,"comment_status":"closed","ping_status":"closed","template":"onecolumn-page.php","meta":[],"_links":{"self":[{"href":"https:\/\/creena.educacion.navarra.es\/web\/guiasensibilizacion\/wp-json\/wp\/v2\/pages\/1783"}],"collection":[{"href":"https:\/\/creena.educacion.navarra.es\/web\/guiasensibilizacion\/wp-json\/wp\/v2\/pages"}],"about":[{"href":"https:\/\/creena.educacion.navarra.es\/web\/guiasensibilizacion\/wp-json\/wp\/v2\/types\/page"}],"author":[{"embeddable":true,"href":"https:\/\/creena.educacion.navarra.es\/web\/guiasensibilizacion\/wp-json\/wp\/v2\/users\/1"}],"replies":[{"embeddable":true,"href":"https:\/\/creena.educacion.navarra.es\/web\/guiasensibilizacion\/wp-json\/wp\/v2\/comments?post=1783"}],"version-history":[{"count":18,"href":"https:\/\/creena.educacion.navarra.es\/web\/guiasensibilizacion\/wp-json\/wp\/v2\/pages\/1783\/revisions"}],"predecessor-version":[{"id":2588,"href":"https:\/\/creena.educacion.navarra.es\/web\/guiasensibilizacion\/wp-json\/wp\/v2\/pages\/1783\/revisions\/2588"}],"up":[{"embeddable":true,"href":"https:\/\/creena.educacion.navarra.es\/web\/guiasensibilizacion\/wp-json\/wp\/v2\/pages\/48"}],"wp:attachment":[{"href":"https:\/\/creena.educacion.navarra.es\/web\/guiasensibilizacion\/wp-json\/wp\/v2\/media?parent=1783"}],"curies":[{"name":"wp","href":"https:\/\/api.w.org\/{rel}","templated":true}]}}