{"id":2092,"date":"2016-09-16T09:32:52","date_gmt":"2016-09-16T09:32:52","guid":{"rendered":"http:\/\/creena.educacion.navarra.es\/web\/guiasensibilizacion\/?page_id=2092"},"modified":"2021-03-12T13:16:15","modified_gmt":"2021-03-12T12:16:15","slug":"blogs-y-webs-2","status":"publish","type":"page","link":"https:\/\/creena.educacion.navarra.es\/web\/guiasensibilizacion\/bibliografia\/blogs-y-webs-2\/","title":{"rendered":"Blogs y Webs"},"content":{"rendered":"<div class=\"b-wrap b-wrap-right\">\n<div class=\"indice_titulo\"><b><img loading=\"lazy\" id=\"Header1_headerimg\" class=\"alignleft\" src=\"http:\/\/3.bp.blogspot.com\/_ehUjJ6wSGME\/Sneyv_Kuj4I\/AAAAAAAABOY\/3SYpl67lByo\/S855-R\/Utopia+definitiva+2.jpg\" alt=\"Utop\u00eda y Educaci\u00f3n\" width=\"202\" height=\"55\" \/><\/b><\/div>\n<\/div>\n<div class=\"indice_detalle\"><b>Utop\u00eda y Educaci\u00f3n<\/b><br \/>\nUtop\u00eda y Educaci\u00f3n es una asociaci\u00f3n formada por profesorado de la Comunidad de Andaluc\u00eda, interesados en innovaci\u00f3n, inclusi\u00f3n, comunidades de aprendizaje&#8230; En su blog encontramos art\u00edculos, noticias, un foro y cursos de formaci\u00f3n a trav\u00e9s de la plataforma Moodle.\u00a0<a href=\"http:\/\/www.utopiayeducacion.com\/\" target=\"_blank\" rel=\"noopener\">enlace<\/a><\/div>\n<div class=\"indice_detalle\">\n<hr \/>\n<\/div>\n<div class=\"indice_detalle\"><\/div>\n<div class=\"indice_detalle\"><b>Hacia una escuela inclusiva<\/b><br \/>\nBlog elaborado por Manuel V\u00e1zquez Uceda, maestro de PT y AL, orientador de Secundaria de Sevilla, donde podemos encontrar una recopilaci\u00f3n de experiencias, art\u00edculos, reflexiones, materiales\u2026 en torno a la escuela inclusiva\u00a0<a href=\"http:\/\/haciaunaescuelainclusiva.blogspot.com\" target=\"_blank\" rel=\"noopener\">enlace<\/a><\/div>\n<div class=\"indice_detalle\">\n<hr \/>\n<\/div>\n<div class=\"indice_detalle\"><b><img loading=\"lazy\" id=\"Header1_headerimg\" class=\"alignleft\" src=\"http:\/\/1.bp.blogspot.com\/-Q664mkRp2p0\/Ucg51A2iWRI\/AAAAAAAAAIk\/b7qt6QxcKVk\/s840\/logo%2Bfapa.jpg\" alt=\"El blog de la Federaci\u00f3n de APAS de La Rioja\" width=\"126\" height=\"70\" \/>FAPA Rioja<\/b><br \/>\nBlog creado por la Federaci\u00f3n de Asociaciones de Madres y Padres de Alumnos de Centros P\u00fablicos de la Rioja. Contiene noticias, materiales, v\u00eddeos, jornadas\u2026 sobre diversidad e inclusi\u00f3n educativa.\u00a0<a href=\"http:\/\/www.faparioja.org\" target=\"_blank\" rel=\"noopener\">enlace<\/a><\/div>\n<div class=\"indice_detalle\">\n<hr \/>\n<\/div>\n<div class=\"indice_detalle\"><b><img loading=\"lazy\" class=\" wp-image-2141 alignleft\" src=\"http:\/\/creena.educacion.navarra.es\/web\/guiasensibilizacion\/wp-content\/uploads\/sites\/2\/2016\/09\/nicolas-300x82.jpg\" alt=\"nicolas\" width=\"157\" height=\"43\" srcset=\"https:\/\/creena.educacion.navarra.es\/web\/guiasensibilizacion\/wp-content\/uploads\/sites\/2\/2016\/09\/nicolas-300x82.jpg 300w, https:\/\/creena.educacion.navarra.es\/web\/guiasensibilizacion\/wp-content\/uploads\/sites\/2\/2016\/09\/nicolas.jpg 543w\" sizes=\"(max-width: 157px) 100vw, 157px\" \/>Ayudemos a Nicolau<\/b><br \/>\nBlog elaborado por Kasia, una madre de un ni\u00f1o con TEA, y que contiene materiales variados sobre inclusi\u00f3n educativa.\u00a0<a href=\"http:\/\/ayudemosanicolau.blogspot.com.es\" target=\"_blank\" rel=\"noopener\">\u00a0<\/a><\/div>\n<div class=\"indice_detalle\">\n<div><a href=\"http:\/\/ayudemosanicolau.blogspot.com.es\" target=\"_blank\" rel=\"noopener\">enlace<\/a><\/div>\n<div>\n<hr \/>\n<\/div>\n<\/div>\n<div class=\"indice_detalle\"><b><img loading=\"lazy\" class=\" wp-image-2143 alignleft\" src=\"http:\/\/creena.educacion.navarra.es\/web\/guiasensibilizacion\/wp-content\/uploads\/sites\/2\/2016\/09\/creade-300x66.jpg\" alt=\"creade\" width=\"164\" height=\"36\" srcset=\"https:\/\/creena.educacion.navarra.es\/web\/guiasensibilizacion\/wp-content\/uploads\/sites\/2\/2016\/09\/creade-300x66.jpg 300w, https:\/\/creena.educacion.navarra.es\/web\/guiasensibilizacion\/wp-content\/uploads\/sites\/2\/2016\/09\/creade.jpg 727w\" sizes=\"(max-width: 164px) 100vw, 164px\" \/><span style=\"color: #ff0000;\">Red de Educaci\u00f3n Intercultural<\/span><\/b><br \/>\n<span style=\"color: #ff0000;\">proyecto dirigido a fortalecer la formaci\u00f3n del profesorado\u00a0sobre diversidad cultural y estrategias para promover la interculturalidad en las aulas. <a style=\"color: #ff0000;\" href=\"http:\/\/www.fundacionfide.org\/red\/recurso\/creade__centro_de_recursos_para_la_atencion_a_la_diversidad_cultural_en_educacion_.html\" target=\"_blank\" rel=\"noopener\">enlace<\/a><\/span><\/div>\n<div class=\"indice_detalle\">\n<hr \/>\n<\/div>\n<div class=\"indice_detalle\"><b><img loading=\"lazy\" class=\" wp-image-2144 alignleft\" src=\"http:\/\/creena.educacion.navarra.es\/web\/guiasensibilizacion\/wp-content\/uploads\/sites\/2\/2016\/09\/cuaderno-300x45.jpg\" alt=\"cuaderno\" width=\"173\" height=\"26\" srcset=\"https:\/\/creena.educacion.navarra.es\/web\/guiasensibilizacion\/wp-content\/uploads\/sites\/2\/2016\/09\/cuaderno-300x45.jpg 300w, https:\/\/creena.educacion.navarra.es\/web\/guiasensibilizacion\/wp-content\/uploads\/sites\/2\/2016\/09\/cuaderno.jpg 639w\" sizes=\"(max-width: 173px) 100vw, 173px\" \/>Cuaderno Intercultural<\/b><br \/>\nNoticias, recursos y diversos materiales relacionados con la educaci\u00f3n intercultural, diversidad e inclusi\u00f3n educativa.\u00a0<a href=\"http:\/\/www.cuadernointercultural.com\" target=\"_blank\" rel=\"noopener\">enlace<\/a><\/div>\n<div class=\"indice_detalle\">\n<hr \/>\n<\/div>\n<div class=\"indice_detalle\"><b><img loading=\"lazy\" class=\"logo_sid alignleft\" src=\"http:\/\/sid.usal.es\/imagenes\/logo_sid.png\" alt=\"Servicio de Informaci\u00f3n sobre Discapacidad\" width=\"171\" height=\"57\" \/>SID &#8211; Servicio de Informaci\u00f3n sobre Discapacidad<\/b><br \/>\nServicio de Informaci\u00f3n sobre Discapacidad (SID), coordinado a nivel estatal por el Ministerio de Sanidad, Servicios Sociales e Igualdad, la Universidad de Salamanca, la Consejer\u00eda de Familia e Igualdad de Oportunidades de la Junta de Castilla y Le\u00f3n y la Fundaci\u00f3n Vodafone.\u00a0<a href=\"http:\/\/sid.usal.es\/default.aspx\" target=\"_blank\" rel=\"noopener\">enlace<\/a><\/div>\n<div class=\"indice_detalle\">\n<hr \/>\n<\/div>\n<div class=\"indice_detalle\"><b><img loading=\"lazy\" class=\"alignleft\" title=\"Logotipo del Observatorio de la Discapacidad\" src=\"http:\/\/observatoriodeladiscapacidad.info\/images\/logo_observatorio.png\" alt=\"Logotipo del Observatorio de la Discapacidad\" width=\"181\" height=\"56\" \/>OED &#8211; Observatorio Estatal de la Discapacidad<\/b><br \/>\nP\u00e1gina del Observatorio Estatal de la Discapacidad (OED) que pertenece al Ministerio de Sanidad, Pol\u00edtica Social e Igualdad y tiene como objetivo recopilar, actualizar y difundir informaci\u00f3n relacionada con el \u00e1mbito de la discapacidad. \u00a0<a href=\"http:\/\/observatoriodeladiscapacidad.info\/\" target=\"_blank\" rel=\"noopener\">enlace<\/a><\/div>\n<div class=\"indice_detalle\">\n<hr \/>\n<\/div>\n<div class=\"indice_detalle\"><b><img loading=\"lazy\" class=\"alignleft\" src=\"http:\/\/www.oei.es\/imagenes_nueva_oei\/cabecera_sentados.jpg\" alt=\"OEI\" width=\"189\" height=\"33\" border=\"0\" \/><span style=\"color: #ff0000;\">OEI &#8211; Organizaci\u00f3n de Estados Ibero-Americanos<\/span><\/b><br \/>\n<span style=\"color: #ff0000;\">P\u00e1gina de la Organizaci\u00f3n de Estados Iberoamericanos para la Educaci\u00f3n, la Ciencia y la Cultura, con noticias sobre educaci\u00f3n inclusiva.\u00a0<a style=\"color: #ff0000;\" href=\"http:\/\/www.oei.es\/noticias\/spip.php?rubrique23\" target=\"_blank\" rel=\"noopener\">enlace<\/a><\/span><\/div>\n<div class=\"indice_detalle\">\n<hr \/>\n<\/div>\n<div class=\"indice_detalle\"><b><img loading=\"lazy\" class=\"alignleft\" src=\"http:\/\/diversidad.murciaeduca.es\/tecnoneet\/imagenes\/cabecera2.jpg\" alt=\"http:\/\/diversidad.murciaeduca.es\/tecnoneet\/imagenes\/cabecera2.jpg\" width=\"179\" height=\"35\" \/>Tecnoneet<\/b><br \/>\n<span style=\"color: #ff0000;\">Web de \u00abTecnolog\u00edas de apoyo en contextos de diversidad educativa, social y personal\u00bb creada por la Consejer\u00eda de Educaci\u00f3n, Formaci\u00f3n y Empleo de la Regi\u00f3n de Murcia para apoyar a los profesionales que se dedican a la atenci\u00f3n de los alumnos con necesidades espec\u00edficas de apoyo educativo. <a style=\"color: #ff0000;\" href=\"http:\/\/diversidad.murciaeduca.es\/tecnoneet\/index.php\" target=\"_blank\" rel=\"noopener\">\u00a0<\/a><a style=\"color: #ff0000;\" href=\"http:\/\/diversidad.murciaeduca.es\/tecnoneet\/index.php\" target=\"_blank\" rel=\"noopener\">enlace<\/a><\/span><\/div>\n","protected":false},"excerpt":{"rendered":"<p>Utop\u00eda y Educaci\u00f3n Utop\u00eda y Educaci\u00f3n es una asociaci\u00f3n formada por profesorado de la Comunidad de Andaluc\u00eda, interesados en innovaci\u00f3n, inclusi\u00f3n, comunidades de aprendizaje&#8230; En su blog encontramos art\u00edculos, noticias, un foro y cursos de formaci\u00f3n a trav\u00e9s de la &hellip; <a href=\"https:\/\/creena.educacion.navarra.es\/web\/guiasensibilizacion\/bibliografia\/blogs-y-webs-2\/\">Sigue leyendo <span class=\"meta-nav\">&rarr;<\/span><\/a><\/p>\n","protected":false},"author":1,"featured_media":0,"parent":48,"menu_order":0,"comment_status":"closed","ping_status":"closed","template":"","meta":[],"_links":{"self":[{"href":"https:\/\/creena.educacion.navarra.es\/web\/guiasensibilizacion\/wp-json\/wp\/v2\/pages\/2092"}],"collection":[{"href":"https:\/\/creena.educacion.navarra.es\/web\/guiasensibilizacion\/wp-json\/wp\/v2\/pages"}],"about":[{"href":"https:\/\/creena.educacion.navarra.es\/web\/guiasensibilizacion\/wp-json\/wp\/v2\/types\/page"}],"author":[{"embeddable":true,"href":"https:\/\/creena.educacion.navarra.es\/web\/guiasensibilizacion\/wp-json\/wp\/v2\/users\/1"}],"replies":[{"embeddable":true,"href":"https:\/\/creena.educacion.navarra.es\/web\/guiasensibilizacion\/wp-json\/wp\/v2\/comments?post=2092"}],"version-history":[{"count":7,"href":"https:\/\/creena.educacion.navarra.es\/web\/guiasensibilizacion\/wp-json\/wp\/v2\/pages\/2092\/revisions"}],"predecessor-version":[{"id":2556,"href":"https:\/\/creena.educacion.navarra.es\/web\/guiasensibilizacion\/wp-json\/wp\/v2\/pages\/2092\/revisions\/2556"}],"up":[{"embeddable":true,"href":"https:\/\/creena.educacion.navarra.es\/web\/guiasensibilizacion\/wp-json\/wp\/v2\/pages\/48"}],"wp:attachment":[{"href":"https:\/\/creena.educacion.navarra.es\/web\/guiasensibilizacion\/wp-json\/wp\/v2\/media?parent=2092"}],"curies":[{"name":"wp","href":"https:\/\/api.w.org\/{rel}","templated":true}]}}