{"id":36,"date":"2016-06-13T12:31:52","date_gmt":"2016-06-13T12:31:52","guid":{"rendered":"https:\/\/creenasensibilizacion.wordpress.com\/actividades\/"},"modified":"2021-03-12T13:49:51","modified_gmt":"2021-03-12T12:49:51","slug":"actividades","status":"publish","type":"page","link":"https:\/\/creena.educacion.navarra.es\/web\/guiasensibilizacion\/educacion-infantil\/actividades\/","title":{"rendered":"Actividades"},"content":{"rendered":"<ul>\n<li class=\"indice_titulo\">\n<div class=\"indice_detalle\"><a href=\"http:\/\/creena.educacion.navarra.es\/web\/guiasensibilizacion\/2016\/06\/14\/conocer-que-significa-discapacidad-auditiva\/\"><strong>Conocer que significa discapacidad auditiva<\/strong><\/a><\/div>\n<\/li>\n<li class=\"indice_contenedor\">\n<div class=\"indice_detalle\"><a href=\"http:\/\/creena.educacion.navarra.es\/web\/guiasensibilizacion\/2016\/06\/14\/conociendo-el-alfabeto-braille\/\"><strong>Conociendo el alfabeto braille<\/strong><\/a><\/div>\n<\/li>\n<li class=\"indice_contenedor\">\n<div class=\"indice_detalle\"><a href=\"http:\/\/creena.educacion.navarra.es\/web\/guiasensibilizacion\/2016\/06\/14\/cuento-contigo-cuenta-conmigotimi\/\"><strong>\u00a0Cuento Contigo Cuenta conmigo: TIMI<\/strong><\/a><\/div>\n<\/li>\n<li class=\"indice_contenedor\">\n<div class=\"indice_detalle\"><a href=\"http:\/\/creena.educacion.navarra.es\/web\/guiasensibilizacion\/2016\/06\/15\/degustacion-de-sustancias\/\"><strong>Degustaci\u00f3n de sustancias<\/strong><\/a><\/div>\n<\/li>\n<li class=\"indice_contenedor\"><a href=\"http:\/\/creena.educacion.navarra.es\/web\/guiasensibilizacion\/2016\/09\/09\/guia-de-materiales-para-la-inclusion-educativa-discapacidad-intelectual-y-del-desarrollo-3\/\"><strong>Gu\u00eda de materiales para la Inclusi\u00f3n Educativa: discapacidad intelectual y del desarrollo<\/strong><\/a><\/li>\n<li class=\"indice_contenedor\">\n<div class=\"indice_detalle\"><a href=\"http:\/\/creena.educacion.navarra.es\/web\/guiasensibilizacion\/2016\/06\/15\/juego-del-parchis-y-oca-magneticos\/\"><strong>Juego del parch\u00eds y oca magn\u00e9ticos<\/strong><\/a><\/div>\n<\/li>\n<li class=\"indice_contenedor\">\n<div class=\"indice_detalle\"><a href=\"http:\/\/creena.educacion.navarra.es\/web\/guiasensibilizacion\/2016\/06\/15\/juego-tactil\/\"><strong>Juego t\u00e1ctil\u00a0<\/strong><\/a><\/div>\n<\/li>\n<li class=\"indice_contenedor\"><strong><a href=\"http:\/\/creena.educacion.navarra.es\/web\/guiasensibilizacion\/2016\/06\/15\/la-careta-de-nemo\/\">La careta de Nemo<\/a>\u00a0<\/strong><\/li>\n<li class=\"indice_contenedor\"><a href=\"http:\/\/creena.educacion.navarra.es\/web\/guiasensibilizacion\/2016\/06\/17\/taller-de-movilidad\/\"><strong>Taller de movilidad<\/strong><\/a><\/li>\n<li class=\"indice_contenedor\">\n<div class=\"indice_detalle\"><a href=\"http:\/\/creena.educacion.navarra.es\/web\/guiasensibilizacion\/2016\/06\/17\/taller-de-movilidad\/\"><strong>\u00bfQui\u00e9n vive aqu\u00ed?<\/strong><\/a><\/div>\n<\/li>\n<\/ul>\n","protected":false},"excerpt":{"rendered":"<p>Conocer que significa discapacidad auditiva Conociendo el alfabeto braille \u00a0Cuento Contigo Cuenta conmigo: TIMI Degustaci\u00f3n de sustancias Gu\u00eda de materiales para la Inclusi\u00f3n Educativa: discapacidad intelectual y del desarrollo Juego del parch\u00eds y oca magn\u00e9ticos Juego t\u00e1ctil\u00a0 La careta de &hellip; <a href=\"https:\/\/creena.educacion.navarra.es\/web\/guiasensibilizacion\/educacion-infantil\/actividades\/\">Sigue leyendo <span class=\"meta-nav\">&rarr;<\/span><\/a><\/p>\n","protected":false},"author":1,"featured_media":0,"parent":5,"menu_order":0,"comment_status":"closed","ping_status":"closed","template":"","meta":[],"_links":{"self":[{"href":"https:\/\/creena.educacion.navarra.es\/web\/guiasensibilizacion\/wp-json\/wp\/v2\/pages\/36"}],"collection":[{"href":"https:\/\/creena.educacion.navarra.es\/web\/guiasensibilizacion\/wp-json\/wp\/v2\/pages"}],"about":[{"href":"https:\/\/creena.educacion.navarra.es\/web\/guiasensibilizacion\/wp-json\/wp\/v2\/types\/page"}],"author":[{"embeddable":true,"href":"https:\/\/creena.educacion.navarra.es\/web\/guiasensibilizacion\/wp-json\/wp\/v2\/users\/1"}],"replies":[{"embeddable":true,"href":"https:\/\/creena.educacion.navarra.es\/web\/guiasensibilizacion\/wp-json\/wp\/v2\/comments?post=36"}],"version-history":[{"count":4,"href":"https:\/\/creena.educacion.navarra.es\/web\/guiasensibilizacion\/wp-json\/wp\/v2\/pages\/36\/revisions"}],"predecessor-version":[{"id":2559,"href":"https:\/\/creena.educacion.navarra.es\/web\/guiasensibilizacion\/wp-json\/wp\/v2\/pages\/36\/revisions\/2559"}],"up":[{"embeddable":true,"href":"https:\/\/creena.educacion.navarra.es\/web\/guiasensibilizacion\/wp-json\/wp\/v2\/pages\/5"}],"wp:attachment":[{"href":"https:\/\/creena.educacion.navarra.es\/web\/guiasensibilizacion\/wp-json\/wp\/v2\/media?parent=36"}],"curies":[{"name":"wp","href":"https:\/\/api.w.org\/{rel}","templated":true}]}}

<ul>
<li class="indice_titulo">
<div class="indice_detalle"><a href="http://creena.educacion.navarra.es/web/guiasensibilizacion/2016/06/14/conocer-que-significa-discapacidad-auditiva/"><strong>Conocer que significa discapacidad auditiva</strong></a></div>
</li>
<li class="indice_contenedor">
<div class="indice_detalle"><a href="http://creena.educacion.navarra.es/web/guiasensibilizacion/2016/06/14/conociendo-el-alfabeto-braille/"><strong>Conociendo el alfabeto braille</strong></a></div>
</li>
<li class="indice_contenedor">
<div class="indice_detalle"><a href="http://creena.educacion.navarra.es/web/guiasensibilizacion/2016/06/14/cuento-contigo-cuenta-conmigotimi/"><strong> Cuento Contigo Cuenta conmigo: TIMI</strong></a></div>
</li>
<li class="indice_contenedor">
<div class="indice_detalle"><a href="http://creena.educacion.navarra.es/web/guiasensibilizacion/2016/06/15/degustacion-de-sustancias/"><strong>Degustación de sustancias</strong></a></div>
</li>
<li class="indice_contenedor"><a href="http://creena.educacion.navarra.es/web/guiasensibilizacion/2016/09/09/guia-de-materiales-para-la-inclusion-educativa-discapacidad-intelectual-y-del-desarrollo-3/"><strong>Guía de materiales para la Inclusión Educativa: discapacidad intelectual y del desarrollo</strong></a></li>
<li class="indice_contenedor">
<div class="indice_detalle"><a href="http://creena.educacion.navarra.es/web/guiasensibilizacion/2016/06/15/juego-del-parchis-y-oca-magneticos/"><strong>Juego del parchís y oca magnéticos</strong></a></div>
</li>
<li class="indice_contenedor">
<div class="indice_detalle"><a href="http://creena.educacion.navarra.es/web/guiasensibilizacion/2016/06/15/juego-tactil/"><strong>Juego táctil </strong></a></div>
</li>
<li class="indice_contenedor"><strong><a href="http://creena.educacion.navarra.es/web/guiasensibilizacion/2016/06/15/la-careta-de-nemo/">La careta de Nemo</a> </strong></li>
<li class="indice_contenedor"><a href="http://creena.educacion.navarra.es/web/guiasensibilizacion/2016/06/17/taller-de-movilidad/"><strong>Taller de movilidad</strong></a></li>
<li class="indice_contenedor">
<div class="indice_detalle"><a href="http://creena.educacion.navarra.es/web/guiasensibilizacion/2016/06/17/taller-de-movilidad/"><strong>¿Quién vive aquí?</strong></a></div>
</li>
</ul>

<p>Conocer que significa discapacidad auditiva Conociendo el alfabeto braille  Cuento Contigo Cuenta conmigo: TIMI Degustación de sustancias Guía de materiales para la Inclusión Educativa: discapacidad intelectual y del desarrollo Juego del parchís y oca magnéticos Juego táctil  La careta de &hellip; <a href="https://creena.educacion.navarra.es/web/guiasensibilizacion/educacion-infantil/actividades/">Sigue leyendo <span class="meta-nav">&rarr;</span></a></p>
