{"id":441,"date":"2017-09-08T12:08:09","date_gmt":"2017-09-08T12:08:09","guid":{"rendered":"http:\/\/creena.educacion.navarra.es\/web\/protocolos\/?page_id=441"},"modified":"2017-09-26T11:01:27","modified_gmt":"2017-09-26T11:01:27","slug":"5-contexto-familiar-y-escolar","status":"publish","type":"page","link":"https:\/\/creena.educacion.navarra.es\/web\/protocolos\/visuales\/5-contexto-familiar-y-escolar\/","title":{"rendered":"5. Contexto familiar y escolar"},"content":{"rendered":"<h4><span style=\"color: #993300;\">Contexto familiar<\/span><\/h4>\n<h6><span style=\"color: #993300;\">Pruebas estandarizadas<\/span><\/h6>\n<ul>\n<li>Entrevista familiar<\/li>\n<li><strong>FES<\/strong> Escala de clima familiar\u2663<\/li>\n<\/ul>\n<h4><span style=\"color: #993300;\">Contexto escolar<\/span><\/h4>\n<h6><span style=\"color: #993300;\">Pruebas estandarizadas<\/span><\/h6>\n<ul>\n<li><strong>Recogida de informaci\u00f3n de aspectos de accesibilidad en los entornos habituales del alumno\/a con discapacidad visual. <\/strong>\n<ul>\n<li><strong>El aula. <\/strong>Aspectos de organizaci\u00f3n del mobiliario, condiciones de iluminaci\u00f3n, ubicaci\u00f3n del alumno, desenvolvimiento en el grupo clase, en sesi\u00f3n individual..<\/li>\n<li><strong>El patio: <\/strong>con y sin alumnado.<\/li>\n<li><strong>Otros espacios: <\/strong>gimnasio, pasillos, aulas especificas\u2026<\/li>\n<\/ul>\n<p><strong>\u2026\u2026.<\/strong><\/li>\n<\/ul>\n","protected":false},"excerpt":{"rendered":"<p>Contexto familiar Pruebas estandarizadas Entrevista familiar FES Escala de clima familiar\u2663 Contexto escolar Pruebas estandarizadas Recogida de informaci\u00f3n de aspectos de accesibilidad en los entornos habituales del alumno\/a con discapacidad visual. El aula. Aspectos de organizaci\u00f3n del mobiliario, condiciones de iluminaci\u00f3n, ubicaci\u00f3n del alumno, desenvolvimiento en el grupo clase, en sesi\u00f3n individual.. El patio: con [&hellip;]<\/p>\n","protected":false},"author":1,"featured_media":0,"parent":27,"menu_order":0,"comment_status":"closed","ping_status":"closed","template":"","meta":{"_genesis_hide_title":false,"_genesis_hide_breadcrumbs":false,"_genesis_hide_singular_image":false,"_genesis_hide_footer_widgets":false,"_genesis_custom_body_class":"","_genesis_custom_post_class":"","_genesis_layout":""},"_links":{"self":[{"href":"https:\/\/creena.educacion.navarra.es\/web\/protocolos\/wp-json\/wp\/v2\/pages\/441"}],"collection":[{"href":"https:\/\/creena.educacion.navarra.es\/web\/protocolos\/wp-json\/wp\/v2\/pages"}],"about":[{"href":"https:\/\/creena.educacion.navarra.es\/web\/protocolos\/wp-json\/wp\/v2\/types\/page"}],"author":[{"embeddable":true,"href":"https:\/\/creena.educacion.navarra.es\/web\/protocolos\/wp-json\/wp\/v2\/users\/1"}],"replies":[{"embeddable":true,"href":"https:\/\/creena.educacion.navarra.es\/web\/protocolos\/wp-json\/wp\/v2\/comments?post=441"}],"version-history":[{"count":2,"href":"https:\/\/creena.educacion.navarra.es\/web\/protocolos\/wp-json\/wp\/v2\/pages\/441\/revisions"}],"predecessor-version":[{"id":636,"href":"https:\/\/creena.educacion.navarra.es\/web\/protocolos\/wp-json\/wp\/v2\/pages\/441\/revisions\/636"}],"up":[{"embeddable":true,"href":"https:\/\/creena.educacion.navarra.es\/web\/protocolos\/wp-json\/wp\/v2\/pages\/27"}],"wp:attachment":[{"href":"https:\/\/creena.educacion.navarra.es\/web\/protocolos\/wp-json\/wp\/v2\/media?parent=441"}],"curies":[{"name":"wp","href":"https:\/\/api.w.org\/{rel}","templated":true}]}}

<h4><span style="color: #993300;">Contexto familiar</span></h4>
<h6><span style="color: #993300;">Pruebas estandarizadas</span></h6>
<ul>
<li>Entrevista familiar</li>
<li><strong>FES</strong> Escala de clima familiar♣</li>
</ul>
<h4><span style="color: #993300;">Contexto escolar</span></h4>
<h6><span style="color: #993300;">Pruebas estandarizadas</span></h6>
<ul>
<li><strong>Recogida de información de aspectos de accesibilidad en los entornos habituales del alumno/a con discapacidad visual. </strong>
<ul>
<li><strong>El aula. </strong>Aspectos de organización del mobiliario, condiciones de iluminación, ubicación del alumno, desenvolvimiento en el grupo clase, en sesión individual..</li>
<li><strong>El patio: </strong>con y sin alumnado.</li>
<li><strong>Otros espacios: </strong>gimnasio, pasillos, aulas especificas…</li>
</ul>
<p><strong>…….</strong></li>
</ul>

<p>Contexto familiar Pruebas estandarizadas Entrevista familiar FES Escala de clima familiar♣ Contexto escolar Pruebas estandarizadas Recogida de información de aspectos de accesibilidad en los entornos habituales del alumno/a con discapacidad visual. El aula. Aspectos de organización del mobiliario, condiciones de iluminación, ubicación del alumno, desenvolvimiento en el grupo clase, en sesión individual.. El patio: con [&hellip;]</p>
