{"id":456,"date":"2017-09-11T06:26:50","date_gmt":"2017-09-11T06:26:50","guid":{"rendered":"http:\/\/creena.educacion.navarra.es\/web\/protocolos\/?page_id=456"},"modified":"2017-09-11T06:26:50","modified_gmt":"2017-09-11T06:26:50","slug":"0-introduccion","status":"publish","type":"page","link":"https:\/\/creena.educacion.navarra.es\/web\/protocolos\/motoricos\/0-introduccion\/","title":{"rendered":"0. Introducci\u00f3n"},"content":{"rendered":"<p>El alumnado con limitaciones en la movilidad engloba\u00a0 a un grupo muy\u00a0 diverso con caracter\u00edsticas a veces muy diferentes unos de otros y\u00a0 con singularidad propia.<\/p>\n<p>Dada la heterogeneidad de este alumnado, nos podemos encontrar desde alumno\/as con escasa movilidad, ausencia de lenguaje y problemas asociados, hasta alumnos\/as que solo presentan un peque\u00f1o retraso motor y\/o dificultades de motricidad fina.<\/p>\n<p>La evaluaci\u00f3n se adaptar\u00e1 por tanto a las caracter\u00edsticas de cada alumno\/a que a su vez determinar\u00e1n que Instrumentos son los m\u00e1s adecuados para realizar la valoraci\u00f3n de sus necesidades.<\/p>\n<p>Las pruebas estandarizadas tienen una serie de limitaciones al utilizarse con parte de nuestro alumnado, por tanto deben ser complementarias a otros procedimientos de evaluaci\u00f3n.<\/p>\n<p>Ser\u00e1 necesario combinar instrumentos est\u00e1ndar con procedimientos\u00a0 menos formales sin olvidar que debe ser una evaluaci\u00f3n interdisciplinar con la colaboraci\u00f3n de todos los profesionales que intervienen con dicho alumnado: Maestros de AL y\u00a0 PT, Fisioterapeutas, Orientadores, Cuidadores y Profesorado de diferentes especialidades.<\/p>\n<p>En una parte\u00a0 de nuestro\u00a0 alumnado tendr\u00e1n que ser pruebas sin l\u00edmite de tiempo, que requieran una leve respuesta motora, adaptadas a su capacidad expresiva y capacidades manipulativas<\/p>\n<p>La evaluaci\u00f3n debe ser funcional, centrada en la valoraci\u00f3n de las capacidades y potencialidades del ni\u00f1o o ni\u00f1a as\u00ed como de su entorno.<\/p>\n<p>Por lo tanto hay que valorar tanto al ni\u00f1o\/a como todas las adaptaciones en los elementos de acceso y el uso de ayudas t\u00e9cnicas que van a facilitar al alumnado la consecuci\u00f3n de los objetivos del curr\u00edculo<\/p>\n<p>Cuanto mayor ajuste haya entre las necesidades del alumnado y la adecuaci\u00f3n del contexto escolar m\u00e1s normalizada ser\u00e1 la respuesta educativa.<\/p>\n","protected":false},"excerpt":{"rendered":"<p>El alumnado con limitaciones en la movilidad engloba\u00a0 a un grupo muy\u00a0 diverso con caracter\u00edsticas a veces muy diferentes unos de otros y\u00a0 con singularidad propia. Dada la heterogeneidad de este alumnado, nos podemos encontrar desde alumno\/as con escasa movilidad, ausencia de lenguaje y problemas asociados, hasta alumnos\/as que solo presentan un peque\u00f1o retraso motor [&hellip;]<\/p>\n","protected":false},"author":1,"featured_media":0,"parent":21,"menu_order":0,"comment_status":"closed","ping_status":"closed","template":"","meta":{"_genesis_hide_title":false,"_genesis_hide_breadcrumbs":false,"_genesis_hide_singular_image":false,"_genesis_hide_footer_widgets":false,"_genesis_custom_body_class":"","_genesis_custom_post_class":"","_genesis_layout":""},"_links":{"self":[{"href":"https:\/\/creena.educacion.navarra.es\/web\/protocolos\/wp-json\/wp\/v2\/pages\/456"}],"collection":[{"href":"https:\/\/creena.educacion.navarra.es\/web\/protocolos\/wp-json\/wp\/v2\/pages"}],"about":[{"href":"https:\/\/creena.educacion.navarra.es\/web\/protocolos\/wp-json\/wp\/v2\/types\/page"}],"author":[{"embeddable":true,"href":"https:\/\/creena.educacion.navarra.es\/web\/protocolos\/wp-json\/wp\/v2\/users\/1"}],"replies":[{"embeddable":true,"href":"https:\/\/creena.educacion.navarra.es\/web\/protocolos\/wp-json\/wp\/v2\/comments?post=456"}],"version-history":[{"count":1,"href":"https:\/\/creena.educacion.navarra.es\/web\/protocolos\/wp-json\/wp\/v2\/pages\/456\/revisions"}],"predecessor-version":[{"id":457,"href":"https:\/\/creena.educacion.navarra.es\/web\/protocolos\/wp-json\/wp\/v2\/pages\/456\/revisions\/457"}],"up":[{"embeddable":true,"href":"https:\/\/creena.educacion.navarra.es\/web\/protocolos\/wp-json\/wp\/v2\/pages\/21"}],"wp:attachment":[{"href":"https:\/\/creena.educacion.navarra.es\/web\/protocolos\/wp-json\/wp\/v2\/media?parent=456"}],"curies":[{"name":"wp","href":"https:\/\/api.w.org\/{rel}","templated":true}]}}

0. Introducción

<p>El alumnado con limitaciones en la movilidad engloba  a un grupo muy  diverso con características a veces muy diferentes unos de otros y  con singularidad propia.</p>
<p>Dada la heterogeneidad de este alumnado, nos podemos encontrar desde alumno/as con escasa movilidad, ausencia de lenguaje y problemas asociados, hasta alumnos/as que solo presentan un pequeño retraso motor y/o dificultades de motricidad fina.</p>
<p>La evaluación se adaptará por tanto a las características de cada alumno/a que a su vez determinarán que Instrumentos son los más adecuados para realizar la valoración de sus necesidades.</p>
<p>Las pruebas estandarizadas tienen una serie de limitaciones al utilizarse con parte de nuestro alumnado, por tanto deben ser complementarias a otros procedimientos de evaluación.</p>
<p>Será necesario combinar instrumentos estándar con procedimientos  menos formales sin olvidar que debe ser una evaluación interdisciplinar con la colaboración de todos los profesionales que intervienen con dicho alumnado: Maestros de AL y  PT, Fisioterapeutas, Orientadores, Cuidadores y Profesorado de diferentes especialidades.</p>
<p>En una parte  de nuestro  alumnado tendrán que ser pruebas sin límite de tiempo, que requieran una leve respuesta motora, adaptadas a su capacidad expresiva y capacidades manipulativas</p>
<p>La evaluación debe ser funcional, centrada en la valoración de las capacidades y potencialidades del niño o niña así como de su entorno.</p>
<p>Por lo tanto hay que valorar tanto al niño/a como todas las adaptaciones en los elementos de acceso y el uso de ayudas técnicas que van a facilitar al alumnado la consecución de los objetivos del currículo</p>
<p>Cuanto mayor ajuste haya entre las necesidades del alumnado y la adecuación del contexto escolar más normalizada será la respuesta educativa.</p>

<p>El alumnado con limitaciones en la movilidad engloba  a un grupo muy  diverso con características a veces muy diferentes unos de otros y  con singularidad propia. Dada la heterogeneidad de este alumnado, nos podemos encontrar desde alumno/as con escasa movilidad, ausencia de lenguaje y problemas asociados, hasta alumnos/as que solo presentan un pequeño retraso motor [&hellip;]</p>
