{"id":478,"date":"2017-09-11T09:29:03","date_gmt":"2017-09-11T09:29:03","guid":{"rendered":"http:\/\/creena.educacion.navarra.es\/web\/protocolos\/?page_id=478"},"modified":"2022-01-17T09:41:37","modified_gmt":"2022-01-17T09:41:37","slug":"4-aspectos-emocionales-y-sociales","status":"publish","type":"page","link":"https:\/\/creena.educacion.navarra.es\/web\/protocolos\/motoricos\/4-aspectos-emocionales-y-sociales\/","title":{"rendered":"4. Aspectos emocionales y sociales"},"content":{"rendered":"<h4><span style=\"color: #993300;\">Personalidad<\/span><\/h4>\n<h6><span style=\"color: #993300;\">Pruebas estandarizadas<\/span><\/h6>\n<ul>\n<li><a href=\"https:\/\/web.teaediciones.com\/espq-cuestionario-factorial-de-personalidad.aspx\" target=\"_blank\" rel=\"noopener noreferrer\"><strong>ESPQ <\/strong><\/a>Cuestionario para la valoraci\u00f3n de los rasgos de personalidad de los ni\u00f1os (de 6 a 7 a\u00f1os).\u2663<\/li>\n<li><strong><a href=\"https:\/\/web.teaediciones.com\/cpq-cuestionario-de-personalidad-para-ni%C3%B1os.aspx\" target=\"_blank\" rel=\"noopener noreferrer\">CPQ<\/a>.<\/strong> Cuestionario de personalidad para ni\u00f1os (de 8 a 12 a\u00f1os).\u2663<\/li>\n<li><a href=\"https:\/\/web.teaediciones.com\/bfq-na-cuestionario-%E2%80%9Cbig-five%E2%80%9D-de-personalidad-para-ni%C3%B1os-y-adolescentes.aspx\" target=\"_blank\" rel=\"noopener noreferrer\"><strong>BFQ-NA. <\/strong><\/a>Cuestionario \u201cBIG FIVE \u201cde personalidad para ni\u00f1os y adolescentes. (de 8 a 15 a\u00f1os)\u2663<\/li>\n<li><strong>EPIJ <\/strong>Evaluaci\u00f3n de la personalidad Infantil y Juvenil (de 5 a 14 a\u00f1os)\u2663<\/li>\n<li><a href=\"http:\/\/web.teaediciones.com\/16pf-apq-cuestionario-de-personalidad-para-adolescentes.aspx\" target=\"_blank\" rel=\"noopener noreferrer\"><strong>16 PF-APQ<\/strong><\/a>. cuestionario de personalidad para adolescentes (de 12 a 19 a\u00f1os)\u2663<\/li>\n<li><a href=\"http:\/\/web.teaediciones.com\/mmpi-a-inventario-multifasico-de-personalidad-de-minnesota-para-adolescentes.aspx\" target=\"_blank\" rel=\"noopener noreferrer\"><strong>MMPI-A<\/strong>.<\/a> Inventario multif\u00e1sico de personalidad de Minnesota para adolescentes (de 14 a 18 a\u00f1os)\u2663<\/li>\n<\/ul>\n<h4><span style=\"color: #993300;\">Autoconcepto y autoestima<\/span><\/h4>\n<h6><span style=\"color: #993300;\">Pruebas estandarizadas<\/span><\/h6>\n<ul>\n<li><a href=\"https:\/\/web.teaediciones.com\/af-5-autoconcepto-forma---5.aspx\" target=\"_blank\" rel=\"noopener noreferrer\"><strong>AF-5 <\/strong><\/a> Forma 5 (de 10 a\u00f1os- adultos)\u2663<\/li>\n<li><a href=\"https:\/\/www.espaciologopedico.com\/tienda\/prod\/7370\/eos--iame-inventario-de-autoconcepto-en-el-medio-escolar.html\" target=\"_blank\" rel=\"noopener noreferrer\"><strong>EOS-IAME <\/strong><\/a>Escala de percepci\u00f3n del autoconcepto infantil (de 8 a 12 a\u00f1os)\u00a0\u2663<\/li>\n<li><strong>AF <\/strong>Cuestionario de autoconcepto f\u00edsico ( &gt; 12 a\u00f1os)\u2663<\/li>\n<li><a href=\"http:\/\/www.eos.es\/colecciones-2\/personalidad\/cag\" target=\"_blank\" rel=\"noopener noreferrer\"><strong>CAG <\/strong><\/a>Cuestionario de autoconcepto Garley (de 7 a 18 a\u00f1os)\u2663<\/li>\n<li><a href=\"http:\/\/web.teaediciones.com\/a-ep-evaluacion-de-la-autoestima-en-educacion-primaria.aspx\" target=\"_blank\" rel=\"noopener noreferrer\"><strong>AEP <\/strong><\/a>Cuestionario para la evaluaci\u00f3n de la autoestima en Educaci\u00f3n Primaria.\u2663<\/li>\n<\/ul>\n<h4><span style=\"color: #993300;\">Adaptaci\u00f3n<\/span><\/h4>\n<h6><span style=\"color: #993300;\">Pruebas estandarizadas<\/span><\/h6>\n<ul>\n<li><a href=\"http:\/\/www.gac.com.es\/editorial\/INFO\/Manuales\/emaMANU.pdf\" target=\"_blank\" rel=\"noopener noreferrer\"><strong>EMA <\/strong><\/a>Escalas Magallanes de Adaptaci\u00f3n (de 12 a18 a\u00f1os<strong>)\u2663<\/strong><\/li>\n<li><a href=\"https:\/\/web.teaediciones.com\/TAMAI--TEST-AUTOEVALUATIVO-MULTIFACTORIAL-DE-ADAPTACION-INFANTIL.aspx\" target=\"_blank\" rel=\"noopener noreferrer\"><strong>TAMAI <\/strong><\/a>Test Autoevaluativo Multifactorial de Adaptaci\u00f3n Infantil (de 8 a\u00f1os en adelante)\u2663<\/li>\n<li><a href=\"http:\/\/web.teaediciones.com\/ABAS-II.-SISTEMA-PARA-LA-EVALUACION-DE-LA-CONDUCTA-ADAPTATIVA.aspx\" target=\"_blank\" rel=\"noopener noreferrer\"><strong>ABAS II.<\/strong><\/a> Sistema de Evaluaci\u00f3n de la Conducta Adaptativa (de 0 a 89 a\u00f1os)\u2663<\/li>\n<li><a href=\"http:\/\/web.teaediciones.com\/SENA-Sistema-de-Evaluacion-de-Ninos-y-Adolescentes.aspx\" target=\"_blank\" rel=\"noopener noreferrer\"><strong>SENA.<\/strong> <\/a>Sistema de Evaluaci\u00f3n de ni\u00f1os y adolescentes. (de 3 a 18 a\u00f1os)\u2663<\/li>\n<\/ul>\n<h4><span style=\"color: #993300;\">Socializaci\u00f3n<\/span><\/h4>\n<h6><span style=\"color: #993300;\">Pruebas estandarizadas<\/span><\/h6>\n<ul>\n<li><a href=\"http:\/\/web.teaediciones.com\/bas-bateria-de-socializacion-1-2-y-3.aspx\" target=\"_blank\" rel=\"noopener noreferrer\"><strong>BAS.<\/strong> <\/a>Bater\u00eda de Socializaci\u00f3n (1, 2 y 3)\n<ul>\n<li><strong>BAS 1 <\/strong>Valoraci\u00f3n del (de 6 a 15 a\u00f1os)\u2663<\/li>\n<li><strong>BAS 2 <\/strong>Valoraci\u00f3n de los padres (de 6 a 15 a\u00f1os)\u2663<\/li>\n<li><strong>BAS 3 <\/strong>Autoinforme (de 11 a 19 a\u00f1os )\u2663<\/li>\n<\/ul>\n<\/li>\n<li><a href=\"http:\/\/www.gac.com.es\/editorial\/INFO\/Manuales\/adcaMANU.pdf\" target=\"_blank\" rel=\"noopener noreferrer\"><strong>ADCA <\/strong><\/a>Actitudes y valores en las interacciones sociales ( &gt;12 a\u00f1os)\u2663<\/li>\n<li><a href=\"http:\/\/www.gac.com.es\/editorial\/INFO\/Manuales\/evhacospiMANU.pdf\" target=\"_blank\" rel=\"noopener noreferrer\"><strong>EVHACOSPI <\/strong><\/a>Evaluaci\u00f3n de Habilidades Cognitivas de Soluci\u00f3n de problemas Interpersonales (de 4 a 12 a\u00f1os)\u2663<\/li>\n<li><a href=\"https:\/\/web.teaediciones.com\/AECS--ACTITUDES-Y-ESTRATEGIAS-COGNITIVAS-SOCIALES.aspx\" target=\"_blank\" rel=\"noopener noreferrer\"><strong>AECS<\/strong><\/a> Actitudes y estrategias cognitivas sociales (de 12 a 17 a\u00f1os)\u2663<\/li>\n<\/ul>\n<h4><span style=\"color: #993300;\">Ansiedad<\/span><\/h4>\n<h6><span style=\"color: #993300;\">Pruebas estandarizadas<\/span><\/h6>\n<ul>\n<li><a href=\"http:\/\/web.teaediciones.com\/isra-inventario-de-situaciones-y-respuestas-de-ansiedad.aspx\" target=\"_blank\" rel=\"noopener noreferrer\"><strong>ISRA <\/strong><\/a>Inventario de Situaciones y Respuestas de Ansiedad (&gt;16 a\u00f1os)\u2663<\/li>\n<li><a href=\"http:\/\/web.teaediciones.com\/CAS--CUESTIONARIO-DE-ANSIEDAD-INFANTIL.aspx\" target=\"_blank\" rel=\"noopener noreferrer\"><strong>CAS <\/strong><\/a>Cuestionario de Ansiedad Infantil (de 6 a 8 a\u00f1os)\u2663<\/li>\n<li><a href=\"http:\/\/web.teaediciones.com\/staic-cuestionario-de-ansiedad-estadorasgo-en-ni%C3%B1os.aspx\" target=\"_blank\" rel=\"noopener noreferrer\"><strong>STAIC <\/strong><\/a>Cuestionario de Autoevaluaci\u00f3n Ansiedad Estado\/Rasgo en Ni\u00f1os (de 9 a 15 a\u00f1os)\u2663<\/li>\n<li><a href=\"https:\/\/web.teaediciones.com\/CECAD.-CUESTIONARIO-EDUCATIVO-CLINICO-ANSIEDAD-Y-DEPRESION.aspx\" target=\"_blank\" rel=\"noopener noreferrer\"><strong>CECAD <\/strong><\/a>Cuestionario educativo cl\u00ednico: Ansiedad y Depresi\u00f3n (de 7 a 25 a\u00f1os)\u2663<\/li>\n<\/ul>\n<h4><span style=\"color: #993300;\">Depresi\u00f3n<\/span><\/h4>\n<h6><span style=\"color: #993300;\">Pruebas estandarizadas<\/span><\/h6>\n<ul>\n<li><a href=\"http:\/\/web.teaediciones.com\/CDS-Cuestionario-de-Depresion-para-ninos.aspx\" target=\"_blank\" rel=\"noopener noreferrer\"><strong>CDS<\/strong><\/a> Cuestionario de depresi\u00f3n para ni\u00f1os, (de 8 a 16 a\u00f1os)\u2663<\/li>\n<li><a href=\"http:\/\/web.teaediciones.com\/CDI--INVENTARIO-DE-DEPRESION-INFANTIL.aspx\" target=\"_blank\" rel=\"noopener noreferrer\"><strong>CDI<\/strong> <\/a>Inventario de depresi\u00f3n infantil (de 7 a 15 a\u00f1os)\u2663<\/li>\n<\/ul>\n<hr \/>\n<p>\u2663 Disponible en la biblioteca CREENA<\/p>\n","protected":false},"excerpt":{"rendered":"<p>Personalidad Pruebas estandarizadas ESPQ Cuestionario para la valoraci\u00f3n de los rasgos de personalidad de los ni\u00f1os (de 6 a 7 a\u00f1os).\u2663 CPQ. Cuestionario de personalidad para ni\u00f1os (de 8 a 12 a\u00f1os).\u2663 BFQ-NA. Cuestionario \u201cBIG FIVE \u201cde personalidad para ni\u00f1os y adolescentes. (de 8 a 15 a\u00f1os)\u2663 EPIJ Evaluaci\u00f3n de la personalidad Infantil y Juvenil [&hellip;]<\/p>\n","protected":false},"author":1,"featured_media":0,"parent":21,"menu_order":0,"comment_status":"closed","ping_status":"closed","template":"","meta":{"_genesis_hide_title":false,"_genesis_hide_breadcrumbs":false,"_genesis_hide_singular_image":false,"_genesis_hide_footer_widgets":false,"_genesis_custom_body_class":"","_genesis_custom_post_class":"","_genesis_layout":""},"_links":{"self":[{"href":"https:\/\/creena.educacion.navarra.es\/web\/protocolos\/wp-json\/wp\/v2\/pages\/478"}],"collection":[{"href":"https:\/\/creena.educacion.navarra.es\/web\/protocolos\/wp-json\/wp\/v2\/pages"}],"about":[{"href":"https:\/\/creena.educacion.navarra.es\/web\/protocolos\/wp-json\/wp\/v2\/types\/page"}],"author":[{"embeddable":true,"href":"https:\/\/creena.educacion.navarra.es\/web\/protocolos\/wp-json\/wp\/v2\/users\/1"}],"replies":[{"embeddable":true,"href":"https:\/\/creena.educacion.navarra.es\/web\/protocolos\/wp-json\/wp\/v2\/comments?post=478"}],"version-history":[{"count":6,"href":"https:\/\/creena.educacion.navarra.es\/web\/protocolos\/wp-json\/wp\/v2\/pages\/478\/revisions"}],"predecessor-version":[{"id":1016,"href":"https:\/\/creena.educacion.navarra.es\/web\/protocolos\/wp-json\/wp\/v2\/pages\/478\/revisions\/1016"}],"up":[{"embeddable":true,"href":"https:\/\/creena.educacion.navarra.es\/web\/protocolos\/wp-json\/wp\/v2\/pages\/21"}],"wp:attachment":[{"href":"https:\/\/creena.educacion.navarra.es\/web\/protocolos\/wp-json\/wp\/v2\/media?parent=478"}],"curies":[{"name":"wp","href":"https:\/\/api.w.org\/{rel}","templated":true}]}}