{"id":542,"date":"2017-09-15T06:36:05","date_gmt":"2017-09-15T06:36:05","guid":{"rendered":"http:\/\/creena.educacion.navarra.es\/web\/protocolos\/?page_id=542"},"modified":"2025-10-02T09:09:11","modified_gmt":"2025-10-02T09:09:11","slug":"1-capacidad-intelectual-y-aptitudes-diferenciales","status":"publish","type":"page","link":"https:\/\/creena.educacion.navarra.es\/web\/protocolos\/conducta\/1-capacidad-intelectual-y-aptitudes-diferenciales\/","title":{"rendered":"1. Capacidad intelectual y aptitudes diferenciales"},"content":{"rendered":"<h4><span style=\"color: #993300;\">Capacidad intelectual general y\/o nivel cognitivo general<\/span><\/h4>\n<h6><span style=\"color: #993300;\">Pruebas estandarizadas<\/span><\/h6>\n<ul>\n<li><strong>Escalas de Inteligencia de Wechsler<\/strong>\n<ul>\n<li><a href=\"http:\/\/www.pearsonclinical.es\/producto\/111\/wppsi-iv-escala-de-inteligencia-de-wechsler-para-preescolar-y-primaria#\" target=\"_blank\" rel=\"noopener\"><strong>WPPSI-IV<\/strong>\u00a0<\/a>(de 2 a\u00f1os y medio a 7 a\u00f1os y 7 meses)<\/li>\n<li><a href=\"http:\/\/www.pearsonclinical.es\/producto\/126\/wisc-v-escala-de-inteligencia-de-wechsler-para-ninos-v\" target=\"_blank\" rel=\"noopener\"><strong>WISC V<\/strong>\u00a0<\/a>(de 6 a\u00f1os a 16 a\u00f1os 11 meses)\u2663<\/li>\n<li><a href=\"http:\/\/www.pearsonclinical.es\/producto\/72\/wnv-escala-no-verbal-de-aptitud-intelectual-de-wechsler\" target=\"_blank\" rel=\"noopener\"><strong>WNV<\/strong><\/a>\u00a0Escala No Verbal de Aptitud Intelectual de Wechsler (de 5 a 21 a\u00f1os)\u00a0\u2663<\/li>\n<li><a href=\"http:\/\/www.pearsonclinical.es\/producto?producto=68&amp;titulo=wais-iv-escala-de-inteligencia-de-wechsler-para-adultos-iv\" target=\"_blank\" rel=\"noopener\"><strong>WAIS-IV<\/strong><\/a> Escala Wechsler de Inteligencia para adultos\u2663<\/li>\n<\/ul>\n<\/li>\n<li><a href=\"http:\/\/www.pearsonclinical.es\/producto\/63\/msca-escalas-mccarthy-de-aptitudes-y-psicomotricidad-para-ninos\" target=\"_blank\" rel=\"noopener\"><strong>MSCA.<\/strong><\/a>\u00a0Escalas McCarthy\u00a0 de Aptitudes y Psicomotricidad para ni\u00f1os (de 2 a\u00f1os y medio a 8 a\u00f1os y medio)\u00a0\u2663<\/li>\n<li><strong><a href=\"https:\/\/web.teaediciones.com\/rias-escalas-de-inteligencia-de-reynolds.aspx\" target=\"_blank\" rel=\"noopener\">RIAS, RIST\u00a0 <\/a>(<\/strong>de 3 a 94 a\u00f1os)\u2663<\/li>\n<li><a href=\"http:\/\/www.pearsonclinical.es\/producto?Producto=58\"><strong>K-BIT <\/strong><\/a>(de 4 a 90 a\u00f1os<strong>)\u2663<\/strong><\/li>\n<li><a href=\"https:\/\/web.teaediciones.com\/BAS-II--ESCALAS-DE-APTITUDES-INTELECTUALES.aspx\" target=\"_blank\" rel=\"noopener\"><strong>BAS II Infantil <\/strong><\/a>(de 2 a\u00f1os y 6 meses a 5 a\u00f1os y 11 meses)\u2663<\/li>\n<li><a href=\"https:\/\/web.teaediciones.com\/BAS-II--ESCALAS-DE-APTITUDES-INTELECTUALES.aspx\" target=\"_blank\" rel=\"noopener\"><strong>BAS II Escolar <\/strong><\/a>(de 6 a\u00f1os a 17 a\u00f1os y 11 meses)\u2663<\/li>\n<li><strong><a href=\"https:\/\/www.giuntipsy.es\/bas3.html\" target=\"_blank\" rel=\"noopener\">BAS-3.<\/a><\/strong> Escalas de aptitudes intelectuales. (entre los 3 y los 17 a\u00f1os y 11 meses<\/li>\n<\/ul>\n<h4><span style=\"color: #993300;\">Aptitudes diferenciales<\/span><\/h4>\n<h6><span style=\"color: #993300;\">Pruebas estandarizadas<\/span><\/h6>\n<ul>\n<li><a href=\"https:\/\/www.editorialcepe.es\/pruebas-nivel-a\/1008-badyg-m-jc-online-9788416941315.html?search_query=badyg&amp;results=38&amp;cate=\" target=\"_blank\" rel=\"noopener\"><strong>BADyG<\/strong><\/a> Bater\u00eda de aptitudes diferenciales y generales\u2663\n<ul>\n<li><strong>BADyG i<\/strong> ( 4 ,5 y 6 a\u00f1os)<\/li>\n<li><strong>BADyG E1<\/strong>( 1er.ciclo Primaria)<\/li>\n<li><strong>BADyG E2<\/strong> ( 2\u00ba ciclo Primaria)<\/li>\n<li><strong>BADyG E3<\/strong>( 3\u00ba ciclo Primaria)<\/li>\n<li><strong>BADyG M<\/strong> (12-16 a\u00f1os)<\/li>\n<li><strong>BADyG S<\/strong> (16 a 19 a\u00f1os)<\/li>\n<\/ul>\n<\/li>\n<li><a href=\"https:\/\/web.teaediciones.com\/EFAI--EVALUACION-FACTORIAL-DE-LAS-APTITUDES-INTELECTUALES.aspx\" target=\"_blank\" rel=\"noopener\"><strong>EFAI <\/strong><\/a>Evaluaci\u00f3n factorial de las aptitudes intelectuales\u2663\n<ul>\n<li><strong>EFAI 1<\/strong> (7 a 10 a\u00f1os)<\/li>\n<li><strong>EFAI 2\u00a0<\/strong>(10 a 12 a\u00f1os)<\/li>\n<li><strong>EFAI 3<\/strong>\u00a0(12 a 15 a\u00f1os y adultos)<\/li>\n<li><strong>EFAI 4<\/strong>\u00a0(16 a\u00f1os en adelante).<\/li>\n<\/ul>\n<\/li>\n<li><a href=\"http:\/\/www.pearsonclinical.es\/producto\/57\/dat-5-test-de-aptitudes-diferenciales\" target=\"_blank\" rel=\"noopener\"><strong>DAT-5 <\/strong><\/a>Test de Aptitudes Diferenciales\u2663\n<ul>\n<li><strong>Nivel 1: <\/strong>1\u00ba a 4\u00ba curso de ESO, Ciclos Formativos de Grado Medio y adultos.<\/li>\n<li><strong>Nivel 2<\/strong>: 1\u00ba y 2\u00ba de Bachillerato, Ciclos Formativos de Grado superior y adultos<\/li>\n<\/ul>\n<\/li>\n<\/ul>\n<hr \/>\n<p>\u2663 Disponible en la biblioteca CREENA<\/p>\n","protected":false},"excerpt":{"rendered":"<p>Capacidad intelectual general y\/o nivel cognitivo general Pruebas estandarizadas Escalas de Inteligencia de Wechsler WPPSI-IV\u00a0(de 2 a\u00f1os y medio a 7 a\u00f1os y 7 meses) WISC V\u00a0(de 6 a\u00f1os a 16 a\u00f1os 11 meses)\u2663 WNV\u00a0Escala No Verbal de Aptitud Intelectual de Wechsler (de 5 a 21 a\u00f1os)\u00a0\u2663 WAIS-IV Escala Wechsler de Inteligencia para adultos\u2663 MSCA.\u00a0Escalas [&hellip;]<\/p>\n","protected":false},"author":1,"featured_media":0,"parent":19,"menu_order":0,"comment_status":"closed","ping_status":"closed","template":"","meta":{"_genesis_hide_title":false,"_genesis_hide_breadcrumbs":false,"_genesis_hide_singular_image":false,"_genesis_hide_footer_widgets":false,"_genesis_custom_body_class":"","_genesis_custom_post_class":"","_genesis_layout":""},"_links":{"self":[{"href":"https:\/\/creena.educacion.navarra.es\/web\/protocolos\/wp-json\/wp\/v2\/pages\/542"}],"collection":[{"href":"https:\/\/creena.educacion.navarra.es\/web\/protocolos\/wp-json\/wp\/v2\/pages"}],"about":[{"href":"https:\/\/creena.educacion.navarra.es\/web\/protocolos\/wp-json\/wp\/v2\/types\/page"}],"author":[{"embeddable":true,"href":"https:\/\/creena.educacion.navarra.es\/web\/protocolos\/wp-json\/wp\/v2\/users\/1"}],"replies":[{"embeddable":true,"href":"https:\/\/creena.educacion.navarra.es\/web\/protocolos\/wp-json\/wp\/v2\/comments?post=542"}],"version-history":[{"count":4,"href":"https:\/\/creena.educacion.navarra.es\/web\/protocolos\/wp-json\/wp\/v2\/pages\/542\/revisions"}],"predecessor-version":[{"id":1104,"href":"https:\/\/creena.educacion.navarra.es\/web\/protocolos\/wp-json\/wp\/v2\/pages\/542\/revisions\/1104"}],"up":[{"embeddable":true,"href":"https:\/\/creena.educacion.navarra.es\/web\/protocolos\/wp-json\/wp\/v2\/pages\/19"}],"wp:attachment":[{"href":"https:\/\/creena.educacion.navarra.es\/web\/protocolos\/wp-json\/wp\/v2\/media?parent=542"}],"curies":[{"name":"wp","href":"https:\/\/api.w.org\/{rel}","templated":true}]}}