{"id":643,"date":"2017-09-26T11:12:21","date_gmt":"2017-09-26T11:12:21","guid":{"rendered":"http:\/\/creena.educacion.navarra.es\/web\/protocolos\/?page_id=643"},"modified":"2025-10-02T08:21:23","modified_gmt":"2025-10-02T08:21:23","slug":"2-otras-aptitudes-multiples","status":"publish","type":"page","link":"https:\/\/creena.educacion.navarra.es\/web\/protocolos\/altas-capacidades\/2-otras-aptitudes-multiples\/","title":{"rendered":"2. Otras aptitudes m\u00faltiples"},"content":{"rendered":"<h4><span style=\"color: #993300;\">Creatividad<\/span><\/h4>\n<h6><span style=\"color: #993300;\">Pruebas estandarizadas<\/span><\/h6>\n<ul>\n<li>Test de adaptaci\u00f3n de Torrance. (de 6 a 16 a\u00f1os).\u2663<\/li>\n<li>Prueba de Imaginaci\u00f3n Creativa.\n<ul>\n<li><a href=\"https:\/\/web.teaediciones.com\/PIC-N--PRUEBA-DE-IMAGINACION-CREATIVA---NINOS.aspx\"><strong>PIC-N. <\/strong><\/a>Prueba de imaginaci\u00f3n creativa para ni\u00f1os (de 8 a 12 a\u00f1os).\u2663<\/li>\n<li><strong><a href=\"https:\/\/web.teaediciones.com\/PIC-J--PRUEBA-DE-IMAGINACION-CREATIVA---JOVENES.aspx\" target=\"_blank\" rel=\"noopener\">PIC-J<\/a>. <\/strong>Prueba de imaginaci\u00f3n creativa para j\u00f3venes (de 12 a 18 a\u00f1os)\u2663<\/li>\n<\/ul>\n<\/li>\n<li><a href=\"https:\/\/web.teaediciones.com\/crea-inteligencia-creativa.aspx\" target=\"_blank\" rel=\"noopener\"><strong>CREA<\/strong><\/a>. Inteligencia Creativa. (de 6 a\u00f1os a adultos).\u2663<\/li>\n<li><strong>TAEC. <\/strong>Test de abreacci\u00f3n para evaluar la creatividad (de 4 a\u00f1os a adultos).\u2663<\/li>\n<li><strong>PCGI.<\/strong> Prueba de creatividad gr\u00e1fica (de 4 a 8 a\u00f1os)<\/li>\n<\/ul>\n<h4><span style=\"color: #993300;\">Musical<\/span><\/h4>\n<h6><span style=\"color: #993300;\">Pruebas estandarizadas<\/span><\/h6>\n<ul>\n<li><strong>Test de Aptitudes \u00a0Musicales de Seashore<\/strong> (11-21 a\u00f1os).<\/li>\n<\/ul>\n<h4><span style=\"color: #993300;\">Art\u00edstico<\/span><\/h4>\n<h6><span style=\"color: #993300;\">Pruebas estandarizadas<\/span><\/h6>\n<ul>\n<li><strong>Test de Aptitud Art\u00edstica de Meyer.<\/strong><\/li>\n<li><strong>Test de Apreciaci\u00f3n de Dibujos de Graves.<\/strong><\/li>\n<\/ul>\n<h4><span style=\"color: #993300;\">Aptitudes mec\u00e1nicas<\/span><\/h4>\n<h6><span style=\"color: #993300;\">Pruebas estandarizadas<\/span><\/h6>\n<ul>\n<li><strong>Test de Aptitudes Mec\u00e1nicas de MacQuarrie.<\/strong><\/li>\n<\/ul>\n","protected":false},"excerpt":{"rendered":"<p>Creatividad Pruebas estandarizadas Test de adaptaci\u00f3n de Torrance. (de 6 a 16 a\u00f1os).\u2663 Prueba de Imaginaci\u00f3n Creativa. PIC-N. Prueba de imaginaci\u00f3n creativa para ni\u00f1os (de 8 a 12 a\u00f1os).\u2663 PIC-J. Prueba de imaginaci\u00f3n creativa para j\u00f3venes (de 12 a 18 a\u00f1os)\u2663 CREA. Inteligencia Creativa. (de 6 a\u00f1os a adultos).\u2663 TAEC. Test de abreacci\u00f3n para evaluar [&hellip;]<\/p>\n","protected":false},"author":1,"featured_media":0,"parent":13,"menu_order":0,"comment_status":"closed","ping_status":"closed","template":"","meta":{"_genesis_hide_title":false,"_genesis_hide_breadcrumbs":false,"_genesis_hide_singular_image":false,"_genesis_hide_footer_widgets":false,"_genesis_custom_body_class":"","_genesis_custom_post_class":"","_genesis_layout":""},"_links":{"self":[{"href":"https:\/\/creena.educacion.navarra.es\/web\/protocolos\/wp-json\/wp\/v2\/pages\/643"}],"collection":[{"href":"https:\/\/creena.educacion.navarra.es\/web\/protocolos\/wp-json\/wp\/v2\/pages"}],"about":[{"href":"https:\/\/creena.educacion.navarra.es\/web\/protocolos\/wp-json\/wp\/v2\/types\/page"}],"author":[{"embeddable":true,"href":"https:\/\/creena.educacion.navarra.es\/web\/protocolos\/wp-json\/wp\/v2\/users\/1"}],"replies":[{"embeddable":true,"href":"https:\/\/creena.educacion.navarra.es\/web\/protocolos\/wp-json\/wp\/v2\/comments?post=643"}],"version-history":[{"count":5,"href":"https:\/\/creena.educacion.navarra.es\/web\/protocolos\/wp-json\/wp\/v2\/pages\/643\/revisions"}],"predecessor-version":[{"id":1099,"href":"https:\/\/creena.educacion.navarra.es\/web\/protocolos\/wp-json\/wp\/v2\/pages\/643\/revisions\/1099"}],"up":[{"embeddable":true,"href":"https:\/\/creena.educacion.navarra.es\/web\/protocolos\/wp-json\/wp\/v2\/pages\/13"}],"wp:attachment":[{"href":"https:\/\/creena.educacion.navarra.es\/web\/protocolos\/wp-json\/wp\/v2\/media?parent=643"}],"curies":[{"name":"wp","href":"https:\/\/api.w.org\/{rel}","templated":true}]}}