{"id":1009,"date":"2015-12-02T10:40:05","date_gmt":"2015-12-02T09:40:09","guid":{"rendered":"http:\/\/creena.educacion.navarra.es\/web\/?page_id=1009"},"modified":"2024-10-08T11:03:12","modified_gmt":"2024-10-08T09:03:12","slug":"inf-generalae","status":"publish","type":"page","link":"https:\/\/creena.educacion.navarra.es\/web\/necesidades-educativas-especificas\/equipo-de-apoyo-a-necesidades-educativas\/inf-generalae\/","title":{"rendered":"Informaci\u00f3n"},"content":{"rendered":"<ul>\n<li style=\"text-align: left;\"><a href=\"https:\/\/creena.educacion.navarra.es\/web\/necesidades-educativas-especificas\/equipo-de-apoyo-a-necesidades-educativas\/inf-generalae\/presentacionae\/\">Presentaci\u00f3n<\/a><\/li>\n<li style=\"text-align: left;\"><a href=\"https:\/\/creena.educacion.navarra.es\/web\/necesidades-educativas-especificas\/equipo-de-apoyo-a-necesidades-educativas\/inf-generalae\/composicion-del-equipoae\/\">Composici\u00f3n del programa<br \/>\n<\/a><\/li>\n<li style=\"text-align: left;\"><a href=\"https:\/\/creena.educacion.navarra.es\/web\/necesidades-educativas-especificas\/equipo-de-apoyo-a-necesidades-educativas\/inf-generalae\/funcionesae\/\">Funciones<\/a><\/li>\n<li style=\"text-align: left;\"><a href=\"https:\/\/creena.educacion.navarra.es\/web\/necesidades-educativas-especificas\/equipo-de-apoyo-a-necesidades-educativas\/inf-generalae\/criterios-de-intervencion-ade\/\">Criterios de intervenci\u00f3n<\/a><\/li>\n<\/ul>\n","protected":false},"excerpt":{"rendered":"<p>Presentaci\u00f3n Composici\u00f3n del programa Funciones Criterios de intervenci\u00f3n<\/p>\n","protected":false},"author":1,"featured_media":0,"parent":1004,"menu_order":0,"comment_status":"closed","ping_status":"closed","template":"","meta":{"_genesis_hide_title":false,"_genesis_hide_breadcrumbs":false,"_genesis_hide_singular_image":false,"_genesis_hide_footer_widgets":false,"_genesis_custom_body_class":"","_genesis_custom_post_class":"","_genesis_layout":"content-sidebar"},"_links":{"self":[{"href":"https:\/\/creena.educacion.navarra.es\/web\/wp-json\/wp\/v2\/pages\/1009"}],"collection":[{"href":"https:\/\/creena.educacion.navarra.es\/web\/wp-json\/wp\/v2\/pages"}],"about":[{"href":"https:\/\/creena.educacion.navarra.es\/web\/wp-json\/wp\/v2\/types\/page"}],"author":[{"embeddable":true,"href":"https:\/\/creena.educacion.navarra.es\/web\/wp-json\/wp\/v2\/users\/1"}],"replies":[{"embeddable":true,"href":"https:\/\/creena.educacion.navarra.es\/web\/wp-json\/wp\/v2\/comments?post=1009"}],"version-history":[{"count":41,"href":"https:\/\/creena.educacion.navarra.es\/web\/wp-json\/wp\/v2\/pages\/1009\/revisions"}],"predecessor-version":[{"id":18471,"href":"https:\/\/creena.educacion.navarra.es\/web\/wp-json\/wp\/v2\/pages\/1009\/revisions\/18471"}],"up":[{"embeddable":true,"href":"https:\/\/creena.educacion.navarra.es\/web\/wp-json\/wp\/v2\/pages\/1004"}],"wp:attachment":[{"href":"https:\/\/creena.educacion.navarra.es\/web\/wp-json\/wp\/v2\/media?parent=1009"}],"curies":[{"name":"wp","href":"https:\/\/api.w.org\/{rel}","templated":true}]}}