{"id":1015,"date":"2015-12-02T10:48:05","date_gmt":"2015-12-02T09:48:22","guid":{"rendered":"http:\/\/creena.educacion.navarra.es\/web\/?page_id=1015"},"modified":"2024-10-08T10:55:35","modified_gmt":"2024-10-08T08:55:35","slug":"composicion-del-equipoae","status":"publish","type":"page","link":"https:\/\/creena.educacion.navarra.es\/web\/necesidades-educativas-especificas\/equipo-de-apoyo-a-necesidades-educativas\/inf-generalae\/composicion-del-equipoae\/","title":{"rendered":"Composici\u00f3n del Programa"},"content":{"rendered":"<p>El Programa de transformaci\u00f3n de centros y dise\u00f1o universal para el aprendizaje (DUA) y la inclusi\u00f3n tendr\u00e1 como objetivo el asesoramiento a los centros en su progresiva transformaci\u00f3n, desarrollando respuestas educativas para todo el alumnado desde las programaciones de aula.<\/p>\n<ul>\n<li>Profesorado especialista en Orientaci\u00f3n Escolar<\/li>\n<li>Profesorado de Infantil y Primaria, euskera y castellano<\/li>\n<li aria-level=\"1\">Profesorado de Secundaria, euskera y castellano<\/li>\n<\/ul>\n","protected":false},"excerpt":{"rendered":"<p>El Programa de transformaci\u00f3n de centros y dise\u00f1o universal para el aprendizaje (DUA) y la inclusi\u00f3n tendr\u00e1 como objetivo el asesoramiento a los centros en su progresiva transformaci\u00f3n, desarrollando respuestas educativas para todo el alumnado desde las programaciones de aula. Profesorado especialista en Orientaci\u00f3n Escolar Profesorado de Infantil y Primaria, euskera y castellano Profesorado de [&hellip;]<\/p>\n","protected":false},"author":1,"featured_media":0,"parent":1009,"menu_order":1,"comment_status":"closed","ping_status":"closed","template":"","meta":{"_genesis_hide_title":false,"_genesis_hide_breadcrumbs":false,"_genesis_hide_singular_image":false,"_genesis_hide_footer_widgets":false,"_genesis_custom_body_class":"","_genesis_custom_post_class":"","_genesis_layout":"content-sidebar"},"_links":{"self":[{"href":"https:\/\/creena.educacion.navarra.es\/web\/wp-json\/wp\/v2\/pages\/1015"}],"collection":[{"href":"https:\/\/creena.educacion.navarra.es\/web\/wp-json\/wp\/v2\/pages"}],"about":[{"href":"https:\/\/creena.educacion.navarra.es\/web\/wp-json\/wp\/v2\/types\/page"}],"author":[{"embeddable":true,"href":"https:\/\/creena.educacion.navarra.es\/web\/wp-json\/wp\/v2\/users\/1"}],"replies":[{"embeddable":true,"href":"https:\/\/creena.educacion.navarra.es\/web\/wp-json\/wp\/v2\/comments?post=1015"}],"version-history":[{"count":10,"href":"https:\/\/creena.educacion.navarra.es\/web\/wp-json\/wp\/v2\/pages\/1015\/revisions"}],"predecessor-version":[{"id":18468,"href":"https:\/\/creena.educacion.navarra.es\/web\/wp-json\/wp\/v2\/pages\/1015\/revisions\/18468"}],"up":[{"embeddable":true,"href":"https:\/\/creena.educacion.navarra.es\/web\/wp-json\/wp\/v2\/pages\/1009"}],"wp:attachment":[{"href":"https:\/\/creena.educacion.navarra.es\/web\/wp-json\/wp\/v2\/media?parent=1015"}],"curies":[{"name":"wp","href":"https:\/\/api.w.org\/{rel}","templated":true}]}}

Composición del Programa

<p>El Programa de transformación de centros y diseño universal para el aprendizaje (DUA) y la inclusión tendrá como objetivo el asesoramiento a los centros en su progresiva transformación, desarrollando respuestas educativas para todo el alumnado desde las programaciones de aula.</p>
<ul>
<li>Profesorado especialista en Orientación Escolar</li>
<li>Profesorado de Infantil y Primaria, euskera y castellano</li>
<li aria-level="1">Profesorado de Secundaria, euskera y castellano</li>
</ul>

<p>El Programa de transformación de centros y diseño universal para el aprendizaje (DUA) y la inclusión tendrá como objetivo el asesoramiento a los centros en su progresiva transformación, desarrollando respuestas educativas para todo el alumnado desde las programaciones de aula. Profesorado especialista en Orientación Escolar Profesorado de Infantil y Primaria, euskera y castellano Profesorado de [&hellip;]</p>
