{"id":1070,"date":"2015-12-02T14:41:05","date_gmt":"2015-12-02T13:41:32","guid":{"rendered":"http:\/\/creena.educacion.navarra.es\/web\/?page_id=1070"},"modified":"2022-09-22T10:24:52","modified_gmt":"2022-09-22T08:24:52","slug":"funcionessc","status":"publish","type":"page","link":"https:\/\/creena.educacion.navarra.es\/web\/gestion-informacion-y-medios\/servicios-a-la-comunidad\/funcionessc\/","title":{"rendered":"Informaci\u00f3n"},"content":{"rendered":"<h4>Composici\u00f3n<\/h4>\n<p>El programa de Servicios a la Comunidad pertenece al \u00c1rea de Gesti\u00f3n, Informaci\u00f3n y Medios y est\u00e1 formado por una persona en el CREENA de Pamplona.<\/p>\n<h4>Funciones<\/h4>\n<ul>\n<li>Gesti\u00f3n de becas y ayudas para alumnado con NEE y NEAE del Gobierno de Navarra.<\/li>\n<li>Gesti\u00f3n de solicitud del recurso de EAE.<\/li>\n<li>Gesti\u00f3n de ayudas para transporte y comedor de alumnado con NEE.<\/li>\n<li>Asesoramiento a familias y centros educativos en cuestiones relacionadas con los \u00e1mbitos de gesti\u00f3n del programa.<\/li>\n<\/ul>\n\n\n<p><\/p>\n","protected":false},"excerpt":{"rendered":"<p>Composici\u00f3n El programa de Servicios a la Comunidad pertenece al \u00c1rea de Gesti\u00f3n, Informaci\u00f3n y Medios y est\u00e1 formado por una persona en el CREENA de Pamplona. Funciones Gesti\u00f3n de becas y ayudas para alumnado con NEE y NEAE del Gobierno de Navarra. Gesti\u00f3n de solicitud del recurso de EAE. Gesti\u00f3n de ayudas para transporte [&hellip;]<\/p>\n","protected":false},"author":1,"featured_media":0,"parent":1062,"menu_order":3,"comment_status":"closed","ping_status":"closed","template":"","meta":{"_genesis_hide_title":false,"_genesis_hide_breadcrumbs":false,"_genesis_hide_singular_image":false,"_genesis_hide_footer_widgets":false,"_genesis_custom_body_class":"","_genesis_custom_post_class":"","_genesis_layout":"content-sidebar"},"_links":{"self":[{"href":"https:\/\/creena.educacion.navarra.es\/web\/wp-json\/wp\/v2\/pages\/1070"}],"collection":[{"href":"https:\/\/creena.educacion.navarra.es\/web\/wp-json\/wp\/v2\/pages"}],"about":[{"href":"https:\/\/creena.educacion.navarra.es\/web\/wp-json\/wp\/v2\/types\/page"}],"author":[{"embeddable":true,"href":"https:\/\/creena.educacion.navarra.es\/web\/wp-json\/wp\/v2\/users\/1"}],"replies":[{"embeddable":true,"href":"https:\/\/creena.educacion.navarra.es\/web\/wp-json\/wp\/v2\/comments?post=1070"}],"version-history":[{"count":10,"href":"https:\/\/creena.educacion.navarra.es\/web\/wp-json\/wp\/v2\/pages\/1070\/revisions"}],"predecessor-version":[{"id":16476,"href":"https:\/\/creena.educacion.navarra.es\/web\/wp-json\/wp\/v2\/pages\/1070\/revisions\/16476"}],"up":[{"embeddable":true,"href":"https:\/\/creena.educacion.navarra.es\/web\/wp-json\/wp\/v2\/pages\/1062"}],"wp:attachment":[{"href":"https:\/\/creena.educacion.navarra.es\/web\/wp-json\/wp\/v2\/media?parent=1070"}],"curies":[{"name":"wp","href":"https:\/\/api.w.org\/{rel}","templated":true}]}}

Información

<h4>Composición</h4>
<p>El programa de Servicios a la Comunidad pertenece al Área de Gestión, Información y Medios y está formado por una persona en el CREENA de Pamplona.</p>
<h4>Funciones</h4>
<ul>
<li>Gestión de becas y ayudas para alumnado con NEE y NEAE del Gobierno de Navarra.</li>
<li>Gestión de solicitud del recurso de EAE.</li>
<li>Gestión de ayudas para transporte y comedor de alumnado con NEE.</li>
<li>Asesoramiento a familias y centros educativos en cuestiones relacionadas con los ámbitos de gestión del programa.</li>
</ul>


<p></p>

<p>Composición El programa de Servicios a la Comunidad pertenece al Área de Gestión, Información y Medios y está formado por una persona en el CREENA de Pamplona. Funciones Gestión de becas y ayudas para alumnado con NEE y NEAE del Gobierno de Navarra. Gestión de solicitud del recurso de EAE. Gestión de ayudas para transporte [&hellip;]</p>
