{"id":130,"date":"2015-11-09T09:39:05","date_gmt":"2015-11-09T08:39:06","guid":{"rendered":"http:\/\/creena.educacion.navarra.es\/web\/?page_id=130"},"modified":"2025-09-22T10:08:16","modified_gmt":"2025-09-22T08:08:16","slug":"funcionesb","status":"publish","type":"page","link":"https:\/\/creena.educacion.navarra.es\/web\/gestion-informacion-y-medios\/biblioteca\/informacion-general-biblioteca\/funcionesb\/","title":{"rendered":"Funciones"},"content":{"rendered":"<ul>\n<li>Adquisici\u00f3n y actualizaci\u00f3n de materiales y pruebas psicot\u00e9cnicas.<\/li>\n<li>Pr\u00e9stamo de materiales.<\/li>\n<li>Asesoramiento para la b\u00fasqueda bibliogr\u00e1fica.<\/li>\n<li>Correcci\u00f3n de pruebas psicopedag\u00f3gicas que se hagan desde plataformas online.<\/li>\n<li>Difusi\u00f3n de documentos.<\/li>\n<li>Actualizaci\u00f3n de los&nbsp; blogs CREENA.<\/li>\n<li>Mantenimiento de la p\u00e1gina web del CREENA.<\/li>\n<\/ul>\n","protected":false},"excerpt":{"rendered":"<p>Adquisici\u00f3n y actualizaci\u00f3n de materiales y pruebas psicot\u00e9cnicas. Pr\u00e9stamo de materiales. Asesoramiento para la b\u00fasqueda bibliogr\u00e1fica. Correcci\u00f3n de pruebas psicopedag\u00f3gicas que se hagan desde plataformas online. Difusi\u00f3n de documentos. Actualizaci\u00f3n de los&nbsp; blogs CREENA. Mantenimiento de la p\u00e1gina web del CREENA.<\/p>\n","protected":false},"author":1,"featured_media":0,"parent":163,"menu_order":3,"comment_status":"closed","ping_status":"closed","template":"","meta":{"_genesis_hide_title":false,"_genesis_hide_breadcrumbs":false,"_genesis_hide_singular_image":false,"_genesis_hide_footer_widgets":false,"_genesis_custom_body_class":"","_genesis_custom_post_class":"","_genesis_layout":"content-sidebar"},"_links":{"self":[{"href":"https:\/\/creena.educacion.navarra.es\/web\/wp-json\/wp\/v2\/pages\/130"}],"collection":[{"href":"https:\/\/creena.educacion.navarra.es\/web\/wp-json\/wp\/v2\/pages"}],"about":[{"href":"https:\/\/creena.educacion.navarra.es\/web\/wp-json\/wp\/v2\/types\/page"}],"author":[{"embeddable":true,"href":"https:\/\/creena.educacion.navarra.es\/web\/wp-json\/wp\/v2\/users\/1"}],"replies":[{"embeddable":true,"href":"https:\/\/creena.educacion.navarra.es\/web\/wp-json\/wp\/v2\/comments?post=130"}],"version-history":[{"count":6,"href":"https:\/\/creena.educacion.navarra.es\/web\/wp-json\/wp\/v2\/pages\/130\/revisions"}],"predecessor-version":[{"id":19280,"href":"https:\/\/creena.educacion.navarra.es\/web\/wp-json\/wp\/v2\/pages\/130\/revisions\/19280"}],"up":[{"embeddable":true,"href":"https:\/\/creena.educacion.navarra.es\/web\/wp-json\/wp\/v2\/pages\/163"}],"wp:attachment":[{"href":"https:\/\/creena.educacion.navarra.es\/web\/wp-json\/wp\/v2\/media?parent=130"}],"curies":[{"name":"wp","href":"https:\/\/api.w.org\/{rel}","templated":true}]}}

<ul>
<li>Adquisición y actualización de materiales y pruebas psicotécnicas.</li>
<li>Préstamo de materiales.</li>
<li>Asesoramiento para la búsqueda bibliográfica.</li>
<li>Corrección de pruebas psicopedagógicas que se hagan desde plataformas online.</li>
<li>Difusión de documentos.</li>
<li>Actualización de los&nbsp; blogs CREENA.</li>
<li>Mantenimiento de la página web del CREENA.</li>
</ul>

<p>Adquisición y actualización de materiales y pruebas psicotécnicas. Préstamo de materiales. Asesoramiento para la búsqueda bibliográfica. Corrección de pruebas psicopedagógicas que se hagan desde plataformas online. Difusión de documentos. Actualización de los&nbsp; blogs CREENA. Mantenimiento de la página web del CREENA.</p>
