{"id":1327,"date":"2015-12-11T10:20:05","date_gmt":"2015-12-11T09:20:25","guid":{"rendered":"http:\/\/creena.educacion.navarra.es\/web\/?page_id=1327"},"modified":"2019-04-03T09:30:14","modified_gmt":"2019-04-03T07:30:14","slug":"informaciopcp","status":"publish","type":"page","link":"https:\/\/creena.educacion.navarra.es\/web\/necesidades-educativas-especiales\/cf-profesional-especial\/informaciopcp\/","title":{"rendered":"Informaci\u00f3n"},"content":{"rendered":"<ul>\n<li><span style=\"color: #993300;\"><a style=\"color: #993300;\" href=\"https:\/\/creena.educacion.navarra.es\/web\/necesidades-educativas-especiales\/cf-profesional-especial\/informaciopcp\/composicion-del-equipoil\/\">Composici\u00f3n del equipo<\/a><\/span><\/li>\n<li><span style=\"color: #993300;\"><a style=\"color: #993300;\" href=\"https:\/\/creena.educacion.navarra.es\/web\/necesidades-educativas-especiales\/cf-profesional-especial\/informaciopcp\/ambito-de-actuacion-y-funciones-il\/\">\u00c1mbito de actuaci\u00f3n y funciones<\/a><\/span><\/li>\n<li><span style=\"color: #993300;\"><a style=\"color: #993300;\" href=\"https:\/\/creena.educacion.navarra.es\/web\/necesidades-educativas-especiales\/cf-profesional-especial\/informaciopcp\/criterios-de-intervencion-il\/\">Criterios de intervenci\u00f3n<\/a><\/span><\/li>\n<li><a href=\"https:\/\/drive.google.com\/open?id=1I-zObZI01LeGPK28JfATqGKR-v5cjpUg\" target=\"_blank\" rel=\"noopener noreferrer\"><span style=\"color: #993300;\">Normativa<\/span><\/a><\/li>\n<li><a href=\"https:\/\/creena.educacion.navarra.es\/web\/necesidades-educativas-especiales\/cf-profesional-especial\/informaciopcp\/discapacidad-adolescencia-adultez\/\">Discapacidad intelectual adolescencia-vida adulta<\/a><\/li>\n<\/ul>\n","protected":false},"excerpt":{"rendered":"<p>Composici\u00f3n del equipo \u00c1mbito de actuaci\u00f3n y funciones Criterios de intervenci\u00f3n Normativa Discapacidad intelectual adolescencia-vida adulta<\/p>\n","protected":false},"author":1,"featured_media":0,"parent":10046,"menu_order":2,"comment_status":"closed","ping_status":"closed","template":"","meta":{"_genesis_hide_title":false,"_genesis_hide_breadcrumbs":false,"_genesis_hide_singular_image":false,"_genesis_hide_footer_widgets":false,"_genesis_custom_body_class":"","_genesis_custom_post_class":"","_genesis_layout":"full-width-content"},"_links":{"self":[{"href":"https:\/\/creena.educacion.navarra.es\/web\/wp-json\/wp\/v2\/pages\/1327"}],"collection":[{"href":"https:\/\/creena.educacion.navarra.es\/web\/wp-json\/wp\/v2\/pages"}],"about":[{"href":"https:\/\/creena.educacion.navarra.es\/web\/wp-json\/wp\/v2\/types\/page"}],"author":[{"embeddable":true,"href":"https:\/\/creena.educacion.navarra.es\/web\/wp-json\/wp\/v2\/users\/1"}],"replies":[{"embeddable":true,"href":"https:\/\/creena.educacion.navarra.es\/web\/wp-json\/wp\/v2\/comments?post=1327"}],"version-history":[{"count":29,"href":"https:\/\/creena.educacion.navarra.es\/web\/wp-json\/wp\/v2\/pages\/1327\/revisions"}],"predecessor-version":[{"id":13165,"href":"https:\/\/creena.educacion.navarra.es\/web\/wp-json\/wp\/v2\/pages\/1327\/revisions\/13165"}],"up":[{"embeddable":true,"href":"https:\/\/creena.educacion.navarra.es\/web\/wp-json\/wp\/v2\/pages\/10046"}],"wp:attachment":[{"href":"https:\/\/creena.educacion.navarra.es\/web\/wp-json\/wp\/v2\/media?parent=1327"}],"curies":[{"name":"wp","href":"https:\/\/api.w.org\/{rel}","templated":true}]}}