{"id":1613,"date":"2016-01-29T09:22:05","date_gmt":"2016-01-29T08:22:44","guid":{"rendered":"http:\/\/creena.educacion.navarra.es\/web\/necesidades-educativas-especiales\/equipo-auditivos\/recursos\/bibliografia\/"},"modified":"2022-01-20T10:30:15","modified_gmt":"2022-01-20T09:30:15","slug":"bibliografiaa","status":"publish","type":"page","link":"https:\/\/creena.educacion.navarra.es\/web\/necesidades-educativas-especiales\/equipo-auditivos\/recursosa\/bibliografiaa\/","title":{"rendered":"Bibliograf\u00eda"},"content":{"rendered":"<ul>\n<li>Discapacidad auditiva<\/li>\n<li style=\"list-style-type: none;\">\n<ul>\n<li><a href=\"https:\/\/drive.google.com\/open?id=0B0eiH-cLhm7IVGFRUUxNZFNvLWs\" target=\"_blank\" rel=\"noopener noreferrer\">Libros<\/a><\/li>\n<li><a href=\"https:\/\/creena.educacion.navarra.es\/web\/necesidades-educativas-especiales\/equipo-auditivos\/recursosa\/bibliografiaa\/revistas-a\/\">Revistas<\/a><\/li>\n<li>Gu\u00edas\n<ul>\n<li><a href=\"https:\/\/drive.google.com\/file\/d\/1kYDEj3pt3xhsAAezGc4Njl3XTgLtXUrP\/view?usp=sharing\" target=\"_blank\" rel=\"noopener\">Evaluaci\u00f3n de la comunicaci\u00f3n y del lenguaje. ECOL<\/a><\/li>\n<li><a href=\"https:\/\/www.educacion.navarra.es\/documents\/713364\/714655\/creenasordos.pdf\/a6c2aa33-a557-4ee7-be02-4f4f7495a3e5\" target=\"_blank\" rel=\"noopener noreferrer\">Alumnado con grave discapacidad auditiva en Educaci\u00f3n Infantil y Primaria<\/a><\/li>\n<\/ul>\n<\/li>\n<\/ul>\n<\/li>\n<li>Lectoescritura\n<ul>\n<li><a href=\"https:\/\/drive.google.com\/open?id=0B0eiH-cLhm7IS3BFVEFUbDRvQXc\" target=\"_blank\" rel=\"noopener noreferrer\">Cuadro bibliograf\u00eda<\/a><\/li>\n<li><a href=\"https:\/\/drive.google.com\/open?id=0B0eiH-cLhm7IWnZmR2Q0Y05BV2s\" target=\"_blank\" rel=\"noopener noreferrer\">Infantil y ciclo 1\u00ba primaria<\/a><\/li>\n<li><a href=\"https:\/\/drive.google.com\/open?id=0B0eiH-cLhm7INktGQkduWlFaVHc\" target=\"_blank\" rel=\"noopener noreferrer\">Ciclos 2\u00ba y 3\u00ba primaria<\/a><\/li>\n<li><a href=\"https:\/\/drive.google.com\/open?id=0B0eiH-cLhm7ITzJnd2pKSDJNYms\" target=\"_blank\" rel=\"noopener noreferrer\">Eso y bachillerato<\/a><\/li>\n<\/ul>\n<\/li>\n<li><a href=\"https:\/\/drive.google.com\/open?id=0B0eiH-cLhm7IblhEai1lWnFIYmc\" target=\"_blank\" rel=\"noopener noreferrer\">Material Audici\u00f3n y Lenguaje<\/a><\/li>\n<li><a href=\"http:\/\/bibliocreena.blogspot.com\/search\/label\/DISCAPACIDAD%20AUDITIVA.\" target=\"_blank\" rel=\"noopener noreferrer\">Libros sobre discapacidad auditiva\/audici\u00f3n disponibles en la biblioteca CREENA<\/a><\/li>\n<li><a href=\"http:\/\/creena.educacion.navarra.es\/web\/bvirtual\/category\/discapac-auditiva\/\" target=\"_blank\" rel=\"noopener noreferrer\">Libros sobre audici\u00f3n en pdf<\/a><\/li>\n<\/ul>\n\n\n<p><\/p>\n","protected":false},"excerpt":{"rendered":"<p>Discapacidad auditiva Libros Revistas Gu\u00edas Evaluaci\u00f3n de la comunicaci\u00f3n y del lenguaje. ECOL Alumnado con grave discapacidad auditiva en Educaci\u00f3n Infantil y Primaria Lectoescritura Cuadro bibliograf\u00eda Infantil y ciclo 1\u00ba primaria Ciclos 2\u00ba y 3\u00ba primaria Eso y bachillerato Material Audici\u00f3n y Lenguaje Libros sobre discapacidad auditiva\/audici\u00f3n disponibles en la biblioteca CREENA Libros sobre audici\u00f3n [&hellip;]<\/p>\n","protected":false},"author":1,"featured_media":0,"parent":147,"menu_order":4,"comment_status":"closed","ping_status":"closed","template":"","meta":{"_genesis_hide_title":false,"_genesis_hide_breadcrumbs":false,"_genesis_hide_singular_image":false,"_genesis_hide_footer_widgets":false,"_genesis_custom_body_class":"","_genesis_custom_post_class":"","_genesis_layout":"content-sidebar"},"_links":{"self":[{"href":"https:\/\/creena.educacion.navarra.es\/web\/wp-json\/wp\/v2\/pages\/1613"}],"collection":[{"href":"https:\/\/creena.educacion.navarra.es\/web\/wp-json\/wp\/v2\/pages"}],"about":[{"href":"https:\/\/creena.educacion.navarra.es\/web\/wp-json\/wp\/v2\/types\/page"}],"author":[{"embeddable":true,"href":"https:\/\/creena.educacion.navarra.es\/web\/wp-json\/wp\/v2\/users\/1"}],"replies":[{"embeddable":true,"href":"https:\/\/creena.educacion.navarra.es\/web\/wp-json\/wp\/v2\/comments?post=1613"}],"version-history":[{"count":39,"href":"https:\/\/creena.educacion.navarra.es\/web\/wp-json\/wp\/v2\/pages\/1613\/revisions"}],"predecessor-version":[{"id":15967,"href":"https:\/\/creena.educacion.navarra.es\/web\/wp-json\/wp\/v2\/pages\/1613\/revisions\/15967"}],"up":[{"embeddable":true,"href":"https:\/\/creena.educacion.navarra.es\/web\/wp-json\/wp\/v2\/pages\/147"}],"wp:attachment":[{"href":"https:\/\/creena.educacion.navarra.es\/web\/wp-json\/wp\/v2\/media?parent=1613"}],"curies":[{"name":"wp","href":"https:\/\/api.w.org\/{rel}","templated":true}]}}

Bibliografía

<ul>
<li>Discapacidad auditiva</li>
<li style="list-style-type: none;">
<ul>
<li><a href="https://drive.google.com/open?id=0B0eiH-cLhm7IVGFRUUxNZFNvLWs" target="_blank" rel="noopener noreferrer">Libros</a></li>
<li><a href="https://creena.educacion.navarra.es/web/necesidades-educativas-especiales/equipo-auditivos/recursosa/bibliografiaa/revistas-a/">Revistas</a></li>
<li>Guías
<ul>
<li><a href="https://drive.google.com/file/d/1kYDEj3pt3xhsAAezGc4Njl3XTgLtXUrP/view?usp=sharing" target="_blank" rel="noopener">Evaluación de la comunicación y del lenguaje. ECOL</a></li>
<li><a href="https://www.educacion.navarra.es/documents/713364/714655/creenasordos.pdf/a6c2aa33-a557-4ee7-be02-4f4f7495a3e5" target="_blank" rel="noopener noreferrer">Alumnado con grave discapacidad auditiva en Educación Infantil y Primaria</a></li>
</ul>
</li>
</ul>
</li>
<li>Lectoescritura
<ul>
<li><a href="https://drive.google.com/open?id=0B0eiH-cLhm7IS3BFVEFUbDRvQXc" target="_blank" rel="noopener noreferrer">Cuadro bibliografía</a></li>
<li><a href="https://drive.google.com/open?id=0B0eiH-cLhm7IWnZmR2Q0Y05BV2s" target="_blank" rel="noopener noreferrer">Infantil y ciclo 1º primaria</a></li>
<li><a href="https://drive.google.com/open?id=0B0eiH-cLhm7INktGQkduWlFaVHc" target="_blank" rel="noopener noreferrer">Ciclos 2º y 3º primaria</a></li>
<li><a href="https://drive.google.com/open?id=0B0eiH-cLhm7ITzJnd2pKSDJNYms" target="_blank" rel="noopener noreferrer">Eso y bachillerato</a></li>
</ul>
</li>
<li><a href="https://drive.google.com/open?id=0B0eiH-cLhm7IblhEai1lWnFIYmc" target="_blank" rel="noopener noreferrer">Material Audición y Lenguaje</a></li>
<li><a href="http://bibliocreena.blogspot.com/search/label/DISCAPACIDAD%20AUDITIVA." target="_blank" rel="noopener noreferrer">Libros sobre discapacidad auditiva/audición disponibles en la biblioteca CREENA</a></li>
<li><a href="http://creena.educacion.navarra.es/web/bvirtual/category/discapac-auditiva/" target="_blank" rel="noopener noreferrer">Libros sobre audición en pdf</a></li>
</ul>


<p></p>

<p>Discapacidad auditiva Libros Revistas Guías Evaluación de la comunicación y del lenguaje. ECOL Alumnado con grave discapacidad auditiva en Educación Infantil y Primaria Lectoescritura Cuadro bibliografía Infantil y ciclo 1º primaria Ciclos 2º y 3º primaria Eso y bachillerato Material Audición y Lenguaje Libros sobre discapacidad auditiva/audición disponibles en la biblioteca CREENA Libros sobre audición [&hellip;]</p>
