{"id":1614,"date":"2016-01-29T09:22:44","date_gmt":"2016-01-29T08:22:44","guid":{"rendered":"http:\/\/creena.educacion.navarra.es\/web\/necesidades-educativas-especiales\/equipo-auditivos\/recursos\/documentacion\/"},"modified":"2025-11-27T13:24:19","modified_gmt":"2025-11-27T12:24:19","slug":"documentacion","status":"publish","type":"page","link":"https:\/\/creena.educacion.navarra.es\/web\/necesidades-educativas-especiales\/equipo-auditivos\/recursosa\/documentacion\/","title":{"rendered":"Documentaci\u00f3n"},"content":{"rendered":"<p><span style=\"text-decoration: underline;\"><strong><span style=\"color: #800000; text-decoration: underline;\">AUDICI\u00d3N Y LENGUAJE<\/span><\/strong><\/span><\/p>\n<ul>\n<li>Facilitando el desarrollo del lenguaje\/Hizkuntzaren garapena erraztuz\n<ul>\n<li>entre 2 y 3 a\u00f1os (castellano)<br \/>\n<a href=\"https:\/\/drive.google.com\/file\/d\/1dmwNCwDVvOah5p0ci8BXYEwki9ISf5Qe\/view?usp=sharing\" target=\"_blank\" rel=\"noreferrer noopener\">versi\u00f3n tr\u00edptico<\/a>&nbsp;\u2013&nbsp;&nbsp;<a href=\"https:\/\/drive.google.com\/file\/d\/1kGm7rN5c0aQ0jG0-VKMqNJA-zuk4dkjq\/view?usp=drive_link\" target=\"_blank\" rel=\"noreferrer noopener\">versi\u00f3n cartel&nbsp;<\/a><\/li>\n<li>2-3 urte bitarte (euskera).<br \/>\n<a href=\"https:\/\/drive.google.com\/file\/d\/1HUF6TlG7qBoB-m9B-doSXeGcFlBL4UFw\/view?usp=drive_link\" target=\"_blank\" rel=\"noreferrer noopener\">triptikoa<\/a>&nbsp;\u2013&nbsp;<a href=\"https:\/\/drive.google.com\/file\/d\/1rSDs7ujrDkJwNIGbEMjSGDEyx75knzg3\/view?usp=drive_link\" target=\"_blank\" rel=\"noreferrer noopener\">kartela<\/a><\/li>\n<li>\u0645\u0627\u0630\u0627 \u062a\u0641\u0639\u0644 \u0627\u0644\u0641\u062a\u064a\u0627\u062a \u0648\u0627\u0644\u0641\u062a\u064a\u0627\u0646 \u0627\u0644\u0630\u064a\u0646 \u062a\u062a\u0631\u0627\u0648\u062d \u0623\u0639\u0645\u0627\u0631\u0647\u0645 \u0628\u064a\u0646 2 \u06483 \u0633\u0646\u0648\u0627\u062a\u061f (\u00e1rabe)<br \/>\n<a href=\"https:\/\/drive.google.com\/file\/d\/1GGEh9Bp85pB71vbCHX0XL4pE0vP9Hr1C\/view?usp=drive_link\" target=\"_blank\" rel=\"noreferrer noopener\">versi\u00f3n tr\u00edptico<\/a><\/li>\n<li>\u0421\u041e\u0414\u0415\u0419\u0421\u0422\u0412\u0418\u0415 \u0420\u0410\u0417\u0412\u0418\u0422\u0418\u042e \u042f\u0417\u042b\u041a\u0410 \u041e\u0422 2 \u0414\u041e 3 \u041b\u0415\u0422 (ruso)<br \/>\n<a href=\"https:\/\/drive.google.com\/file\/d\/1ikfp6LXsQo8Uh_Hy3a3BPsfkqzbBdwON\/view?usp=drive_link\" target=\"_blank\" rel=\"noreferrer noopener\">Cartel<\/a><\/li>\n<li>FACILITATING DEVELOPMENT OF LANGUAGE- BETWEEN 2 AND 3 YEARS (Ingl\u00e9s)<br \/>\n<a href=\"https:\/\/drive.google.com\/file\/d\/1Yo9Yu6IwxnrB1QAEdp89GlE94ZrLry8J\/view?usp=drive_link\" target=\"_blank\" rel=\"noreferrer noopener\">Cartel<\/a><\/li>\n<\/ul>\n<\/li>\n<li><a href=\"https:\/\/drive.google.com\/open?id=0B0eiH-cLhm7IczduWkJBR1JoU2c\" target=\"_blank\" rel=\"noopener noreferrer\">Informe valoraci\u00f3n<\/a><\/li>\n<li><a href=\"https:\/\/drive.google.com\/open?id=0B0eiH-cLhm7IRkFqeXFvbmNza1k\" target=\"_blank\" rel=\"noopener noreferrer\">Informe final<\/a><\/li>\n<li><a href=\"https:\/\/drive.google.com\/open?id=0B0eiH-cLhm7IVXp5WXIxc3FnNVk\" target=\"_blank\" rel=\"noopener noreferrer\">Orientaciones para la evaluaci\u00f3n del lenguaje<\/a><\/li>\n<li><a href=\"https:\/\/drive.google.com\/open?id=1jupPJVSWrKn7Y_Aw8L_iCxd0UZlL0KtN\" target=\"_blank\" rel=\"noopener noreferrer\">Gu\u00eda: detecci\u00f3n e intervenci\u00f3n precoz de hipoacusias infantiles en Navarra<\/a><\/li>\n<\/ul>\n","protected":false},"excerpt":{"rendered":"<p>AUDICI\u00d3N Y LENGUAJE Facilitando el desarrollo del lenguaje\/Hizkuntzaren garapena erraztuz entre 2 y 3 a\u00f1os (castellano) versi\u00f3n tr\u00edptico&nbsp;\u2013&nbsp;&nbsp;versi\u00f3n cartel&nbsp; 2-3 urte bitarte (euskera). triptikoa&nbsp;\u2013&nbsp;kartela \u0645\u0627\u0630\u0627 \u062a\u0641\u0639\u0644 \u0627\u0644\u0641\u062a\u064a\u0627\u062a \u0648\u0627\u0644\u0641\u062a\u064a\u0627\u0646 \u0627\u0644\u0630\u064a\u0646 \u062a\u062a\u0631\u0627\u0648\u062d \u0623\u0639\u0645\u0627\u0631\u0647\u0645 \u0628\u064a\u0646 2 \u06483 \u0633\u0646\u0648\u0627\u062a\u061f (\u00e1rabe) versi\u00f3n tr\u00edptico \u0421\u041e\u0414\u0415\u0419\u0421\u0422\u0412\u0418\u0415 \u0420\u0410\u0417\u0412\u0418\u0422\u0418\u042e \u042f\u0417\u042b\u041a\u0410 \u041e\u0422 2 \u0414\u041e 3 \u041b\u0415\u0422 (ruso) Cartel FACILITATING DEVELOPMENT OF LANGUAGE- BETWEEN 2 AND [&hellip;]<\/p>\n","protected":false},"author":1,"featured_media":0,"parent":147,"menu_order":5,"comment_status":"closed","ping_status":"closed","template":"","meta":{"_genesis_hide_title":false,"_genesis_hide_breadcrumbs":false,"_genesis_hide_singular_image":false,"_genesis_hide_footer_widgets":false,"_genesis_custom_body_class":"","_genesis_custom_post_class":"","_genesis_layout":"content-sidebar"},"_links":{"self":[{"href":"https:\/\/creena.educacion.navarra.es\/web\/wp-json\/wp\/v2\/pages\/1614"}],"collection":[{"href":"https:\/\/creena.educacion.navarra.es\/web\/wp-json\/wp\/v2\/pages"}],"about":[{"href":"https:\/\/creena.educacion.navarra.es\/web\/wp-json\/wp\/v2\/types\/page"}],"author":[{"embeddable":true,"href":"https:\/\/creena.educacion.navarra.es\/web\/wp-json\/wp\/v2\/users\/1"}],"replies":[{"embeddable":true,"href":"https:\/\/creena.educacion.navarra.es\/web\/wp-json\/wp\/v2\/comments?post=1614"}],"version-history":[{"count":20,"href":"https:\/\/creena.educacion.navarra.es\/web\/wp-json\/wp\/v2\/pages\/1614\/revisions"}],"predecessor-version":[{"id":19471,"href":"https:\/\/creena.educacion.navarra.es\/web\/wp-json\/wp\/v2\/pages\/1614\/revisions\/19471"}],"up":[{"embeddable":true,"href":"https:\/\/creena.educacion.navarra.es\/web\/wp-json\/wp\/v2\/pages\/147"}],"wp:attachment":[{"href":"https:\/\/creena.educacion.navarra.es\/web\/wp-json\/wp\/v2\/media?parent=1614"}],"curies":[{"name":"wp","href":"https:\/\/api.w.org\/{rel}","templated":true}]}}