{"id":17949,"date":"2024-03-11T09:57:18","date_gmt":"2024-03-11T08:57:18","guid":{"rendered":"https:\/\/creena.educacion.navarra.es\/web\/?page_id=17949"},"modified":"2025-04-15T13:30:12","modified_gmt":"2025-04-15T11:30:12","slug":"catalogo","status":"publish","type":"page","link":"https:\/\/creena.educacion.navarra.es\/web\/gestion-informacion-y-medios\/biblioteca\/catalogo\/","title":{"rendered":"Cat\u00e1logo"},"content":{"rendered":"\n<p>Para poder los libros disponibles en nuestra biblioteca accede a <a href=\"http:\/\/abies.educacion.navarra.es\/\" target=\"_blank\" rel=\"noreferrer noopener\">http:\/\/abies.educacion.navarra.es\/<\/a><\/p>\n\n\n\n<figure class=\"wp-block-image size-large is-resized\"><a href=\"https:\/\/creena.educacion.navarra.es\/web\/wp-content\/uploads\/2024\/03\/biblio1.png\"><img loading=\"lazy\" src=\"https:\/\/creena.educacion.navarra.es\/web\/wp-content\/uploads\/2024\/03\/biblio1-1024x477.png\" alt=\"\" class=\"wp-image-17943\" width=\"481\" height=\"224\" srcset=\"https:\/\/creena.educacion.navarra.es\/web\/wp-content\/uploads\/2024\/03\/biblio1-1024x477.png 1024w, https:\/\/creena.educacion.navarra.es\/web\/wp-content\/uploads\/2024\/03\/biblio1-300x140.png 300w, https:\/\/creena.educacion.navarra.es\/web\/wp-content\/uploads\/2024\/03\/biblio1-768x358.png 768w, https:\/\/creena.educacion.navarra.es\/web\/wp-content\/uploads\/2024\/03\/biblio1.png 1274w\" sizes=\"(max-width: 481px) 100vw, 481px\" \/><\/a><\/figure>\n\n\n\n<p>Escribe como centro CREENA y pulsa sobre la sede de la que quieras ver el cat\u00e1logo (Pamplona o Tudela)<\/p>\n\n\n\n<figure class=\"wp-block-image size-large is-resized\"><a href=\"https:\/\/creena.educacion.navarra.es\/web\/wp-content\/uploads\/2024\/03\/biblio2.png\"><img loading=\"lazy\" src=\"https:\/\/creena.educacion.navarra.es\/web\/wp-content\/uploads\/2024\/03\/biblio2-1024x617.png\" alt=\"\" class=\"wp-image-17945\" width=\"479\" height=\"289\" srcset=\"https:\/\/creena.educacion.navarra.es\/web\/wp-content\/uploads\/2024\/03\/biblio2-1024x617.png 1024w, https:\/\/creena.educacion.navarra.es\/web\/wp-content\/uploads\/2024\/03\/biblio2-300x181.png 300w, https:\/\/creena.educacion.navarra.es\/web\/wp-content\/uploads\/2024\/03\/biblio2-768x463.png 768w, https:\/\/creena.educacion.navarra.es\/web\/wp-content\/uploads\/2024\/03\/biblio2.png 1279w\" sizes=\"(max-width: 479px) 100vw, 479px\" \/><\/a><\/figure>\n\n\n\n<p>Pulsar sobre \u201cConsultas: Consulta nuestro cat\u00e1logo bibliogr\u00e1fico\u201d y acceder\u00e1s al mismo y hacer la b\u00fasqueda por t\u00edtulo, descriptor o colecci\u00f3n.<\/p>\n\n\n\n<figure class=\"wp-block-image size-full is-resized\"><a href=\"https:\/\/creena.educacion.navarra.es\/web\/wp-content\/uploads\/2024\/03\/biblio3-1.png\"><img loading=\"lazy\" src=\"https:\/\/creena.educacion.navarra.es\/web\/wp-content\/uploads\/2024\/03\/biblio3-1.png\" alt=\"\" class=\"wp-image-17954\" width=\"481\" height=\"279\" srcset=\"https:\/\/creena.educacion.navarra.es\/web\/wp-content\/uploads\/2024\/03\/biblio3-1.png 902w, https:\/\/creena.educacion.navarra.es\/web\/wp-content\/uploads\/2024\/03\/biblio3-1-300x175.png 300w, https:\/\/creena.educacion.navarra.es\/web\/wp-content\/uploads\/2024\/03\/biblio3-1-768x447.png 768w\" sizes=\"(max-width: 481px) 100vw, 481px\" \/><\/a><\/figure>\n\n\n\n<p>Por ejemplo buscamos por t\u00edtulo WISC<\/p>\n\n\n\n<figure class=\"wp-block-image size-large\"><a href=\"https:\/\/creena.educacion.navarra.es\/web\/wp-content\/uploads\/2025\/04\/paso-4-2.png\"><img loading=\"lazy\" width=\"1024\" height=\"461\" src=\"https:\/\/creena.educacion.navarra.es\/web\/wp-content\/uploads\/2025\/04\/paso-4-2-1024x461.png\" alt=\"\" class=\"wp-image-19069\" srcset=\"https:\/\/creena.educacion.navarra.es\/web\/wp-content\/uploads\/2025\/04\/paso-4-2-1024x461.png 1024w, https:\/\/creena.educacion.navarra.es\/web\/wp-content\/uploads\/2025\/04\/paso-4-2-300x135.png 300w, https:\/\/creena.educacion.navarra.es\/web\/wp-content\/uploads\/2025\/04\/paso-4-2-768x346.png 768w, https:\/\/creena.educacion.navarra.es\/web\/wp-content\/uploads\/2025\/04\/paso-4-2.png 1152w\" sizes=\"(max-width: 1024px) 100vw, 1024px\" \/><\/a><\/figure>\n\n\n\n<p>Una vez localizado el elemento pulsamos sobre el n\u00famero de ejemplares y vemos si est\u00e1n disponibles o no (rojo no disponible, verde disponible)<\/p>\n\n\n\n<figure class=\"wp-block-image size-large\"><a href=\"https:\/\/creena.educacion.navarra.es\/web\/wp-content\/uploads\/2025\/04\/paso-5.png\"><img loading=\"lazy\" width=\"1024\" height=\"394\" src=\"https:\/\/creena.educacion.navarra.es\/web\/wp-content\/uploads\/2025\/04\/paso-5-1024x394.png\" alt=\"\" class=\"wp-image-19071\" srcset=\"https:\/\/creena.educacion.navarra.es\/web\/wp-content\/uploads\/2025\/04\/paso-5-1024x394.png 1024w, https:\/\/creena.educacion.navarra.es\/web\/wp-content\/uploads\/2025\/04\/paso-5-300x115.png 300w, https:\/\/creena.educacion.navarra.es\/web\/wp-content\/uploads\/2025\/04\/paso-5-768x296.png 768w, https:\/\/creena.educacion.navarra.es\/web\/wp-content\/uploads\/2025\/04\/paso-5.png 1156w\" sizes=\"(max-width: 1024px) 100vw, 1024px\" \/><\/a><\/figure>\n","protected":false},"excerpt":{"rendered":"<p>Para poder los libros disponibles en nuestra biblioteca accede a http:\/\/abies.educacion.navarra.es\/ Escribe como centro CREENA y pulsa sobre la sede de la que quieras ver el cat\u00e1logo (Pamplona o Tudela) Pulsar sobre \u201cConsultas: Consulta nuestro cat\u00e1logo bibliogr\u00e1fico\u201d y acceder\u00e1s al mismo y hacer la b\u00fasqueda por t\u00edtulo, descriptor o colecci\u00f3n. Por ejemplo buscamos por t\u00edtulo [&hellip;]<\/p>\n","protected":false},"author":1,"featured_media":0,"parent":119,"menu_order":0,"comment_status":"closed","ping_status":"closed","template":"","meta":{"_genesis_hide_title":false,"_genesis_hide_breadcrumbs":false,"_genesis_hide_singular_image":false,"_genesis_hide_footer_widgets":false,"_genesis_custom_body_class":"","_genesis_custom_post_class":"","_genesis_layout":""},"_links":{"self":[{"href":"https:\/\/creena.educacion.navarra.es\/web\/wp-json\/wp\/v2\/pages\/17949"}],"collection":[{"href":"https:\/\/creena.educacion.navarra.es\/web\/wp-json\/wp\/v2\/pages"}],"about":[{"href":"https:\/\/creena.educacion.navarra.es\/web\/wp-json\/wp\/v2\/types\/page"}],"author":[{"embeddable":true,"href":"https:\/\/creena.educacion.navarra.es\/web\/wp-json\/wp\/v2\/users\/1"}],"replies":[{"embeddable":true,"href":"https:\/\/creena.educacion.navarra.es\/web\/wp-json\/wp\/v2\/comments?post=17949"}],"version-history":[{"count":4,"href":"https:\/\/creena.educacion.navarra.es\/web\/wp-json\/wp\/v2\/pages\/17949\/revisions"}],"predecessor-version":[{"id":19073,"href":"https:\/\/creena.educacion.navarra.es\/web\/wp-json\/wp\/v2\/pages\/17949\/revisions\/19073"}],"up":[{"embeddable":true,"href":"https:\/\/creena.educacion.navarra.es\/web\/wp-json\/wp\/v2\/pages\/119"}],"wp:attachment":[{"href":"https:\/\/creena.educacion.navarra.es\/web\/wp-json\/wp\/v2\/media?parent=17949"}],"curies":[{"name":"wp","href":"https:\/\/api.w.org\/{rel}","templated":true}]}}

Catálogo

<p>Para poder los libros disponibles en nuestra biblioteca accede a <a href="http://abies.educacion.navarra.es/" target="_blank" rel="noreferrer noopener">http://abies.educacion.navarra.es/</a></p>



<figure class="wp-block-image size-large is-resized"><a href="https://creena.educacion.navarra.es/web/wp-content/uploads/2024/03/biblio1.png"><img loading="lazy" src="https://creena.educacion.navarra.es/web/wp-content/uploads/2024/03/biblio1-1024x477.png" alt="" class="wp-image-17943" width="481" height="224" srcset="https://creena.educacion.navarra.es/web/wp-content/uploads/2024/03/biblio1-1024x477.png 1024w, https://creena.educacion.navarra.es/web/wp-content/uploads/2024/03/biblio1-300x140.png 300w, https://creena.educacion.navarra.es/web/wp-content/uploads/2024/03/biblio1-768x358.png 768w, https://creena.educacion.navarra.es/web/wp-content/uploads/2024/03/biblio1.png 1274w" sizes="(max-width: 481px) 100vw, 481px" /></a></figure>



<p>Escribe como centro CREENA y pulsa sobre la sede de la que quieras ver el catálogo (Pamplona o Tudela)</p>



<figure class="wp-block-image size-large is-resized"><a href="https://creena.educacion.navarra.es/web/wp-content/uploads/2024/03/biblio2.png"><img loading="lazy" src="https://creena.educacion.navarra.es/web/wp-content/uploads/2024/03/biblio2-1024x617.png" alt="" class="wp-image-17945" width="479" height="289" srcset="https://creena.educacion.navarra.es/web/wp-content/uploads/2024/03/biblio2-1024x617.png 1024w, https://creena.educacion.navarra.es/web/wp-content/uploads/2024/03/biblio2-300x181.png 300w, https://creena.educacion.navarra.es/web/wp-content/uploads/2024/03/biblio2-768x463.png 768w, https://creena.educacion.navarra.es/web/wp-content/uploads/2024/03/biblio2.png 1279w" sizes="(max-width: 479px) 100vw, 479px" /></a></figure>



<p>Pulsar sobre “Consultas: Consulta nuestro catálogo bibliográfico” y accederás al mismo y hacer la búsqueda por título, descriptor o colección.</p>



<figure class="wp-block-image size-full is-resized"><a href="https://creena.educacion.navarra.es/web/wp-content/uploads/2024/03/biblio3-1.png"><img loading="lazy" src="https://creena.educacion.navarra.es/web/wp-content/uploads/2024/03/biblio3-1.png" alt="" class="wp-image-17954" width="481" height="279" srcset="https://creena.educacion.navarra.es/web/wp-content/uploads/2024/03/biblio3-1.png 902w, https://creena.educacion.navarra.es/web/wp-content/uploads/2024/03/biblio3-1-300x175.png 300w, https://creena.educacion.navarra.es/web/wp-content/uploads/2024/03/biblio3-1-768x447.png 768w" sizes="(max-width: 481px) 100vw, 481px" /></a></figure>



<p>Por ejemplo buscamos por título WISC</p>



<figure class="wp-block-image size-large"><a href="https://creena.educacion.navarra.es/web/wp-content/uploads/2025/04/paso-4-2.png"><img loading="lazy" width="1024" height="461" src="https://creena.educacion.navarra.es/web/wp-content/uploads/2025/04/paso-4-2-1024x461.png" alt="" class="wp-image-19069" srcset="https://creena.educacion.navarra.es/web/wp-content/uploads/2025/04/paso-4-2-1024x461.png 1024w, https://creena.educacion.navarra.es/web/wp-content/uploads/2025/04/paso-4-2-300x135.png 300w, https://creena.educacion.navarra.es/web/wp-content/uploads/2025/04/paso-4-2-768x346.png 768w, https://creena.educacion.navarra.es/web/wp-content/uploads/2025/04/paso-4-2.png 1152w" sizes="(max-width: 1024px) 100vw, 1024px" /></a></figure>



<p>Una vez localizado el elemento pulsamos sobre el número de ejemplares y vemos si están disponibles o no (rojo no disponible, verde disponible)</p>



<figure class="wp-block-image size-large"><a href="https://creena.educacion.navarra.es/web/wp-content/uploads/2025/04/paso-5.png"><img loading="lazy" width="1024" height="394" src="https://creena.educacion.navarra.es/web/wp-content/uploads/2025/04/paso-5-1024x394.png" alt="" class="wp-image-19071" srcset="https://creena.educacion.navarra.es/web/wp-content/uploads/2025/04/paso-5-1024x394.png 1024w, https://creena.educacion.navarra.es/web/wp-content/uploads/2025/04/paso-5-300x115.png 300w, https://creena.educacion.navarra.es/web/wp-content/uploads/2025/04/paso-5-768x296.png 768w, https://creena.educacion.navarra.es/web/wp-content/uploads/2025/04/paso-5.png 1156w" sizes="(max-width: 1024px) 100vw, 1024px" /></a></figure>

<p>Para poder los libros disponibles en nuestra biblioteca accede a http://abies.educacion.navarra.es/ Escribe como centro CREENA y pulsa sobre la sede de la que quieras ver el catálogo (Pamplona o Tudela) Pulsar sobre “Consultas: Consulta nuestro catálogo bibliográfico” y accederás al mismo y hacer la búsqueda por título, descriptor o colección. Por ejemplo buscamos por título [&hellip;]</p>
