{"id":298,"date":"2015-11-17T13:02:23","date_gmt":"2015-11-17T12:02:23","guid":{"rendered":"http:\/\/creena.educacion.navarra.es\/web\/?page_id=298"},"modified":"2017-05-15T13:38:21","modified_gmt":"2017-05-15T11:38:21","slug":"introduccionobjetivo-general-visuales","status":"publish","type":"page","link":"https:\/\/creena.educacion.navarra.es\/web\/necesidades-educativas-especiales\/equipo-visuales\/informacion-general-2\/introduccionobjetivo-general-visuales\/","title":{"rendered":"Objetivo General"},"content":{"rendered":"<p>El objetivo del Equipo de Visuales es favorecer la plena inclusi\u00f3n escolar y social del alumnado con discapacidad visual. Est\u00e1 compuesto por profesionales del Gobierno de Navarra y de la ONCE que trabajan en el marco de un Convenio de colaboraci\u00f3n entre las dos instituciones.<\/p>\n<p>El asesoramiento que realizan los profesionales del equipo se dirige a todos los agentes de la comunidad educativa.<\/p>\n<p>Las actuaciones del Equipo son:<\/p>\n<ul>\n<li>Incidir en el entorno educativo del alumnado con discapacidad visual para facilitar su inclusi\u00f3n, favorecer el proceso de ense\u00f1anza-aprendizaje y proporcionar aquellas ayudas espec\u00edficas que precisen.<\/li>\n<li>Asesorar a los diferentes profesionales de los centros educativos, que intervienen con este alumnado, con objeto de optimizar la respuesta educativa.<\/li>\n<li>Apoyar a las familias tanto en aquellos aspectos que por las necesidades espec\u00edficas de sus hijos, puedan incidir en su educaci\u00f3n, as\u00ed como en la elecci\u00f3n de su itinerario formativo que le permitan alcanzar el mayor desarrollo en autonom\u00eda personal y profesional.<\/li>\n<li>Fomentar la participaci\u00f3n en actividades de formaci\u00f3n continuada a los diferentes profesionales que intervienen con este alumnado.<\/li>\n<\/ul>\n","protected":false},"excerpt":{"rendered":"<p>El objetivo del Equipo de Visuales es favorecer la plena inclusi\u00f3n escolar y social del alumnado con discapacidad visual. Est\u00e1 compuesto por profesionales del Gobierno de Navarra y de la ONCE que trabajan en el marco de un Convenio de colaboraci\u00f3n entre las dos instituciones. El asesoramiento que realizan los profesionales del equipo se dirige [&hellip;]<\/p>\n","protected":false},"author":1,"featured_media":0,"parent":293,"menu_order":0,"comment_status":"closed","ping_status":"closed","template":"","meta":{"_genesis_hide_title":false,"_genesis_hide_breadcrumbs":false,"_genesis_hide_singular_image":false,"_genesis_hide_footer_widgets":false,"_genesis_custom_body_class":"","_genesis_custom_post_class":"","_genesis_layout":"content-sidebar"},"_links":{"self":[{"href":"https:\/\/creena.educacion.navarra.es\/web\/wp-json\/wp\/v2\/pages\/298"}],"collection":[{"href":"https:\/\/creena.educacion.navarra.es\/web\/wp-json\/wp\/v2\/pages"}],"about":[{"href":"https:\/\/creena.educacion.navarra.es\/web\/wp-json\/wp\/v2\/types\/page"}],"author":[{"embeddable":true,"href":"https:\/\/creena.educacion.navarra.es\/web\/wp-json\/wp\/v2\/users\/1"}],"replies":[{"embeddable":true,"href":"https:\/\/creena.educacion.navarra.es\/web\/wp-json\/wp\/v2\/comments?post=298"}],"version-history":[{"count":6,"href":"https:\/\/creena.educacion.navarra.es\/web\/wp-json\/wp\/v2\/pages\/298\/revisions"}],"predecessor-version":[{"id":9171,"href":"https:\/\/creena.educacion.navarra.es\/web\/wp-json\/wp\/v2\/pages\/298\/revisions\/9171"}],"up":[{"embeddable":true,"href":"https:\/\/creena.educacion.navarra.es\/web\/wp-json\/wp\/v2\/pages\/293"}],"wp:attachment":[{"href":"https:\/\/creena.educacion.navarra.es\/web\/wp-json\/wp\/v2\/media?parent=298"}],"curies":[{"name":"wp","href":"https:\/\/api.w.org\/{rel}","templated":true}]}}

<p>El objetivo del Equipo de Visuales es favorecer la plena inclusión escolar y social del alumnado con discapacidad visual. Está compuesto por profesionales del Gobierno de Navarra y de la ONCE que trabajan en el marco de un Convenio de colaboración entre las dos instituciones.</p>
<p>El asesoramiento que realizan los profesionales del equipo se dirige a todos los agentes de la comunidad educativa.</p>
<p>Las actuaciones del Equipo son:</p>
<ul>
<li>Incidir en el entorno educativo del alumnado con discapacidad visual para facilitar su inclusión, favorecer el proceso de enseñanza-aprendizaje y proporcionar aquellas ayudas específicas que precisen.</li>
<li>Asesorar a los diferentes profesionales de los centros educativos, que intervienen con este alumnado, con objeto de optimizar la respuesta educativa.</li>
<li>Apoyar a las familias tanto en aquellos aspectos que por las necesidades específicas de sus hijos, puedan incidir en su educación, así como en la elección de su itinerario formativo que le permitan alcanzar el mayor desarrollo en autonomía personal y profesional.</li>
<li>Fomentar la participación en actividades de formación continuada a los diferentes profesionales que intervienen con este alumnado.</li>
</ul>

<p>El objetivo del Equipo de Visuales es favorecer la plena inclusión escolar y social del alumnado con discapacidad visual. Está compuesto por profesionales del Gobierno de Navarra y de la ONCE que trabajan en el marco de un Convenio de colaboración entre las dos instituciones. El asesoramiento que realizan los profesionales del equipo se dirige [&hellip;]</p>
