{"id":300,"date":"2015-11-17T13:08:14","date_gmt":"2015-11-17T12:08:14","guid":{"rendered":"http:\/\/creena.educacion.navarra.es\/web\/?page_id=300"},"modified":"2024-03-27T08:24:35","modified_gmt":"2024-03-27T07:24:35","slug":"composicion-del-equipo-visuales","status":"publish","type":"page","link":"https:\/\/creena.educacion.navarra.es\/web\/necesidades-educativas-especiales\/equipo-visuales\/informacion-general-2\/composicion-del-equipo-visuales\/","title":{"rendered":"Composici\u00f3n del Programa"},"content":{"rendered":"<p><strong>Programa de autonom\u00eda, accesibilidad y empleo<\/strong>: tendr\u00e1 como objetivo lograr autonom\u00eda, favorecer el acceso y la participaci\u00f3n de todo el alumnado en los diferentes entornos de aprendizaje, as\u00ed como favorecer la incorporaci\u00f3n al mundo laboral. (\u00c1mbitos: discapacidad motriz, discapacidad visual, FPE, GEA e inserci\u00f3n laboral)<\/p>\n<ul>\n<li>Profesorado especialista en Orientaci\u00f3n Escolar.<\/li>\n<li>Profesorado especialista en Pedagog\u00eda Terap\u00e9utica.<\/li>\n<li>Profesorado especialista en Audici\u00f3n y Lenguaje<\/li>\n<li>Profesorado especialista de la ONCE.<\/li>\n<li>Fisioterapeutas<\/li>\n<\/ul>\n<p>Colaboraci\u00f3n de profesionales de la ONCE establecida por convenio:<\/p>\n<ul>\n<li>Instructora Tiflot\u00e9cnica y Braille (ITB).<\/li>\n<li>T\u00e9cnico de Rehabilitaci\u00f3n (TR).<\/li>\n<li>Trabajadoras Social.<\/li>\n<li>Animador Sociocultural.<\/li>\n<li>Psic\u00f3loga y T\u00e9cnico de Integraci\u00f3n Laboral (TIL).<\/li>\n<li>Especialista de la Unidad de Adaptaci\u00f3n Documental.<\/li>\n<\/ul>\n","protected":false},"excerpt":{"rendered":"<p>Programa de autonom\u00eda, accesibilidad y empleo: tendr\u00e1 como objetivo lograr autonom\u00eda, favorecer el acceso y la participaci\u00f3n de todo el alumnado en los diferentes entornos de aprendizaje, as\u00ed como favorecer la incorporaci\u00f3n al mundo laboral. (\u00c1mbitos: discapacidad motriz, discapacidad visual, FPE, GEA e inserci\u00f3n laboral) Profesorado especialista en Orientaci\u00f3n Escolar. Profesorado especialista en Pedagog\u00eda Terap\u00e9utica. [&hellip;]<\/p>\n","protected":false},"author":1,"featured_media":0,"parent":293,"menu_order":1,"comment_status":"closed","ping_status":"closed","template":"","meta":{"_genesis_hide_title":false,"_genesis_hide_breadcrumbs":false,"_genesis_hide_singular_image":false,"_genesis_hide_footer_widgets":false,"_genesis_custom_body_class":"","_genesis_custom_post_class":"","_genesis_layout":"content-sidebar"},"_links":{"self":[{"href":"https:\/\/creena.educacion.navarra.es\/web\/wp-json\/wp\/v2\/pages\/300"}],"collection":[{"href":"https:\/\/creena.educacion.navarra.es\/web\/wp-json\/wp\/v2\/pages"}],"about":[{"href":"https:\/\/creena.educacion.navarra.es\/web\/wp-json\/wp\/v2\/types\/page"}],"author":[{"embeddable":true,"href":"https:\/\/creena.educacion.navarra.es\/web\/wp-json\/wp\/v2\/users\/1"}],"replies":[{"embeddable":true,"href":"https:\/\/creena.educacion.navarra.es\/web\/wp-json\/wp\/v2\/comments?post=300"}],"version-history":[{"count":11,"href":"https:\/\/creena.educacion.navarra.es\/web\/wp-json\/wp\/v2\/pages\/300\/revisions"}],"predecessor-version":[{"id":18055,"href":"https:\/\/creena.educacion.navarra.es\/web\/wp-json\/wp\/v2\/pages\/300\/revisions\/18055"}],"up":[{"embeddable":true,"href":"https:\/\/creena.educacion.navarra.es\/web\/wp-json\/wp\/v2\/pages\/293"}],"wp:attachment":[{"href":"https:\/\/creena.educacion.navarra.es\/web\/wp-json\/wp\/v2\/media?parent=300"}],"curies":[{"name":"wp","href":"https:\/\/api.w.org\/{rel}","templated":true}]}}