{"id":362,"date":"2015-11-18T10:19:32","date_gmt":"2015-11-18T09:19:32","guid":{"rendered":"http:\/\/creena.educacion.navarra.es\/web\/?page_id=362"},"modified":"2021-10-27T11:09:54","modified_gmt":"2021-10-27T09:09:54","slug":"enlaces-visuales","status":"publish","type":"page","link":"https:\/\/creena.educacion.navarra.es\/web\/necesidades-educativas-especiales\/equipo-visuales\/recursos-auditivos\/enlaces-visuales\/","title":{"rendered":"Enlaces"},"content":{"rendered":"<h4><strong><a href=\"http:\/\/visualescreena.blogspot.com\/\" target=\"_blank\" rel=\"noopener\">Blog del programa de visuales. CREENA<\/a><\/strong><\/h4>\n<p>Este blog pretende ser un punto de encuentro en el que ofrecer recursos, contar experiencias y poner en com\u00fan todo aquello que pueda ser \u00fatil a todas aquellas personas relacionadas con el equipo de visuales del CREENA<\/p>\n<hr \/>\n<p><a href=\"https:\/\/creena.educacion.navarra.es\/web\/wp-content\/uploads\/2021\/10\/simbavis.png\"><img loading=\"lazy\" class=\"wp-image-15817 alignleft\" src=\"https:\/\/creena.educacion.navarra.es\/web\/wp-content\/uploads\/2021\/10\/simbavis.png\" alt=\"\" width=\"165\" height=\"99\" srcset=\"https:\/\/creena.educacion.navarra.es\/web\/wp-content\/uploads\/2021\/10\/simbavis.png 565w, https:\/\/creena.educacion.navarra.es\/web\/wp-content\/uploads\/2021\/10\/simbavis-300x180.png 300w\" sizes=\"(max-width: 165px) 100vw, 165px\" \/><\/a><\/p>\n<h4><strong><a href=\"https:\/\/www.symbaloo.com\/mix\/equipodevisualescreena\" target=\"_blank\" rel=\"noopener\">Symbaloo del programa visuales del CREENA<\/a><\/strong><\/h4>\n<p>Este webmix pretende servir de apoyo a aquellas personas que trabajan con ni\u00f1os con discapacidad visual (baja visi\u00f3n o ceguera).<\/p>\n<hr \/>\n<p><a href=\"http:\/\/creena.educacion.navarra.es\/web\/wp-content\/uploads\/2015\/11\/once.jpg\"><img loading=\"lazy\" class=\"wp-image-367 alignleft\" src=\"http:\/\/creena.educacion.navarra.es\/web\/wp-content\/uploads\/2015\/11\/once.jpg\" alt=\"once\" width=\"177\" height=\"41\" \/><\/a><\/p>\n<h4><strong><a href=\"http:\/\/educacion.once.es\/\" target=\"_blank\" rel=\"noopener noreferrer\">ONCE &#8211; Organizaci\u00f3n Nacional de Ciegos Espa\u00f1oles<\/a><\/strong><\/h4>\n<p>Es una corporaci\u00f3n de Derecho P\u00fablico y de car\u00e1cter social creada por el Estado hace m\u00e1s de 67 a\u00f1os como respuesta institucionalizada a las necesidades y anhelos de los ciegos espa\u00f1oles de las primeras d\u00e9cadas del siglo XX. En estos momentos en Navarra la ONCE colabora con el Modulo de Visuales en la atenci\u00f3n a alumnos con discapacidad visual integrados en los centros ordinarios.<\/p>\n<hr \/>\n<p><a href=\"https:\/\/creena.educacion.navarra.es\/web\/wp-content\/uploads\/2021\/10\/cti.png\"><img loading=\"lazy\" class=\"size-full wp-image-15813 alignleft\" src=\"https:\/\/creena.educacion.navarra.es\/web\/wp-content\/uploads\/2021\/10\/cti.png\" alt=\"\" width=\"215\" height=\"89\" \/><\/a><\/p>\n<h4><a href=\"https:\/\/cti.once.es\/\" target=\"_blank\" rel=\"noopener\"><strong>CTI &#8211; Centro de Tiflotecnolog\u00eda e innovaci\u00f3n<\/strong><\/a><\/h4>\n<p>El CTI es el Centro de Tiflotecnolog\u00eda e Innovaci\u00f3n y depende de la Direcci\u00f3n de Autonom\u00eda Personal, Accesibilidad,\u00a0Tecnolog\u00eda e Innovaci\u00f3n de la direcci\u00f3n General de la ONCE.<\/p>\n<hr \/>\n<p><a href=\"http:\/\/creena.educacion.navarra.es\/web\/wp-content\/uploads\/2015\/11\/intef.png\"><img loading=\"lazy\" class=\"wp-image-375 alignleft\" src=\"http:\/\/creena.educacion.navarra.es\/web\/wp-content\/uploads\/2015\/11\/intef.png\" alt=\"intef\" width=\"205\" height=\"80\" \/><\/a><\/p>\n<h4><strong><a href=\"http:\/\/www.ite.educacion.es\/formacion\/materiales\/129\/cd\/indice.htm\" target=\"_blank\" rel=\"noopener noreferrer\">INTEF &#8211; Instituto Nacional de Tecnolog\u00edas Educativas y de Formaci\u00f3n del Profesorado<\/a><\/strong><\/h4>\n<p>Es el portal educativo y cultural del Ministerio de Educaci\u00f3n, los objetivos que pretende son:<\/p>\n<ul>\n<li>Desarrollo de la Educaci\u00f3n a distancia a trav\u00e9s de las TIC.<\/li>\n<li>Producci\u00f3n de contenidos curriculares y no curriculares hipermedia.<\/li>\n<li>Participaci\u00f3n en Programas y proyectos educativos de la CE.<\/li>\n<li>Coordinaci\u00f3n con las iniciativas de Nuevas Tecnolog\u00edas de las CCAA.<br \/>\nDesarrollo de la Televisi\u00f3n educativa.<\/li>\n<\/ul>\n<hr \/>\n<h4><a href=\"http:\/\/creena.educacion.navarra.es\/web\/wp-content\/uploads\/2015\/11\/tiflo.jpg\"><img loading=\"lazy\" class=\" wp-image-369 alignleft\" src=\"http:\/\/creena.educacion.navarra.es\/web\/wp-content\/uploads\/2015\/11\/tiflo.jpg\" alt=\"tiflo\" width=\"188\" height=\"118\" \/><\/a><strong><a href=\"http:\/\/www.tiflolibros.com.ar\/\" target=\"_blank\" rel=\"noopener noreferrer\">TifloLibros &#8211; Libros electr\u00f3nicos para Ciegos<\/a><\/strong><\/h4>\n<p>Primera biblioteca digital para ciegos de habla hispana. Es un servicio gratuito y exclusivo pensado para personas con discapacidad visual. Es un lugar que permite intercambiar informaci\u00f3n y compartir los libros que se tienen en formato digital.<\/p>\n<hr \/>\n<p><a href=\"https:\/\/creena.educacion.navarra.es\/web\/wp-content\/uploads\/2021\/10\/compartolid.jpg\"><img loading=\"lazy\" class=\"wp-image-15815 alignleft\" src=\"https:\/\/creena.educacion.navarra.es\/web\/wp-content\/uploads\/2021\/10\/compartolid.jpg\" alt=\"\" width=\"142\" height=\"142\" srcset=\"https:\/\/creena.educacion.navarra.es\/web\/wp-content\/uploads\/2021\/10\/compartolid.jpg 225w, https:\/\/creena.educacion.navarra.es\/web\/wp-content\/uploads\/2021\/10\/compartolid-150x150.jpg 150w\" sizes=\"(max-width: 142px) 100vw, 142px\" \/><\/a><\/p>\n<h4><a href=\"https:\/\/www.compartolid.es\/\" target=\"_blank\" rel=\"noopener\"><strong>Compartolid.es<\/strong><\/a><\/h4>\n<p>Valoraci\u00f3n y gu\u00edas teniendo en cuenta la accesibilidad.<\/p>\n<p>.<\/p>\n<hr \/>\n<p><a href=\"http:\/\/creena.educacion.navarra.es\/web\/wp-content\/uploads\/2015\/11\/manolo.gif\"><img loading=\"lazy\" class=\"wp-image-365 alignleft\" src=\"http:\/\/creena.educacion.navarra.es\/web\/wp-content\/uploads\/2015\/11\/manolo.gif\" alt=\"manolo\" width=\"184\" height=\"69\" \/><\/a><\/p>\n<h4><strong><a href=\"http:\/\/manolo.net\/\" target=\"_blank\" rel=\"noopener noreferrer\">Manolo.Net<\/a><\/strong><\/h4>\n<p>El portal Manolo Net, creado el 1 de agosto de 1996, demuestra el concepto de la accesibilidad a informaci\u00f3n electr\u00f3nica para personas con necesidades especiales, integrando una buena apariencia gracias a su contenido gr\u00e1fico sin sacrificar en su programaci\u00f3n HTML que la misma pueda ser disfrutada por todas las personas por igual.<\/p>\n","protected":false},"excerpt":{"rendered":"<p>Blog del programa de visuales. CREENA Este blog pretende ser un punto de encuentro en el que ofrecer recursos, contar experiencias y poner en com\u00fan todo aquello que pueda ser \u00fatil a todas aquellas personas relacionadas con el equipo de visuales del CREENA Symbaloo del programa visuales del CREENA Este webmix pretende servir de apoyo [&hellip;]<\/p>\n","protected":false},"author":1,"featured_media":0,"parent":507,"menu_order":2,"comment_status":"closed","ping_status":"closed","template":"","meta":{"_genesis_hide_title":false,"_genesis_hide_breadcrumbs":false,"_genesis_hide_singular_image":false,"_genesis_hide_footer_widgets":false,"_genesis_custom_body_class":"","_genesis_custom_post_class":"","_genesis_layout":"content-sidebar"},"_links":{"self":[{"href":"https:\/\/creena.educacion.navarra.es\/web\/wp-json\/wp\/v2\/pages\/362"}],"collection":[{"href":"https:\/\/creena.educacion.navarra.es\/web\/wp-json\/wp\/v2\/pages"}],"about":[{"href":"https:\/\/creena.educacion.navarra.es\/web\/wp-json\/wp\/v2\/types\/page"}],"author":[{"embeddable":true,"href":"https:\/\/creena.educacion.navarra.es\/web\/wp-json\/wp\/v2\/users\/1"}],"replies":[{"embeddable":true,"href":"https:\/\/creena.educacion.navarra.es\/web\/wp-json\/wp\/v2\/comments?post=362"}],"version-history":[{"count":15,"href":"https:\/\/creena.educacion.navarra.es\/web\/wp-json\/wp\/v2\/pages\/362\/revisions"}],"predecessor-version":[{"id":15826,"href":"https:\/\/creena.educacion.navarra.es\/web\/wp-json\/wp\/v2\/pages\/362\/revisions\/15826"}],"up":[{"embeddable":true,"href":"https:\/\/creena.educacion.navarra.es\/web\/wp-json\/wp\/v2\/pages\/507"}],"wp:attachment":[{"href":"https:\/\/creena.educacion.navarra.es\/web\/wp-json\/wp\/v2\/media?parent=362"}],"curies":[{"name":"wp","href":"https:\/\/api.w.org\/{rel}","templated":true}]}}