{"id":4024,"date":"2016-03-18T13:02:19","date_gmt":"2016-03-18T12:02:19","guid":{"rendered":"http:\/\/creena.educacion.navarra.es\/web\/?page_id=4024"},"modified":"2025-09-22T10:20:01","modified_gmt":"2025-09-22T08:20:01","slug":"nuevas-tecnologias","status":"publish","type":"page","link":"https:\/\/creena.educacion.navarra.es\/web\/gestion-informacion-y-medios\/nuevas-tecnologias\/","title":{"rendered":"Tecnolog\u00edas de la Informaci\u00f3n y la Comunicaci\u00f3n\u00a0(TICs)"},"content":{"rendered":"<div class=\"contenido_menu\">\n<div>La Unidad de Recursos Materiales y Tecnolog\u00edas de la Informaci\u00f3n y la Comunicaci\u00f3n (TIC) es un servicio creado para asesorar y formar en la utilizaci\u00f3n de las TIC a los diferentes elementos del sistema educativo, as\u00ed como para crear y adaptar materiales para los alumnos con NEE y optimizar la respuesta educativa.<\/div>\n<\/div>\n","protected":false},"excerpt":{"rendered":"<p>La Unidad de Recursos Materiales y Tecnolog\u00edas de la Informaci\u00f3n y la Comunicaci\u00f3n (TIC) es un servicio creado para asesorar y formar en la utilizaci\u00f3n de las TIC a los diferentes elementos del sistema educativo, as\u00ed como para crear y adaptar materiales para los alumnos con NEE y optimizar la respuesta educativa.<\/p>\n","protected":false},"author":1,"featured_media":0,"parent":14,"menu_order":2,"comment_status":"closed","ping_status":"closed","template":"","meta":{"_genesis_hide_title":false,"_genesis_hide_breadcrumbs":false,"_genesis_hide_singular_image":false,"_genesis_hide_footer_widgets":false,"_genesis_custom_body_class":"","_genesis_custom_post_class":"","_genesis_layout":""},"_links":{"self":[{"href":"https:\/\/creena.educacion.navarra.es\/web\/wp-json\/wp\/v2\/pages\/4024"}],"collection":[{"href":"https:\/\/creena.educacion.navarra.es\/web\/wp-json\/wp\/v2\/pages"}],"about":[{"href":"https:\/\/creena.educacion.navarra.es\/web\/wp-json\/wp\/v2\/types\/page"}],"author":[{"embeddable":true,"href":"https:\/\/creena.educacion.navarra.es\/web\/wp-json\/wp\/v2\/users\/1"}],"replies":[{"embeddable":true,"href":"https:\/\/creena.educacion.navarra.es\/web\/wp-json\/wp\/v2\/comments?post=4024"}],"version-history":[{"count":7,"href":"https:\/\/creena.educacion.navarra.es\/web\/wp-json\/wp\/v2\/pages\/4024\/revisions"}],"predecessor-version":[{"id":19282,"href":"https:\/\/creena.educacion.navarra.es\/web\/wp-json\/wp\/v2\/pages\/4024\/revisions\/19282"}],"up":[{"embeddable":true,"href":"https:\/\/creena.educacion.navarra.es\/web\/wp-json\/wp\/v2\/pages\/14"}],"wp:attachment":[{"href":"https:\/\/creena.educacion.navarra.es\/web\/wp-json\/wp\/v2\/media?parent=4024"}],"curies":[{"name":"wp","href":"https:\/\/api.w.org\/{rel}","templated":true}]}}