{"id":412,"date":"2015-11-19T11:07:18","date_gmt":"2015-11-19T10:07:18","guid":{"rendered":"http:\/\/creena.educacion.navarra.es\/web\/?page_id=412"},"modified":"2017-05-16T10:41:03","modified_gmt":"2017-05-16T08:41:03","slug":"respuesta-educativa-conducta","status":"publish","type":"page","link":"https:\/\/creena.educacion.navarra.es\/web\/necesidades-educativas-especiales\/equipo-conducta\/respuesta-educativac\/respuesta-educativa-conducta\/","title":{"rendered":"Respuesta Educativa"},"content":{"rendered":"<p>No se debe olvidar que, dado el car\u00e1cter \u00fanico de cada problema de comportamiento, resulta dif\u00edcil establecer un programa tipo que aborde la gran diversidad de los problemas comportamentales. Reconociendo est\u00e1 dificultad, en este apartado se ofrece un abanico de propuestas, sugerencias y pautas a educativas que permiten elaborar intervenciones en el \u00e1mbito conductual con un car\u00e1cter m\u00e1s espec\u00edfico.<\/p>\n<p>De cualquier manera las distintas f\u00f3rmulas explicitadas en este documento no deben entenderse como modelos a trasladar tal cual, sino como experiencias que deber\u00edan animar a dise\u00f1ar modelos propios ajustados a las peculiaridades, necesidades y posibilidades de cada contexto escolar.<\/p>\n<h3><span style=\"color: #800000;\"><strong>1. INTERVENCI\u00d3N EN EL \u00c1MBITO COMPORTAMENTAL:<\/strong><\/span><\/h3>\n<p>La evaluaci\u00f3n conductual nos permitir\u00e1 concretar las conductas problem\u00e1ticas, y establecer las posibles variables que las mantienen. La intervenci\u00f3n para la regulaci\u00f3n de las conductas desajustadas exige realizar una selecci\u00f3n y priorizaci\u00f3n previa de las mismas y dirigir la atenci\u00f3n y esfuerzo en esa direcci\u00f3n.<\/p>\n<p>Elaborar un plan de modificaci\u00f3n de conducta supone identificar previamente las conductas objeto de modificaci\u00f3n, observarlas, registrarlas y programar todas aquellas t\u00e9cnicas o procedimientos encaminados a producir el cambio deseado, la extinci\u00f3n o mantenimiento de las conductas. En este momento del proceso debe tenerse en cuenta:<\/p>\n<ul>\n<li>Si se trata de implantar, aumentar, disminuir o eliminar una conducta o habilidad.<\/li>\n<li>Las caracter\u00edsticas individuales del alumno y el medio en el que se va a intervenir, realizando por ello un an\u00e1lisis del contexto escolar en el que se presenta la conducta problem\u00e1tica.<\/li>\n<li>Marcar metas asequibles y de car\u00e1cter inmediato en la medida de lo posible.<\/li>\n<\/ul>\n<p>Es preciso se\u00f1alar que ninguna de las t\u00e9cnicas que se describen en este documento debe ser aplicadas de forma exclusiva sino que, en gran parte, la eficacia del programa va a depender de la combinaci\u00f3n ajustada de varias de ellas. su aplicaci\u00f3n nunca debe realizarse de forma aislada, siempre se complementar\u00e1n con estrategias y medidas de car\u00e1cter acad\u00e9mico-curricular, afectivo-emocional y social.<\/p>\n<h4><strong>1.1\u00a0Definir los objetivos de la intervenci\u00f3n:<\/strong><\/h4>\n<ul>\n<li>Aplicando criterios de priorizaci\u00f3n realista y<\/li>\n<li>Estableciendo que conductas quieren reducirse y cu\u00e1les se desea implantar o aumentar.<\/li>\n<\/ul>\n<h4><strong>1.2\u00a0Considerar qu\u00e9 se puede hacer para lograrlo<\/strong><\/h4>\n<p>Tanto mediante planteamientos que eviten o reduzcan la probabilidad de aparici\u00f3n de conductas no deseadas gracias a la utilizaci\u00f3n de mecanismos alternativos o incompatibles con ella, como a trav\u00e9s de pautas y procedimientos recomendables para intervenir y que pueden organizarse en torno a:<\/p>\n<ol>\n<li><span style=\"text-decoration: underline;\">T\u00e9cnicas de car\u00e1cter operante: <\/span>Modelamiento, encadenamiento,\u00a0 reforzamiento diferencial de tasa baja, reforzamiento diferencial de conductas alternativas o incompatibles, principio de Premack, extinci\u00f3n, costo de respuesta, tiempo fuera, sobrecorrecci\u00f3n, organizaci\u00f3n de contingencias.<\/li>\n<li><span style=\"text-decoration: underline;\">T\u00e9cnica de aprendizaje observacional: <\/span>Modelado, entrenamiento de habilidades sociales, entrenamiento asertivo, autoobservaci\u00f3n y autorregistro, autocontrol emocional, entrenamiento en relajaci\u00f3n.<\/li>\n<li><span style=\"text-decoration: underline;\">Procedimientos cognitivos: <\/span>Autoinstrucciones, reestructuraci\u00f3n emocional cognitiva, resoluci\u00f3n de conflictos, an\u00e1lisis de consecuencias, m\u00e9todos paso a paso.<\/li>\n<\/ol>\n<h4><strong>1.3 Valorar si se ha tenido en cuenta todo lo necesario:<\/strong><\/h4>\n<h4><strong>1.4 Aplicar las decisiones adoptadas teniendo en cuenta:<\/strong><\/h4>\n<ul>\n<li>La aparici\u00f3n de posibles repuntes en las conductas desadaptadas y reactividad inicial negativa.<\/li>\n<li>La necesidad de establecer niveles intermedios de logro.<\/li>\n<li>La coordinaci\u00f3n y sistematizaci\u00f3n del proceso a seguir.<\/li>\n<\/ul>\n<h4><strong>1.5 \u00a0Anticipar qu\u00e9 se va a hacer si algo no funciona mediante:<\/strong><\/h4>\n<ul>\n<li>El establecimiento de un proceso de seguimiento y revisi\u00f3n planificado que eval\u00fae como evolucionan los niveles intermedios de logro, subsane posibles dificultades de aplicaci\u00f3n y reconduzca los planteamientos no operativos o contraproducentes.<\/li>\n<li>La disposici\u00f3n a entender que las situaciones problem\u00e1ticas suelen ser complejas y necesitadas de an\u00e1lisis recurrentes y actitudes perseverantes.<\/li>\n<\/ul>\n<h4><strong>1.6 \u00a0Evaluar los logros obtenidos valorando:<\/strong><\/h4>\n<ul>\n<li>Si las conductas intervenidas se acercan a los objetivos pretendidos (comparativa entre los niveles que situaban la l\u00ednea base con los niveles logrados con la intervenci\u00f3n)<\/li>\n<li>Si el tiempo trascurrido exige una revisi\u00f3n de lo planteado por falta de resultados positivos.<\/li>\n<li>Si aparecen efectos negativos no previstos.<\/li>\n<\/ul>\n<h4><strong>1.7 \u00a0Establecer c\u00f3mo va a desvanecerse la ayuda para:<\/strong><\/h4>\n<ul>\n<li>Procurar sustituir las circunstancias artificiales articuladas durante la intervenci\u00f3n por aqu\u00e9llas que son naturales.<\/li>\n<li>Asentar los logros alcanzados y generalizarlos en lo posible a cualquier situaci\u00f3n ordinaria.<\/li>\n<\/ul>\n<h4><strong>1.8\u00a0Seguimientos: <\/strong><\/h4>\n<p>El seguimiento de la evoluci\u00f3n del alumno y de la eficacia y adecuaci\u00f3n de los programas y acciones emprendidas debe ser dise\u00f1ado desde el inicio de la intervenci\u00f3n, estableciendo momentos concretos para la valoraci\u00f3n. El seguimiento incluye, entre otras tareas:<\/p>\n<ul>\n<li>El an\u00e1lisis de la eficacia de las estrategias, pautas y medidas utilizadas; las decisiones acerca del mantenimiento o modificaci\u00f3n de \u00e9stas<\/li>\n<li>La previsi\u00f3n de estrategias para la generalizaci\u00f3n de los progresos<\/li>\n<li>La coordinaci\u00f3n con familias, entidades y profesionales externos al \u00e1mbito escolar que trabajan con el alumno<\/li>\n<\/ul>\n<p>Hay que resaltar que est\u00e1 comprobando experimentalmente que la coherencia en las pautas y en las actuaciones, as\u00ed como la consistencia en las mismas, aportan una mayor probabilidad de \u00e9xito. Una de las formas de asegurar dicha coherencia entre los distintos entes relacionados (salud, educativo y familiar) y consistencia en el tiempo, pasa por el trabajo de coordinado entre los implicados. Todos los profesionales y los padres deben trabajar \u00abal un\u00edsono\u00bb, manejar la misma informaci\u00f3n, realizar an\u00e1lisis conjuntos y adoptar las medidas de forma consensuada.<\/p>\n<h3><span style=\"color: #800000;\"><strong>2. OTROS \u00c1MBITOS DE INTERVENCI\u00d3N<\/strong><\/span><\/h3>\n<p>En los centros educativos, la respuesta en el \u00e1mbito comportamental se debe complementar con actuaciones en el \u00e1mbito socioemocional y en el acad\u00e9mico-curricular, si hubiese necesidades educativas de intervenci\u00f3n en dicho \u00e1mbitos.<\/p>\n<h4><strong>2.1. \u00c1mbito socioemocional<\/strong><\/h4>\n<p>La educaci\u00f3n tiene lugar en un contexto social. Los comportamientos de los alumnos, los de los profesores y la interacci\u00f3n social que se establece entre ambos son factores que configuran y condicionan el desarrollo personal y acad\u00e9mico de todo el alumnado.<\/p>\n<p>Algunas pautas y estrategias educativas para trabajar los aspectos socioemocionales podr\u00edan ser las siguientes:<\/p>\n<ul>\n<li>Organizar el aula para favorecer las relaciones: Dise\u00f1ando agrupamientos, eligiendo la mejor ubicaci\u00f3n para el alumno, organizando el uso de espacios y materiales comunes&#8230;<\/li>\n<li>Mejorar el clima de clase: Actitudes del profesorado, estilo de autoridad, estableciendo normativas que regulen el funcionamiento del aula; reforzando el trabajo y las actividades de los alumnos&#8230;<\/li>\n<li>Mejorar la cohesi\u00f3n grupal: A trav\u00e9s de propuestas de trabajo en grupo (trabajo cooperativo, grupos interactivos), tareas que conlleven la consecuci\u00f3n de un objetivo o meta com\u00fan, en definitiva, estrategias para garantizar el \u00e9xito colectivo y personal.<\/li>\n<li>Desarrollar din\u00e1micas de participaci\u00f3n e implicaci\u00f3n en la vida escolar: con la asignaci\u00f3n de responsabilidades entre el alumnado, la realizaci\u00f3n de actividades de participaci\u00f3n pautada, la participaci\u00f3n en la gesti\u00f3n y toma de decisiones del aula<\/li>\n<li>Desarrollar habilidades sociales: Por medio del seguimiento de programas espec\u00edficos, dise\u00f1o de actividades comunicativas, ofrecer oportunidades y experiencias de relaci\u00f3n asertiva, democr\u00e1tica y positiva.<\/li>\n<li>Mejorar el autoconcepto y la autoestima del alumno, aumentar la tolerancia a la frustraci\u00f3n&#8230;<\/li>\n<\/ul>\n<h4><strong>2.2. \u00c1mbito acad\u00e9mico-curricular:<\/strong><\/h4>\n<p>La interrelaci\u00f3n entre aprendizaje y desajuste comportamental es evidente: es muy probable que un alumno que no aprende, manifieste problemas desajustes comportamentales, e igualmente que un alumno manifieste problemas de comportamiento aprende generalmente menos que los dem\u00e1s. La reflexi\u00f3n sobre aspectos importantes tales como la adecuaci\u00f3n o no de la metodolog\u00eda empleada; la existencia o no de un desajuste entre las capacidades y conocimientos del alumno y los objetivos y contenidos que pretendemos que aprenda; o el ajuste de las estrategias de aprendizaje a las condiciones del alumno&#8230; resultan fundamentales para dise\u00f1ar la respuesta educativa de este \u00e1mbito.<\/p>\n<ul>\n<li>Tener en cuenta las variables atencionales: controlar los elementos f\u00edsicos, las variables distractoras, la organizaci\u00f3n del aula, el dise\u00f1o de la actividad, las estrategias did\u00e1cticas en relaci\u00f3n a las instrucciones y las explicaciones, aplicando t\u00e9cnicas de ayuda y control directo y t\u00e9cnicas para desarrollar la concentraci\u00f3n. Considerar los h\u00e1bitos de trabajo como contenidos de ense\u00f1anza aprendizaje.<\/li>\n<li>Ajustar la propuesta curricular para la adquisici\u00f3n de las competencias b\u00e1sicas en funci\u00f3n de la zona de desarrollo pr\u00f3ximo: seleccionando,\u00a0 ajustando\u00a0 o modificando los objetivos y contenidos, la organizaci\u00f3n y priorizaci\u00f3n de actividades y las estrategias metodol\u00f3gicas, los procedimientos y criterios de evaluaci\u00f3n.<\/li>\n<li>Garantizar el \u00e9xito en las actividades: Gradaci\u00f3n progresiva de las ayudas directas e indirectas, articulaci\u00f3n de apoyos\u00a0individuales y colectivos, planificaci\u00f3n de apoyos anticipatorios y utilizaci\u00f3n de estrategias de motivaci\u00f3n y refuerzo.<\/li>\n<\/ul>\n<p>&nbsp;<\/p>\n<p>&nbsp;<\/p>\n","protected":false},"excerpt":{"rendered":"<p>No se debe olvidar que, dado el car\u00e1cter \u00fanico de cada problema de comportamiento, resulta dif\u00edcil establecer un programa tipo que aborde la gran diversidad de los problemas comportamentales. Reconociendo est\u00e1 dificultad, en este apartado se ofrece un abanico de propuestas, sugerencias y pautas a educativas que permiten elaborar intervenciones en el \u00e1mbito conductual con [&hellip;]<\/p>\n","protected":false},"author":1,"featured_media":0,"parent":609,"menu_order":0,"comment_status":"closed","ping_status":"closed","template":"","meta":{"_genesis_hide_title":false,"_genesis_hide_breadcrumbs":false,"_genesis_hide_singular_image":false,"_genesis_hide_footer_widgets":false,"_genesis_custom_body_class":"","_genesis_custom_post_class":"","_genesis_layout":"content-sidebar"},"_links":{"self":[{"href":"https:\/\/creena.educacion.navarra.es\/web\/wp-json\/wp\/v2\/pages\/412"}],"collection":[{"href":"https:\/\/creena.educacion.navarra.es\/web\/wp-json\/wp\/v2\/pages"}],"about":[{"href":"https:\/\/creena.educacion.navarra.es\/web\/wp-json\/wp\/v2\/types\/page"}],"author":[{"embeddable":true,"href":"https:\/\/creena.educacion.navarra.es\/web\/wp-json\/wp\/v2\/users\/1"}],"replies":[{"embeddable":true,"href":"https:\/\/creena.educacion.navarra.es\/web\/wp-json\/wp\/v2\/comments?post=412"}],"version-history":[{"count":10,"href":"https:\/\/creena.educacion.navarra.es\/web\/wp-json\/wp\/v2\/pages\/412\/revisions"}],"predecessor-version":[{"id":9254,"href":"https:\/\/creena.educacion.navarra.es\/web\/wp-json\/wp\/v2\/pages\/412\/revisions\/9254"}],"up":[{"embeddable":true,"href":"https:\/\/creena.educacion.navarra.es\/web\/wp-json\/wp\/v2\/pages\/609"}],"wp:attachment":[{"href":"https:\/\/creena.educacion.navarra.es\/web\/wp-json\/wp\/v2\/media?parent=412"}],"curies":[{"name":"wp","href":"https:\/\/api.w.org\/{rel}","templated":true}]}}