{"id":425,"date":"2015-11-19T12:08:41","date_gmt":"2015-11-19T11:08:41","guid":{"rendered":"http:\/\/creena.educacion.navarra.es\/web\/?page_id=425"},"modified":"2018-03-01T09:10:38","modified_gmt":"2018-03-01T08:10:38","slug":"capacidades-altas-capacidades","status":"publish","type":"page","link":"https:\/\/creena.educacion.navarra.es\/web\/necesidades-educativas-especificas\/equipo-altas-capacidades\/altas-capacidades\/modelos-explicativos\/capacidades-altas-capacidades\/","title":{"rendered":"Enfoque cl\u00e1sico: Modelos centrados en Capacidades"},"content":{"rendered":"<p>Hist\u00f3ricamente constituyen uno de los primeros intentos de definir las caracter\u00edsticas del pensamiento excepcional.<\/p>\n<p>Tambi\u00e9n llamados modelos psicom\u00e9tricos por basarse exclusivamente en la medici\u00f3n psicom\u00e9trica de la inteligencia como condici\u00f3n innata.<\/p>\n<p>Consideran la superdotaci\u00f3n como una caracter\u00edstica personal, casi de tipo innato. En su definici\u00f3n de la superdotaci\u00f3n destacan, en un primer momento, el papel predominante de la inteligencia y del cociente intelectual, e incluyen posteriormente el de las aptitudes.<\/p>\n<h2><strong>Autores representativos y sus aportaciones:<\/strong><\/h2>\n<h3><strong>Terman (1917):<\/strong><\/h3>\n<ul>\n<li>Autor m\u00e1s representativo<\/li>\n<li>Sus aportaciones se centran en la medici\u00f3n de la inteligencia general utilizando los instrumentos y conocimientos cient\u00edficos de su \u00e9poca.<\/li>\n<li>Propone la medida de CI=130 o superior, seg\u00fan la escala de inteligencia de Satnford Binet, como l\u00ednea de corte para determinar la inteligencia superior.<\/li>\n<li>Este criterio ha perdurado en el tiempo e incluso actualmente se sigue utilizando por parte de algunos profesionales.<\/li>\n<\/ul>\n<h3><strong>Marland (1972)<\/strong><\/h3>\n<ul>\n<li>Define como ni\u00f1os superdotados y con talentos aquellos que por sus habilidades extraordinarias son capaces de altas realizaciones. Son aquellos con logro demostrado y\/o capacidad potencial en cualquiera de las siguientes \u00e1reas: capacidad intelectual general, aptitud acad\u00e9mica espec\u00edfica, pensamiento creativo o productivo, artes visuales y representacionales, habilidad psicomotora, habilidad de liderazgo.<\/li>\n<li>Definici\u00f3n aceptada por la Oficina de Educaci\u00f3n de los Estado Unidos.<\/li>\n<li>Definici\u00f3n que relativiza el concepto de superdotaci\u00f3n e incluye las capacidades espec\u00edficas y el rendimiento.<\/li>\n<\/ul>\n<h3><strong>Gardner (1985), Modelo de inteligencias m\u00faltiples<\/strong><\/h3>\n<ul>\n<li>La inteligencia se concibe como una forma de resolver problemas<\/li>\n<li>Describe siete tipos de inteligencia o formas de interactuar con el entorno: ling\u00fc\u00edstica, l\u00f3gico-matem\u00e1tica, musical, viso-espacial, corporal-kinest\u00e9sica, intrapersonal, interpersonal, las cuales son independientes pero interact\u00faan entre s\u00ed.<\/li>\n<li>Considera que una capacidad es una competencia demostrable en alg\u00fan \u00e1mbito que se manifiesta en las interacciones de la persona con el entorno.<\/li>\n<\/ul>\n","protected":false},"excerpt":{"rendered":"<p>Hist\u00f3ricamente constituyen uno de los primeros intentos de definir las caracter\u00edsticas del pensamiento excepcional. Tambi\u00e9n llamados modelos psicom\u00e9tricos por basarse exclusivamente en la medici\u00f3n psicom\u00e9trica de la inteligencia como condici\u00f3n innata. Consideran la superdotaci\u00f3n como una caracter\u00edstica personal, casi de tipo innato. En su definici\u00f3n de la superdotaci\u00f3n destacan, en un primer momento, el papel [&hellip;]<\/p>\n","protected":false},"author":1,"featured_media":0,"parent":645,"menu_order":0,"comment_status":"closed","ping_status":"closed","template":"","meta":{"_genesis_hide_title":false,"_genesis_hide_breadcrumbs":false,"_genesis_hide_singular_image":false,"_genesis_hide_footer_widgets":false,"_genesis_custom_body_class":"","_genesis_custom_post_class":"","_genesis_layout":"content-sidebar"},"_links":{"self":[{"href":"https:\/\/creena.educacion.navarra.es\/web\/wp-json\/wp\/v2\/pages\/425"}],"collection":[{"href":"https:\/\/creena.educacion.navarra.es\/web\/wp-json\/wp\/v2\/pages"}],"about":[{"href":"https:\/\/creena.educacion.navarra.es\/web\/wp-json\/wp\/v2\/types\/page"}],"author":[{"embeddable":true,"href":"https:\/\/creena.educacion.navarra.es\/web\/wp-json\/wp\/v2\/users\/1"}],"replies":[{"embeddable":true,"href":"https:\/\/creena.educacion.navarra.es\/web\/wp-json\/wp\/v2\/comments?post=425"}],"version-history":[{"count":7,"href":"https:\/\/creena.educacion.navarra.es\/web\/wp-json\/wp\/v2\/pages\/425\/revisions"}],"predecessor-version":[{"id":11541,"href":"https:\/\/creena.educacion.navarra.es\/web\/wp-json\/wp\/v2\/pages\/425\/revisions\/11541"}],"up":[{"embeddable":true,"href":"https:\/\/creena.educacion.navarra.es\/web\/wp-json\/wp\/v2\/pages\/645"}],"wp:attachment":[{"href":"https:\/\/creena.educacion.navarra.es\/web\/wp-json\/wp\/v2\/media?parent=425"}],"curies":[{"name":"wp","href":"https:\/\/api.w.org\/{rel}","templated":true}]}}

Enfoque clásico: Modelos centrados en Capacidades

<p>Históricamente constituyen uno de los primeros intentos de definir las características del pensamiento excepcional.</p>
<p>También llamados modelos psicométricos por basarse exclusivamente en la medición psicométrica de la inteligencia como condición innata.</p>
<p>Consideran la superdotación como una característica personal, casi de tipo innato. En su definición de la superdotación destacan, en un primer momento, el papel predominante de la inteligencia y del cociente intelectual, e incluyen posteriormente el de las aptitudes.</p>
<h2><strong>Autores representativos y sus aportaciones:</strong></h2>
<h3><strong>Terman (1917):</strong></h3>
<ul>
<li>Autor más representativo</li>
<li>Sus aportaciones se centran en la medición de la inteligencia general utilizando los instrumentos y conocimientos científicos de su época.</li>
<li>Propone la medida de CI=130 o superior, según la escala de inteligencia de Satnford Binet, como línea de corte para determinar la inteligencia superior.</li>
<li>Este criterio ha perdurado en el tiempo e incluso actualmente se sigue utilizando por parte de algunos profesionales.</li>
</ul>
<h3><strong>Marland (1972)</strong></h3>
<ul>
<li>Define como niños superdotados y con talentos aquellos que por sus habilidades extraordinarias son capaces de altas realizaciones. Son aquellos con logro demostrado y/o capacidad potencial en cualquiera de las siguientes áreas: capacidad intelectual general, aptitud académica específica, pensamiento creativo o productivo, artes visuales y representacionales, habilidad psicomotora, habilidad de liderazgo.</li>
<li>Definición aceptada por la Oficina de Educación de los Estado Unidos.</li>
<li>Definición que relativiza el concepto de superdotación e incluye las capacidades específicas y el rendimiento.</li>
</ul>
<h3><strong>Gardner (1985), Modelo de inteligencias múltiples</strong></h3>
<ul>
<li>La inteligencia se concibe como una forma de resolver problemas</li>
<li>Describe siete tipos de inteligencia o formas de interactuar con el entorno: lingüística, lógico-matemática, musical, viso-espacial, corporal-kinestésica, intrapersonal, interpersonal, las cuales son independientes pero interactúan entre sí.</li>
<li>Considera que una capacidad es una competencia demostrable en algún ámbito que se manifiesta en las interacciones de la persona con el entorno.</li>
</ul>

<p>Históricamente constituyen uno de los primeros intentos de definir las características del pensamiento excepcional. También llamados modelos psicométricos por basarse exclusivamente en la medición psicométrica de la inteligencia como condición innata. Consideran la superdotación como una característica personal, casi de tipo innato. En su definición de la superdotación destacan, en un primer momento, el papel [&hellip;]</p>
