{"id":6853,"date":"2016-10-07T13:29:19","date_gmt":"2016-10-07T11:29:19","guid":{"rendered":"http:\/\/creena.educacion.navarra.es\/web\/?page_id=6853"},"modified":"2026-02-02T13:16:15","modified_gmt":"2026-02-02T12:16:15","slug":"solicitud-de-intervencion","status":"publish","type":"page","link":"https:\/\/creena.educacion.navarra.es\/web\/solicitud-de-intervencion\/","title":{"rendered":"Solicitud de Colaboraci\u00f3n"},"content":{"rendered":"<p>Desde el 1 de octubre de 2025, las solicitudes de colaboraci\u00f3n a CREENA se registran a trav\u00e9s de EDUCA.<\/p>\n\n\n<p class=\"has-text-align-center has-text-color\" style=\"color:#03a82c\"><strong><a rel=\"noreferrer noopener\" href=\"https:\/\/drive.google.com\/file\/d\/1C-7GVNjSEJ2gT1m-vg7BV0iBb8r2bucV\/view?usp=drive_link\" target=\"_blank\">Tutorial para las solicitudes de colaboraci\u00f3n CREENA<\/a><\/strong> (para otros programas a trav\u00e9s de EDUCA)<\/p>\n","protected":false},"excerpt":{"rendered":"<p>Desde el 1 de octubre de 2025, las solicitudes de colaboraci\u00f3n a CREENA se registran a trav\u00e9s de EDUCA. Tutorial para las solicitudes de colaboraci\u00f3n CREENA (para otros programas a trav\u00e9s de EDUCA)<\/p>\n","protected":false},"author":1,"featured_media":0,"parent":0,"menu_order":3,"comment_status":"closed","ping_status":"closed","template":"","meta":{"_genesis_hide_title":false,"_genesis_hide_breadcrumbs":false,"_genesis_hide_singular_image":false,"_genesis_hide_footer_widgets":false,"_genesis_custom_body_class":"","_genesis_custom_post_class":"","_genesis_layout":""},"_links":{"self":[{"href":"https:\/\/creena.educacion.navarra.es\/web\/wp-json\/wp\/v2\/pages\/6853"}],"collection":[{"href":"https:\/\/creena.educacion.navarra.es\/web\/wp-json\/wp\/v2\/pages"}],"about":[{"href":"https:\/\/creena.educacion.navarra.es\/web\/wp-json\/wp\/v2\/types\/page"}],"author":[{"embeddable":true,"href":"https:\/\/creena.educacion.navarra.es\/web\/wp-json\/wp\/v2\/users\/1"}],"replies":[{"embeddable":true,"href":"https:\/\/creena.educacion.navarra.es\/web\/wp-json\/wp\/v2\/comments?post=6853"}],"version-history":[{"count":52,"href":"https:\/\/creena.educacion.navarra.es\/web\/wp-json\/wp\/v2\/pages\/6853\/revisions"}],"predecessor-version":[{"id":19549,"href":"https:\/\/creena.educacion.navarra.es\/web\/wp-json\/wp\/v2\/pages\/6853\/revisions\/19549"}],"wp:attachment":[{"href":"https:\/\/creena.educacion.navarra.es\/web\/wp-json\/wp\/v2\/media?parent=6853"}],"curies":[{"name":"wp","href":"https:\/\/api.w.org\/{rel}","templated":true}]}}