{"id":759,"date":"2015-11-26T11:52:37","date_gmt":"2015-11-26T10:52:37","guid":{"rendered":"http:\/\/creena.educacion.navarra.es\/web\/?page_id=759"},"modified":"2024-10-29T13:16:25","modified_gmt":"2024-10-29T12:16:25","slug":"unidad-virgen-del-camino","status":"publish","type":"page","link":"https:\/\/creena.educacion.navarra.es\/web\/gestion-informacion-y-medios\/equipo-hospitalaria\/unidad-virgen-del-camino\/","title":{"rendered":"AULA EDUCATIVA MATERNO-INFANTIL"},"content":{"rendered":"<ul>\n<li><a href=\"https:\/\/creena.educacion.navarra.es\/web\/gestion-informacion-y-medios\/equipo-hospitalaria\/unidad-virgen-del-camino\/introduccion-hospitalaria\/\">Introducci\u00f3n<\/a><\/li>\n<li style=\"text-align: left;\"><a href=\"https:\/\/creena.educacion.navarra.es\/web\/gestion-informacion-y-medios\/equipo-hospitalaria\/unidad-virgen-del-camino\/objetivos-hospitalaria\/\">Objetivos<\/a><\/li>\n<li style=\"text-align: left;\"><a href=\"https:\/\/creena.educacion.navarra.es\/web\/gestion-informacion-y-medios\/equipo-hospitalaria\/unidad-virgen-del-camino\/intervencion-educativa\/\">Intervenci\u00f3n educativa<\/a><\/li>\n<li style=\"text-align: left;\"><a href=\"https:\/\/creena.educacion.navarra.es\/web\/gestion-informacion-y-medios\/equipo-hospitalaria\/unidad-virgen-del-camino\/ambito-de-actuacion-hospitalaria\/\">\u00c1mbitos de actuaci\u00f3n<\/a><\/li>\n<li style=\"text-align: left;\"><a href=\"https:\/\/creena.educacion.navarra.es\/web\/gestion-informacion-y-medios\/equipo-hospitalaria\/unidad-virgen-del-camino\/el-dia-a-dia\/\">El d\u00eda a d\u00eda<\/a><\/li>\n<li style=\"text-align: left;\"><a href=\"https:\/\/creena.educacion.navarra.es\/web\/gestion-informacion-y-medios\/equipo-hospitalaria\/unidad-virgen-del-camino\/ubicacionh\/\">Ubicaci\u00f3n<\/a><\/li>\n<\/ul>\n<p style=\"text-align: left;\"><em><span style=\"color: #008080;\"><a href=\"http:\/\/creena.educacion.navarra.es\/web\/wp-content\/uploads\/2015\/11\/portada_puzle.jpg\"><img loading=\"lazy\" class=\"alignright wp-image-760\" src=\"http:\/\/creena.educacion.navarra.es\/web\/wp-content\/uploads\/2015\/11\/portada_puzle-300x111.jpg\" alt=\"\" width=\"552\" height=\"204\" srcset=\"https:\/\/creena.educacion.navarra.es\/web\/wp-content\/uploads\/2015\/11\/portada_puzle-300x111.jpg 300w, https:\/\/creena.educacion.navarra.es\/web\/wp-content\/uploads\/2015\/11\/portada_puzle.jpg 857w\" sizes=\"(max-width: 552px) 100vw, 552px\" \/><\/a>Comparte con nosotros e<em>n <\/em><em>el aula hospitalaria\u00a0<\/em><\/span><\/em><em><span style=\"color: #008080;\"><em>el pu<\/em>zzle m\u00e1s grande del mundo: 24.000 piezas.<\/span><\/em><\/p>\n","protected":false},"excerpt":{"rendered":"<p>Introducci\u00f3n Objetivos Intervenci\u00f3n educativa \u00c1mbitos de actuaci\u00f3n El d\u00eda a d\u00eda Ubicaci\u00f3n Comparte con nosotros en el aula hospitalaria\u00a0el puzzle m\u00e1s grande del mundo: 24.000 piezas.<\/p>\n","protected":false},"author":1,"featured_media":0,"parent":741,"menu_order":5,"comment_status":"closed","ping_status":"closed","template":"","meta":{"_genesis_hide_title":false,"_genesis_hide_breadcrumbs":false,"_genesis_hide_singular_image":false,"_genesis_hide_footer_widgets":false,"_genesis_custom_body_class":"","_genesis_custom_post_class":"","_genesis_layout":""},"_links":{"self":[{"href":"https:\/\/creena.educacion.navarra.es\/web\/wp-json\/wp\/v2\/pages\/759"}],"collection":[{"href":"https:\/\/creena.educacion.navarra.es\/web\/wp-json\/wp\/v2\/pages"}],"about":[{"href":"https:\/\/creena.educacion.navarra.es\/web\/wp-json\/wp\/v2\/types\/page"}],"author":[{"embeddable":true,"href":"https:\/\/creena.educacion.navarra.es\/web\/wp-json\/wp\/v2\/users\/1"}],"replies":[{"embeddable":true,"href":"https:\/\/creena.educacion.navarra.es\/web\/wp-json\/wp\/v2\/comments?post=759"}],"version-history":[{"count":18,"href":"https:\/\/creena.educacion.navarra.es\/web\/wp-json\/wp\/v2\/pages\/759\/revisions"}],"predecessor-version":[{"id":18623,"href":"https:\/\/creena.educacion.navarra.es\/web\/wp-json\/wp\/v2\/pages\/759\/revisions\/18623"}],"up":[{"embeddable":true,"href":"https:\/\/creena.educacion.navarra.es\/web\/wp-json\/wp\/v2\/pages\/741"}],"wp:attachment":[{"href":"https:\/\/creena.educacion.navarra.es\/web\/wp-json\/wp\/v2\/media?parent=759"}],"curies":[{"name":"wp","href":"https:\/\/api.w.org\/{rel}","templated":true}]}}