{"id":83,"date":"2015-11-06T10:10:40","date_gmt":"2015-11-06T09:10:40","guid":{"rendered":"http:\/\/creena.educacion.navarra.es\/web\/?page_id=83"},"modified":"2017-05-12T13:43:39","modified_gmt":"2017-05-12T11:43:39","slug":"tipo-de-intervencion","status":"publish","type":"page","link":"https:\/\/creena.educacion.navarra.es\/web\/creena-tudela\/intervencion-2\/tipo-de-intervencion\/","title":{"rendered":"Tipos de intervenci\u00f3n"},"content":{"rendered":"<ul>\n<li><strong>Atenci\u00f3n directa:<\/strong><\/li>\n<\/ul>\n<p>Intervenci\u00f3n con el alumno o alumna; elaboraci\u00f3n de propuestas de intervenci\u00f3n y de materiales que se requieran en el aula y coordinaci\u00f3n con el entorno del alumno o alumna (Centro educativo, familias, Bienestar Social, Salud, Centro de Atenci\u00f3n Temprana, asociaciones de la zona&#8230;.).<\/p>\n<ul>\n<li><strong>Atenci\u00f3n Indirecta:<\/strong><\/li>\n<\/ul>\n<p>Asesoramiento y coordinaci\u00f3n con los Equipos docentes de los centros. Elaboraci\u00f3n de materiales adaptados en el CREENA.<\/p>\n<ul>\n<li><strong>Seguimiento:<\/strong><\/li>\n<\/ul>\n<p>Se realiza cuando la respuesta educativa est\u00e1 ya planteada, pero es necesario contrastar con los profesionales del Centro, distintos aspectos de la intervenci\u00f3n y\/o seguimiento del alumno o alumna.<\/p>\n<p>La intervenci\u00f3n del equipo en los centros puede llevarse a cabo de diferentes modos:<\/p>\n<ul>\n<li>Mediante sesiones de contraste con los diferentes profesionales de los distintos centros y servicios externos (servicios de salud, servicios sociales&#8230;).<\/li>\n<li>Asesorando y colaborando en aspectos concretos de intervenci\u00f3n (evaluaci\u00f3n psicopedag\u00f3gica del alumno, dise\u00f1o de propuestas y programas, elaboraci\u00f3n de ACIs, elaboraci\u00f3n de materiales&#8230;).<\/li>\n<li>Orientando y colaborando durante el proceso de detecci\u00f3n, evaluaci\u00f3n, an\u00e1lisis e intervenci\u00f3n.<\/li>\n<\/ul>\n","protected":false},"excerpt":{"rendered":"<p>Atenci\u00f3n directa: Intervenci\u00f3n con el alumno o alumna; elaboraci\u00f3n de propuestas de intervenci\u00f3n y de materiales que se requieran en el aula y coordinaci\u00f3n con el entorno del alumno o alumna (Centro educativo, familias, Bienestar Social, Salud, Centro de Atenci\u00f3n Temprana, asociaciones de la zona&#8230;.). Atenci\u00f3n Indirecta: Asesoramiento y coordinaci\u00f3n con los Equipos docentes de [&hellip;]<\/p>\n","protected":false},"author":1,"featured_media":0,"parent":79,"menu_order":1,"comment_status":"closed","ping_status":"closed","template":"","meta":{"_genesis_hide_title":false,"_genesis_hide_breadcrumbs":false,"_genesis_hide_singular_image":false,"_genesis_hide_footer_widgets":false,"_genesis_custom_body_class":"","_genesis_custom_post_class":"","_genesis_layout":""},"_links":{"self":[{"href":"https:\/\/creena.educacion.navarra.es\/web\/wp-json\/wp\/v2\/pages\/83"}],"collection":[{"href":"https:\/\/creena.educacion.navarra.es\/web\/wp-json\/wp\/v2\/pages"}],"about":[{"href":"https:\/\/creena.educacion.navarra.es\/web\/wp-json\/wp\/v2\/types\/page"}],"author":[{"embeddable":true,"href":"https:\/\/creena.educacion.navarra.es\/web\/wp-json\/wp\/v2\/users\/1"}],"replies":[{"embeddable":true,"href":"https:\/\/creena.educacion.navarra.es\/web\/wp-json\/wp\/v2\/comments?post=83"}],"version-history":[{"count":8,"href":"https:\/\/creena.educacion.navarra.es\/web\/wp-json\/wp\/v2\/pages\/83\/revisions"}],"predecessor-version":[{"id":9138,"href":"https:\/\/creena.educacion.navarra.es\/web\/wp-json\/wp\/v2\/pages\/83\/revisions\/9138"}],"up":[{"embeddable":true,"href":"https:\/\/creena.educacion.navarra.es\/web\/wp-json\/wp\/v2\/pages\/79"}],"wp:attachment":[{"href":"https:\/\/creena.educacion.navarra.es\/web\/wp-json\/wp\/v2\/media?parent=83"}],"curies":[{"name":"wp","href":"https:\/\/api.w.org\/{rel}","templated":true}]}}