{"id":8325,"date":"2017-04-10T11:54:51","date_gmt":"2017-04-10T09:54:51","guid":{"rendered":"http:\/\/creena.educacion.navarra.es\/web\/?page_id=8325\/"},"modified":"2024-10-17T10:10:05","modified_gmt":"2024-10-17T08:10:05","slug":"asociaciones","status":"publish","type":"page","link":"https:\/\/creena.educacion.navarra.es\/web\/necesidades-educativas-especificas\/dif-de-lenguaje-oral\/asociaciones\/","title":{"rendered":"Asociaciones relacionadas con las Dificultades del Lenguaje"},"content":{"rendered":"<h4><img loading=\"lazy\" class=\"alignleft wp-image-8328\" src=\"http:\/\/creena.educacion.navarra.es\/web\/wp-content\/uploads\/2017\/04\/adise-1.png\" alt=\"\" width=\"133\" height=\"127\"><a href=\"http:\/\/personal.us.es\/cvm\/index.htm\" target=\"_blank\" rel=\"noopener noreferrer\">ADISSE<\/a><\/h4>\n<p>Asociaci\u00f3n Disfasia Sevilla<\/p>\n<p>.<\/p>\n<hr>\n<h4><img loading=\"lazy\" class=\"alignleft wp-image-8330\" src=\"http:\/\/creena.educacion.navarra.es\/web\/wp-content\/uploads\/2017\/04\/aelfa-300x103.png\" alt=\"\" width=\"218\" height=\"75\" srcset=\"https:\/\/creena.educacion.navarra.es\/web\/wp-content\/uploads\/2017\/04\/aelfa-300x103.png 300w, https:\/\/creena.educacion.navarra.es\/web\/wp-content\/uploads\/2017\/04\/aelfa.png 355w\" sizes=\"(max-width: 218px) 100vw, 218px\" \/><a href=\"http:\/\/www.aelfa.org\" target=\"_blank\" rel=\"noopener noreferrer\">AELFA<\/a><\/h4>\n<p>Asociaci\u00f3n Espa\u00f1ola de Logopedia, Foniatria y Audiolog\u00eda e Iberoamericana de Fonoaudiolog\u00eda<\/p>\n<hr>\n<p><a href=\"http:\/\/creena.educacion.navarra.es\/web\/wp-content\/uploads\/2017\/04\/afatel.png\"><img loading=\"lazy\" class=\"alignleft wp-image-8333\" src=\"http:\/\/creena.educacion.navarra.es\/web\/wp-content\/uploads\/2017\/04\/afatel-300x71.png\" alt=\"\" width=\"274\" height=\"65\" srcset=\"https:\/\/creena.educacion.navarra.es\/web\/wp-content\/uploads\/2017\/04\/afatel-300x71.png 300w, https:\/\/creena.educacion.navarra.es\/web\/wp-content\/uploads\/2017\/04\/afatel-768x183.png 768w, https:\/\/creena.educacion.navarra.es\/web\/wp-content\/uploads\/2017\/04\/afatel-1024x244.png 1024w, https:\/\/creena.educacion.navarra.es\/web\/wp-content\/uploads\/2017\/04\/afatel.png 1299w\" sizes=\"(max-width: 274px) 100vw, 274px\" \/><\/a><\/p>\n<h4><a href=\"http:\/\/www.afatelextremadura.es\/\" target=\"_blank\" rel=\"noopener noreferrer\">AFATEL<\/a><\/h4>\n<p>Asociaci\u00f3n de familiares y amigos de personas con trastorno espec\u00edfico del lenguaje en Extremadura<\/p>\n<hr>\n<h4><img loading=\"lazy\" class=\"alignleft wp-image-8336\" src=\"http:\/\/creena.educacion.navarra.es\/web\/wp-content\/uploads\/2017\/04\/ale-300x100.png\" alt=\"\" width=\"258\" height=\"86\" srcset=\"https:\/\/creena.educacion.navarra.es\/web\/wp-content\/uploads\/2017\/04\/ale-300x100.png 300w, https:\/\/creena.educacion.navarra.es\/web\/wp-content\/uploads\/2017\/04\/ale.png 361w\" sizes=\"(max-width: 258px) 100vw, 258px\" \/><a href=\"http:\/\/www.ale-logopedas.org\" target=\"_blank\" rel=\"noopener noreferrer\">ALE<\/a><\/h4>\n<p>Asociaci\u00f3n de Logopedas de Espa\u00f1a. Valencia<\/p>\n<p>.<\/p>\n<hr>\n<h4><img loading=\"lazy\" class=\"alignleft wp-image-8338\" src=\"http:\/\/creena.educacion.navarra.es\/web\/wp-content\/uploads\/2017\/04\/andares.png\" alt=\"\" width=\"174\" height=\"115\"><a href=\"http:\/\/andarescantabria.blogspot.com.es\" target=\"_blank\" rel=\"noopener noreferrer\">ANDARES<\/a><\/h4>\n<p>Asociaci\u00f3n TEL Cantabria<\/p>\n<p>.<\/p>\n<hr>\n<h4><\/h4>\n<h4><img loading=\"lazy\" class=\"alignleft wp-image-8348\" src=\"http:\/\/creena.educacion.navarra.es\/web\/wp-content\/uploads\/2017\/04\/atelga-300x114.png\" alt=\"\" width=\"213\" height=\"81\" srcset=\"https:\/\/creena.educacion.navarra.es\/web\/wp-content\/uploads\/2017\/04\/atelga-300x114.png 300w, https:\/\/creena.educacion.navarra.es\/web\/wp-content\/uploads\/2017\/04\/atelga-768x293.png 768w, https:\/\/creena.educacion.navarra.es\/web\/wp-content\/uploads\/2017\/04\/atelga.png 860w\" sizes=\"(max-width: 213px) 100vw, 213px\" \/><a href=\"http:\/\/www.atelga.es\" target=\"_blank\" rel=\"noopener noreferrer\">ATELGA<\/a><\/h4>\n<p>Asociaci\u00f3n TEL Galicia<\/p>\n<p>.<\/p>\n<hr>\n<h4><img loading=\"lazy\" class=\"alignleft wp-image-8350\" src=\"http:\/\/creena.educacion.navarra.es\/web\/wp-content\/uploads\/2017\/04\/atelma-273x300.png\" alt=\"\" width=\"118\" height=\"130\" srcset=\"https:\/\/creena.educacion.navarra.es\/web\/wp-content\/uploads\/2017\/04\/atelma-273x300.png 273w, https:\/\/creena.educacion.navarra.es\/web\/wp-content\/uploads\/2017\/04\/atelma.png 462w\" sizes=\"(max-width: 118px) 100vw, 118px\" \/><a href=\"http:\/\/www.atelma.es\" target=\"_blank\" rel=\"noopener noreferrer\">ATELMA<\/a><\/h4>\n<p>Asociaci\u00f3n TEL Madrid<\/p>\n<p>.<\/p>\n<hr>\n<h4><img loading=\"lazy\" class=\"alignleft wp-image-8352 size-full\" src=\"https:\/\/creena.educacion.navarra.es\/web\/wp-content\/uploads\/2017\/04\/avatel.png\" alt=\"\" width=\"134\" height=\"98\"><a href=\"http:\/\/www.dcam.upv.es\/avatel\/avatel.htm\" target=\"_blank\" rel=\"noopener noreferrer\">AVATEL<\/a><\/h4>\n<p>Asociaci\u00f3n Valenciana de Padres de Ni\u00f1os con TEL<\/p>\n<p>.<\/p>\n<hr>\n<h4><img loading=\"lazy\" class=\"alignleft wp-image-8354\" src=\"http:\/\/creena.educacion.navarra.es\/web\/wp-content\/uploads\/2017\/04\/tel-granada-300x81.png\" alt=\"\" width=\"252\" height=\"68\" srcset=\"https:\/\/creena.educacion.navarra.es\/web\/wp-content\/uploads\/2017\/04\/tel-granada-300x81.png 300w, https:\/\/creena.educacion.navarra.es\/web\/wp-content\/uploads\/2017\/04\/tel-granada.png 658w\" sizes=\"(max-width: 252px) 100vw, 252px\" \/><a href=\"http:\/\/telgranada.blogspot.com.es\" target=\"_blank\" rel=\"noopener noreferrer\">TEL Granada<\/a><\/h4>\n<p>Asociaci\u00f3n TEL de Granada<\/p>\n<hr>\n<h4><img loading=\"lazy\" class=\"alignleft wp-image-8356\" src=\"http:\/\/creena.educacion.navarra.es\/web\/wp-content\/uploads\/2017\/04\/teleuskadi-300x109.png\" alt=\"\" width=\"176\" height=\"64\" srcset=\"https:\/\/creena.educacion.navarra.es\/web\/wp-content\/uploads\/2017\/04\/teleuskadi-300x109.png 300w, https:\/\/creena.educacion.navarra.es\/web\/wp-content\/uploads\/2017\/04\/teleuskadi-768x278.png 768w, https:\/\/creena.educacion.navarra.es\/web\/wp-content\/uploads\/2017\/04\/teleuskadi.png 900w\" sizes=\"(max-width: 176px) 100vw, 176px\" \/><a href=\"http:\/\/www.tel-euskadi.blogspot.com.es\" target=\"_blank\" rel=\"noopener noreferrer\">TEL EUSKADI<\/a><\/h4>\n<p>Asociaci\u00f3n TEL Pa\u00eds Vasco<\/p>\n<hr>\n<h4><\/h4>\n","protected":false},"excerpt":{"rendered":"<p>ADISSE Asociaci\u00f3n Disfasia Sevilla . AELFA Asociaci\u00f3n Espa\u00f1ola de Logopedia, Foniatria y Audiolog\u00eda e Iberoamericana de Fonoaudiolog\u00eda AFATEL Asociaci\u00f3n de familiares y amigos de personas con trastorno espec\u00edfico del lenguaje en Extremadura ALE Asociaci\u00f3n de Logopedas de Espa\u00f1a. Valencia . ANDARES Asociaci\u00f3n TEL Cantabria . ATELGA Asociaci\u00f3n TEL Galicia . ATELMA Asociaci\u00f3n TEL Madrid . [&hellip;]<\/p>\n","protected":false},"author":1,"featured_media":0,"parent":12701,"menu_order":0,"comment_status":"closed","ping_status":"closed","template":"","meta":{"_genesis_hide_title":false,"_genesis_hide_breadcrumbs":false,"_genesis_hide_singular_image":false,"_genesis_hide_footer_widgets":false,"_genesis_custom_body_class":"","_genesis_custom_post_class":"","_genesis_layout":""},"_links":{"self":[{"href":"https:\/\/creena.educacion.navarra.es\/web\/wp-json\/wp\/v2\/pages\/8325"}],"collection":[{"href":"https:\/\/creena.educacion.navarra.es\/web\/wp-json\/wp\/v2\/pages"}],"about":[{"href":"https:\/\/creena.educacion.navarra.es\/web\/wp-json\/wp\/v2\/types\/page"}],"author":[{"embeddable":true,"href":"https:\/\/creena.educacion.navarra.es\/web\/wp-json\/wp\/v2\/users\/1"}],"replies":[{"embeddable":true,"href":"https:\/\/creena.educacion.navarra.es\/web\/wp-json\/wp\/v2\/comments?post=8325"}],"version-history":[{"count":14,"href":"https:\/\/creena.educacion.navarra.es\/web\/wp-json\/wp\/v2\/pages\/8325\/revisions"}],"predecessor-version":[{"id":18584,"href":"https:\/\/creena.educacion.navarra.es\/web\/wp-json\/wp\/v2\/pages\/8325\/revisions\/18584"}],"up":[{"embeddable":true,"href":"https:\/\/creena.educacion.navarra.es\/web\/wp-json\/wp\/v2\/pages\/12701"}],"wp:attachment":[{"href":"https:\/\/creena.educacion.navarra.es\/web\/wp-json\/wp\/v2\/media?parent=8325"}],"curies":[{"name":"wp","href":"https:\/\/api.w.org\/{rel}","templated":true}]}}