{"id":9644,"date":"2017-05-31T12:11:17","date_gmt":"2017-05-31T10:11:17","guid":{"rendered":"http:\/\/creena.educacion.navarra.es\/web\/?page_id=9644\/"},"modified":"2017-05-31T14:16:04","modified_gmt":"2017-05-31T12:16:04","slug":"funciones-tea","status":"publish","type":"page","link":"https:\/\/creena.educacion.navarra.es\/web\/necesidades-educativas-especiales\/trastornos-del-espectro-autista\/informacion\/funciones-tea\/","title":{"rendered":"Funciones"},"content":{"rendered":"<div class=\"entry-content\">\n<ul>\n<li>Colaboraci\u00f3n en la evaluaci\u00f3n, identificaci\u00f3n y orientaci\u00f3n en la respuesta al alumnado con necesidades educativas especiales (NEE) asociadas a Discapacidad Intelectual, Trastornos del Espectro Autista (TEA), y con necesidades espec\u00edficas de apoyo educativo (NEAE) asociadas a Trastornos de la Comunicaci\u00f3n y Trastornos del Aprendizaje, en el \u00e1mbito de los centros educativos.<\/li>\n<\/ul>\n<ul>\n<li>Coordinaci\u00f3n y colaboraci\u00f3n con los Equipos del CREENA as\u00ed como con la Administraci\u00f3n Educativa y otros servicios e instituciones relacionadas con la atenci\u00f3n al alumnado con NEE y NEAE.<\/li>\n<\/ul>\n<ul>\n<li>Colaboraci\u00f3n en la formaci\u00f3n de profesionales para la atenci\u00f3n a las NEE asociadas a Discapacidad Intelectual y Trastornos del Espectro Autista, y a las NEAE asociadas a Trastornos de la Comunicaci\u00f3n y Trastornos del Aprendizaje.<\/li>\n<\/ul>\n<ul>\n<li>Selecci\u00f3n, recopilaci\u00f3n, sistematizaci\u00f3n y elaboraci\u00f3n de propuestas educativas, programas y materiales que contribuyan a la mejora de la atenci\u00f3n al alumnado.<\/li>\n<\/ul>\n<ul>\n<li>Colaboraci\u00f3n con los centros educativos en la valoraci\u00f3n y desarrollo de proyectos organizativos de la respuesta educativa.<\/li>\n<\/ul>\n<\/div>\n","protected":false},"excerpt":{"rendered":"<p>Colaboraci\u00f3n en la evaluaci\u00f3n, identificaci\u00f3n y orientaci\u00f3n en la respuesta al alumnado con necesidades educativas especiales (NEE) asociadas a Discapacidad Intelectual, Trastornos del Espectro Autista (TEA), y con necesidades espec\u00edficas de apoyo educativo (NEAE) asociadas a Trastornos de la Comunicaci\u00f3n y Trastornos del Aprendizaje, en el \u00e1mbito de los centros educativos. Coordinaci\u00f3n y colaboraci\u00f3n con [&hellip;]<\/p>\n","protected":false},"author":1,"featured_media":0,"parent":9638,"menu_order":1,"comment_status":"closed","ping_status":"closed","template":"","meta":{"_genesis_hide_title":false,"_genesis_hide_breadcrumbs":false,"_genesis_hide_singular_image":false,"_genesis_hide_footer_widgets":false,"_genesis_custom_body_class":"","_genesis_custom_post_class":"","_genesis_layout":""},"_links":{"self":[{"href":"https:\/\/creena.educacion.navarra.es\/web\/wp-json\/wp\/v2\/pages\/9644"}],"collection":[{"href":"https:\/\/creena.educacion.navarra.es\/web\/wp-json\/wp\/v2\/pages"}],"about":[{"href":"https:\/\/creena.educacion.navarra.es\/web\/wp-json\/wp\/v2\/types\/page"}],"author":[{"embeddable":true,"href":"https:\/\/creena.educacion.navarra.es\/web\/wp-json\/wp\/v2\/users\/1"}],"replies":[{"embeddable":true,"href":"https:\/\/creena.educacion.navarra.es\/web\/wp-json\/wp\/v2\/comments?post=9644"}],"version-history":[{"count":2,"href":"https:\/\/creena.educacion.navarra.es\/web\/wp-json\/wp\/v2\/pages\/9644\/revisions"}],"predecessor-version":[{"id":9715,"href":"https:\/\/creena.educacion.navarra.es\/web\/wp-json\/wp\/v2\/pages\/9644\/revisions\/9715"}],"up":[{"embeddable":true,"href":"https:\/\/creena.educacion.navarra.es\/web\/wp-json\/wp\/v2\/pages\/9638"}],"wp:attachment":[{"href":"https:\/\/creena.educacion.navarra.es\/web\/wp-json\/wp\/v2\/media?parent=9644"}],"curies":[{"name":"wp","href":"https:\/\/api.w.org\/{rel}","templated":true}]}}

<div class="entry-content">
<ul>
<li>Colaboración en la evaluación, identificación y orientación en la respuesta al alumnado con necesidades educativas especiales (NEE) asociadas a Discapacidad Intelectual, Trastornos del Espectro Autista (TEA), y con necesidades específicas de apoyo educativo (NEAE) asociadas a Trastornos de la Comunicación y Trastornos del Aprendizaje, en el ámbito de los centros educativos.</li>
</ul>
<ul>
<li>Coordinación y colaboración con los Equipos del CREENA así como con la Administración Educativa y otros servicios e instituciones relacionadas con la atención al alumnado con NEE y NEAE.</li>
</ul>
<ul>
<li>Colaboración en la formación de profesionales para la atención a las NEE asociadas a Discapacidad Intelectual y Trastornos del Espectro Autista, y a las NEAE asociadas a Trastornos de la Comunicación y Trastornos del Aprendizaje.</li>
</ul>
<ul>
<li>Selección, recopilación, sistematización y elaboración de propuestas educativas, programas y materiales que contribuyan a la mejora de la atención al alumnado.</li>
</ul>
<ul>
<li>Colaboración con los centros educativos en la valoración y desarrollo de proyectos organizativos de la respuesta educativa.</li>
</ul>
</div>

<p>Colaboración en la evaluación, identificación y orientación en la respuesta al alumnado con necesidades educativas especiales (NEE) asociadas a Discapacidad Intelectual, Trastornos del Espectro Autista (TEA), y con necesidades específicas de apoyo educativo (NEAE) asociadas a Trastornos de la Comunicación y Trastornos del Aprendizaje, en el ámbito de los centros educativos. Coordinación y colaboración con [&hellip;]</p>
