{"id":9658,"date":"2017-05-31T12:32:57","date_gmt":"2017-05-31T10:32:57","guid":{"rendered":"http:\/\/creena.educacion.navarra.es\/web\/?page_id=9658\/"},"modified":"2018-05-15T08:34:34","modified_gmt":"2018-05-15T06:34:34","slug":"evaluacion-psicopedagogica-tea","status":"publish","type":"page","link":"https:\/\/creena.educacion.navarra.es\/web\/necesidades-educativas-especiales\/trastornos-del-espectro-autista\/evaluacion-psicopedagogica-tea\/","title":{"rendered":"Evaluaci\u00f3n psicopedag\u00f3gica"},"content":{"rendered":"<ul>\n<li><a href=\"http:\/\/creena.educacion.navarra.es\/web\/protocolos\/trastorno-del-espectro-autista\/\" target=\"_blank\" rel=\"noopener\">Evaluaci\u00f3n psicopedag\u00f3gica<\/a><\/li>\n<li><a href=\"https:\/\/drive.google.com\/file\/d\/0B0eiH-cLhm7IcFBtQVd6cUVUOU0\/view\" target=\"_blank\" rel=\"noopener noreferrer\">Pruebas para la evaluaci\u00f3n psicopedag\u00f3gica<\/a><\/li>\n<\/ul>\n<p><a href=\"https:\/\/drive.google.com\/open?id=10sdL7OQJLj0WAtf_v7rxDpbm3-5kD6fB\" target=\"_blank\" rel=\"noopener\"><img loading=\"lazy\" class=\"size-medium wp-image-7525 alignleft\" src=\"http:\/\/creena.educacion.navarra.es\/web\/wp-content\/uploads\/2017\/03\/protocoloTEA-228x300.png\" alt=\"\" width=\"228\" height=\"300\" srcset=\"https:\/\/creena.educacion.navarra.es\/web\/wp-content\/uploads\/2017\/03\/protocoloTEA-228x300.png 228w, https:\/\/creena.educacion.navarra.es\/web\/wp-content\/uploads\/2017\/03\/protocoloTEA.png 574w\" sizes=\"(max-width: 228px) 100vw, 228px\" \/><\/a><a href=\"https:\/\/drive.google.com\/open?id=1Y6tV2HtCLn-3l8ZiJg_k5DmFIcqV5Hxm\" target=\"_blank\" rel=\"noopener\"><img loading=\"lazy\" class=\"aligncenter size-medium wp-image-11771\" src=\"http:\/\/creena.educacion.navarra.es\/web\/wp-content\/uploads\/2018\/05\/tea-3-6-230x300.png\" alt=\"\" width=\"230\" height=\"300\" srcset=\"https:\/\/creena.educacion.navarra.es\/web\/wp-content\/uploads\/2018\/05\/tea-3-6-230x300.png 230w, https:\/\/creena.educacion.navarra.es\/web\/wp-content\/uploads\/2018\/05\/tea-3-6.png 601w\" sizes=\"(max-width: 230px) 100vw, 230px\" \/><\/a><\/p>\n","protected":false},"excerpt":{"rendered":"<p>Evaluaci\u00f3n psicopedag\u00f3gica Pruebas para la evaluaci\u00f3n psicopedag\u00f3gica<\/p>\n","protected":false},"author":1,"featured_media":0,"parent":7592,"menu_order":3,"comment_status":"closed","ping_status":"closed","template":"","meta":{"_genesis_hide_title":false,"_genesis_hide_breadcrumbs":false,"_genesis_hide_singular_image":false,"_genesis_hide_footer_widgets":false,"_genesis_custom_body_class":"","_genesis_custom_post_class":"","_genesis_layout":""},"_links":{"self":[{"href":"https:\/\/creena.educacion.navarra.es\/web\/wp-json\/wp\/v2\/pages\/9658"}],"collection":[{"href":"https:\/\/creena.educacion.navarra.es\/web\/wp-json\/wp\/v2\/pages"}],"about":[{"href":"https:\/\/creena.educacion.navarra.es\/web\/wp-json\/wp\/v2\/types\/page"}],"author":[{"embeddable":true,"href":"https:\/\/creena.educacion.navarra.es\/web\/wp-json\/wp\/v2\/users\/1"}],"replies":[{"embeddable":true,"href":"https:\/\/creena.educacion.navarra.es\/web\/wp-json\/wp\/v2\/comments?post=9658"}],"version-history":[{"count":7,"href":"https:\/\/creena.educacion.navarra.es\/web\/wp-json\/wp\/v2\/pages\/9658\/revisions"}],"predecessor-version":[{"id":11777,"href":"https:\/\/creena.educacion.navarra.es\/web\/wp-json\/wp\/v2\/pages\/9658\/revisions\/11777"}],"up":[{"embeddable":true,"href":"https:\/\/creena.educacion.navarra.es\/web\/wp-json\/wp\/v2\/pages\/7592"}],"wp:attachment":[{"href":"https:\/\/creena.educacion.navarra.es\/web\/wp-json\/wp\/v2\/media?parent=9658"}],"curies":[{"name":"wp","href":"https:\/\/api.w.org\/{rel}","templated":true}]}}

Evaluación psicopedagógica

<ul>
<li><a href="http://creena.educacion.navarra.es/web/protocolos/trastorno-del-espectro-autista/" target="_blank" rel="noopener">Evaluación psicopedagógica</a></li>
<li><a href="https://drive.google.com/file/d/0B0eiH-cLhm7IcFBtQVd6cUVUOU0/view" target="_blank" rel="noopener noreferrer">Pruebas para la evaluación psicopedagógica</a></li>
</ul>
<p><a href="https://drive.google.com/open?id=10sdL7OQJLj0WAtf_v7rxDpbm3-5kD6fB" target="_blank" rel="noopener"><img loading="lazy" class="size-medium wp-image-7525 alignleft" src="http://creena.educacion.navarra.es/web/wp-content/uploads/2017/03/protocoloTEA-228x300.png" alt="" width="228" height="300" srcset="https://creena.educacion.navarra.es/web/wp-content/uploads/2017/03/protocoloTEA-228x300.png 228w, https://creena.educacion.navarra.es/web/wp-content/uploads/2017/03/protocoloTEA.png 574w" sizes="(max-width: 228px) 100vw, 228px" /></a><a href="https://drive.google.com/open?id=1Y6tV2HtCLn-3l8ZiJg_k5DmFIcqV5Hxm" target="_blank" rel="noopener"><img loading="lazy" class="aligncenter size-medium wp-image-11771" src="http://creena.educacion.navarra.es/web/wp-content/uploads/2018/05/tea-3-6-230x300.png" alt="" width="230" height="300" srcset="https://creena.educacion.navarra.es/web/wp-content/uploads/2018/05/tea-3-6-230x300.png 230w, https://creena.educacion.navarra.es/web/wp-content/uploads/2018/05/tea-3-6.png 601w" sizes="(max-width: 230px) 100vw, 230px" /></a></p>

<p>Evaluación psicopedagógica Pruebas para la evaluación psicopedagógica</p>
