{"id":979,"date":"2015-12-02T09:16:09","date_gmt":"2015-12-02T08:16:09","guid":{"rendered":"http:\/\/creena.educacion.navarra.es\/web\/?page_id=979"},"modified":"2018-01-29T11:15:51","modified_gmt":"2018-01-29T10:15:51","slug":"979-2","status":"publish","type":"page","link":"https:\/\/creena.educacion.navarra.es\/web\/necesidades-educativas-especiales\/equipo-de-psiquicos\/979-2\/","title":{"rendered":"Informaci\u00f3n"},"content":{"rendered":"<ul>\n<li><a href=\"https:\/\/creena.educacion.navarra.es\/web\/necesidades-educativas-especiales\/equipo-de-psiquicos\/979-2\/composicion-del-equipop\/\">Composici\u00f3n del equipo<\/a><a href=\"http:\/\/creena.educacion.navarra.es\/web\/wp-content\/uploads\/2015\/12\/puentepsi.jpg\"><img loading=\"lazy\" class=\"alignright size-medium wp-image-7426\" src=\"http:\/\/creena.educacion.navarra.es\/web\/wp-content\/uploads\/2015\/12\/puentepsi-300x200.jpg\" alt=\"\" width=\"300\" height=\"200\" srcset=\"https:\/\/creena.educacion.navarra.es\/web\/wp-content\/uploads\/2015\/12\/puentepsi-300x200.jpg 300w, https:\/\/creena.educacion.navarra.es\/web\/wp-content\/uploads\/2015\/12\/puentepsi-768x512.jpg 768w, https:\/\/creena.educacion.navarra.es\/web\/wp-content\/uploads\/2015\/12\/puentepsi.jpg 876w\" sizes=\"(max-width: 300px) 100vw, 300px\" \/><\/a><a href=\"https:\/\/creena.educacion.navarra.es\/web\/necesidades-educativas-especiales\/equipo-de-psiquicos\/979-2\/composicion-del-equipop\/\"><br \/>\n<\/a><\/li>\n<li><a href=\"https:\/\/creena.educacion.navarra.es\/web\/necesidades-educativas-especiales\/equipo-de-psiquicos\/979-2\/funcionesp\/\">Funciones<\/a><\/li>\n<li><a href=\"https:\/\/creena.educacion.navarra.es\/web\/necesidades-educativas-especiales\/equipo-de-psiquicos\/979-2\/ambito-de-intervencion\/\">\u00c1mbito de intervenci\u00f3n<\/a><\/li>\n<li><a href=\"https:\/\/creena.educacion.navarra.es\/web\/necesidades-educativas-especiales\/equipo-de-psiquicos\/979-2\/criterios-de-intervencion\/\">Criterios de intervenci\u00f3n<\/a><\/li>\n<\/ul>\n","protected":false},"excerpt":{"rendered":"<p>Composici\u00f3n del equipo Funciones \u00c1mbito de intervenci\u00f3n Criterios de intervenci\u00f3n<\/p>\n","protected":false},"author":1,"featured_media":0,"parent":973,"menu_order":4,"comment_status":"closed","ping_status":"closed","template":"","meta":{"_genesis_hide_title":false,"_genesis_hide_breadcrumbs":false,"_genesis_hide_singular_image":false,"_genesis_hide_footer_widgets":false,"_genesis_custom_body_class":"","_genesis_custom_post_class":"","_genesis_layout":""},"_links":{"self":[{"href":"https:\/\/creena.educacion.navarra.es\/web\/wp-json\/wp\/v2\/pages\/979"}],"collection":[{"href":"https:\/\/creena.educacion.navarra.es\/web\/wp-json\/wp\/v2\/pages"}],"about":[{"href":"https:\/\/creena.educacion.navarra.es\/web\/wp-json\/wp\/v2\/types\/page"}],"author":[{"embeddable":true,"href":"https:\/\/creena.educacion.navarra.es\/web\/wp-json\/wp\/v2\/users\/1"}],"replies":[{"embeddable":true,"href":"https:\/\/creena.educacion.navarra.es\/web\/wp-json\/wp\/v2\/comments?post=979"}],"version-history":[{"count":16,"href":"https:\/\/creena.educacion.navarra.es\/web\/wp-json\/wp\/v2\/pages\/979\/revisions"}],"predecessor-version":[{"id":11417,"href":"https:\/\/creena.educacion.navarra.es\/web\/wp-json\/wp\/v2\/pages\/979\/revisions\/11417"}],"up":[{"embeddable":true,"href":"https:\/\/creena.educacion.navarra.es\/web\/wp-json\/wp\/v2\/pages\/973"}],"wp:attachment":[{"href":"https:\/\/creena.educacion.navarra.es\/web\/wp-json\/wp\/v2\/media?parent=979"}],"curies":[{"name":"wp","href":"https:\/\/api.w.org\/{rel}","templated":true}]}}