{"id":982,"date":"2015-12-02T09:21:08","date_gmt":"2015-12-02T08:21:08","guid":{"rendered":"http:\/\/creena.educacion.navarra.es\/web\/?page_id=982"},"modified":"2024-03-27T08:53:32","modified_gmt":"2024-03-27T07:53:32","slug":"composicion-del-equipop","status":"publish","type":"page","link":"https:\/\/creena.educacion.navarra.es\/web\/necesidades-educativas-especiales\/equipo-de-psiquicos\/979-2\/composicion-del-equipop\/","title":{"rendered":"Composici\u00f3n del programa"},"content":{"rendered":"<p><strong>Programa de necesidades educativas especiales<\/strong>: asesorar\u00e1 a los centros educativos en el dise\u00f1o de apoyos y atenciones educativas espec\u00edficas que favorezcan la inclusi\u00f3n del alumnado que afronta barreras que limitan su acceso, presencia, participaci\u00f3n y aprendizaje, derivadas de la discapacidad. Para ello contar\u00e1 con el apoyo de los centros de educaci\u00f3n especial, enriqueciendo al resto de los centros con su experiencia. (\u00c1mbitos: Discapacidad intelectual y TEA)<\/p>\n<ul>\n<li>Profesorado especialista en Orientaci\u00f3n Escolar.<\/li>\n<li>Profesorado especialista en Pedagog\u00eda Terap\u00e9utica y\/o Audici\u00f3n y Lenguaje<\/li>\n<\/ul>\n","protected":false},"excerpt":{"rendered":"<p>Programa de necesidades educativas especiales: asesorar\u00e1 a los centros educativos en el dise\u00f1o de apoyos y atenciones educativas espec\u00edficas que favorezcan la inclusi\u00f3n del alumnado que afronta barreras que limitan su acceso, presencia, participaci\u00f3n y aprendizaje, derivadas de la discapacidad. Para ello contar\u00e1 con el apoyo de los centros de educaci\u00f3n especial, enriqueciendo al resto [&hellip;]<\/p>\n","protected":false},"author":1,"featured_media":0,"parent":979,"menu_order":2,"comment_status":"closed","ping_status":"closed","template":"","meta":{"_genesis_hide_title":false,"_genesis_hide_breadcrumbs":false,"_genesis_hide_singular_image":false,"_genesis_hide_footer_widgets":false,"_genesis_custom_body_class":"","_genesis_custom_post_class":"","_genesis_layout":""},"_links":{"self":[{"href":"https:\/\/creena.educacion.navarra.es\/web\/wp-json\/wp\/v2\/pages\/982"}],"collection":[{"href":"https:\/\/creena.educacion.navarra.es\/web\/wp-json\/wp\/v2\/pages"}],"about":[{"href":"https:\/\/creena.educacion.navarra.es\/web\/wp-json\/wp\/v2\/types\/page"}],"author":[{"embeddable":true,"href":"https:\/\/creena.educacion.navarra.es\/web\/wp-json\/wp\/v2\/users\/1"}],"replies":[{"embeddable":true,"href":"https:\/\/creena.educacion.navarra.es\/web\/wp-json\/wp\/v2\/comments?post=982"}],"version-history":[{"count":7,"href":"https:\/\/creena.educacion.navarra.es\/web\/wp-json\/wp\/v2\/pages\/982\/revisions"}],"predecessor-version":[{"id":18068,"href":"https:\/\/creena.educacion.navarra.es\/web\/wp-json\/wp\/v2\/pages\/982\/revisions\/18068"}],"up":[{"embeddable":true,"href":"https:\/\/creena.educacion.navarra.es\/web\/wp-json\/wp\/v2\/pages\/979"}],"wp:attachment":[{"href":"https:\/\/creena.educacion.navarra.es\/web\/wp-json\/wp\/v2\/media?parent=982"}],"curies":[{"name":"wp","href":"https:\/\/api.w.org\/{rel}","templated":true}]}}

Composición del programa

<p><strong>Programa de necesidades educativas especiales</strong>: asesorará a los centros educativos en el diseño de apoyos y atenciones educativas específicas que favorezcan la inclusión del alumnado que afronta barreras que limitan su acceso, presencia, participación y aprendizaje, derivadas de la discapacidad. Para ello contará con el apoyo de los centros de educación especial, enriqueciendo al resto de los centros con su experiencia. (Ámbitos: Discapacidad intelectual y TEA)</p>
<ul>
<li>Profesorado especialista en Orientación Escolar.</li>
<li>Profesorado especialista en Pedagogía Terapéutica y/o Audición y Lenguaje</li>
</ul>

<p>Programa de necesidades educativas especiales: asesorará a los centros educativos en el diseño de apoyos y atenciones educativas específicas que favorezcan la inclusión del alumnado que afronta barreras que limitan su acceso, presencia, participación y aprendizaje, derivadas de la discapacidad. Para ello contará con el apoyo de los centros de educación especial, enriqueciendo al resto [&hellip;]</p>
